{"id":196,"date":"2021-05-19T22:26:36","date_gmt":"2021-05-19T20:26:36","guid":{"rendered":"https:\/\/www.visitvarmland.com\/arjang\/?page_id=196"},"modified":"2025-05-30T11:27:52","modified_gmt":"2025-05-30T09:27:52","slug":"upptack-arjang","status":"publish","type":"page","link":"https:\/\/www.visitvarmland.com\/arjang\/upptack-arjang\/","title":{"rendered":"Uppt\u00e4ck \u00c5rj\u00e4ng"},"content":{"rendered":"\n<div class=\"wp-block-atheme-component-collage-3 atheme-collage\"><div class=\"atheme-collage--triple\"><div class=\"atheme-collage--image\" style=\"background-image:url( https:\/\/www.visitvarmland.com\/arjang\/wp-content\/uploads\/sites\/19\/2021\/07\/Kayak-Dalsland_Drone-_018-Photo-Cred-Henrik-Trygg-vand.png )\"><div id=\"ScSYbvrLIvBRLHYF\" class=\"atheme-collage--infobox\"><p>Uppt\u00e4ck Sj\u00f6systemet Dalsland-Nordmarken &#8211; ett av Europas b\u00e4sta paddelvatten<\/p><\/div><div class=\"atheme-collage--action\"><div class=\"atheme-collage--action-btn\" onclick=\"aToggleInfoBox('ScSYbvrLIvBRLHYF')\"><i class=\"fal fa-ellipsis-h\"><\/i><\/div><\/div><\/div><div class=\"atheme-collage--image\" style=\"background-image:url( https:\/\/www.visitvarmland.com\/arjang\/wp-content\/uploads\/sites\/19\/2021\/07\/20210714_083233-scaled-e1626949891974.jpg )\"><div id=\"FQzsUpxIaMYsRcQI\" class=\"atheme-collage--infobox\"><p><a href=\"https:\/\/www.visitvarmland.com\/kultur-historia\/hus-kulturmiljoer\/platser-37\/arjangstrollet\">\u00c5rj\u00e4ngstrollet &#8211; en \u00e4lskad riksk\u00e4ndis<\/a><\/p><\/div><div class=\"atheme-collage--action\"><div class=\"atheme-collage--action-btn\" onclick=\"aToggleInfoBox('FQzsUpxIaMYsRcQI')\"><i class=\"fal fa-ellipsis-h\"><\/i><\/div><\/div><\/div><div class=\"atheme-collage--image\" style=\"background-image:url( https:\/\/www.visitvarmland.com\/arjang\/wp-content\/uploads\/sites\/19\/2021\/08\/Yggdrasil_liggande-liten.jpg )\"><div id=\"DZEuCauCvgjBiStd\" class=\"atheme-collage--infobox\"><p>Bo i unik glasigloo<\/p><\/div><div class=\"atheme-collage--action\"><div class=\"atheme-collage--action-btn\" onclick=\"aToggleInfoBox('DZEuCauCvgjBiStd')\"><i class=\"fal fa-ellipsis-h\"><\/i><\/div><\/div><\/div><\/div><\/div>\n\n\n\n<h2 class=\"wp-block-heading\">1000 sj\u00f6ar och en kanal<\/h2>\n\n\n\n<p>V\u00e5r vackra del av V\u00e4rmland \u00e4r inte bara en av de mest sj\u00f6rika regionerna i v\u00e5rt land, vi har \u00e4ven <a href=\"https:\/\/www.visitvarmland.com\/arjang\/tips-och-guider\/1000-sjoar-och-en-kanal\/\">Dalslands kanal<\/a> som g\u00e5r som en bl\u00e5 \u00e5dra genom hela kommunen, fr\u00e5n Norge \u00e4nda ut i V\u00e4nern. Vattnet finns \u00f6verallt och bjuder in till bad, fiske och b\u00e5tliv.<\/p>\n\n\n\n<p>Av kanalens vackra slussmilj\u00f6er \u00e4r nog <a href=\"https:\/\/www.visitvarmland.com\/kultur-historia\/hus-kulturmiljoer\/platser-37\/lennartsfors-slussar\">Lennartsfors slusstrappa<\/a>&nbsp;den mest imponerande. Slussarna \u00e4r inspr\u00e4ngda i berget och f\u00f6ljs av en bergskanal med h\u00f6ga kanter. Trappan best\u00e5r av tre slussar med en total niv\u00e5skillnad p\u00e5 7,5 meter. H\u00e4r upplever du b\u00e5de kulturmilj\u00f6 och historiens vingslag och f\u00f6r att blanda in lite kuriosa, s\u00e5 \u00e4r faktiskt v\u00e5r skidkung Thomas Wassberg f\u00f6dd i Lennartsfors!<\/p>\n\n\n\n<h2 class=\"wp-block-heading\">Trav och \u00c5rj\u00e4ngs marknad<\/h2>\n\n\n\n<p>Tv\u00e5 saker som f\u00f6rknippas starkt med \u00c5rj\u00e4ng \u00e4r trav och\u00a0<a href=\"https:\/\/www.arjang.se\/upptacka-och-besoka\/arjangs-marknad.html\" target=\"_blank\" rel=\"noopener\">\u00c5rj\u00e4ngs <\/a><a href=\"https:\/\/www.arjang.se\/arjangsmarknad\" target=\"_blank\" rel=\"noopener\">mar<\/a><a href=\"https:\/\/www.visitvarmland.com\/arjang\/tips-och-guider\/arjangs-marknad-2025\/\">knad<\/a>. Marknaden \u00e4r definitivt \u00e5rets stora event. Den tredje helgen i september lockar knallar fr\u00e5n hela landet 50 000-100 000 bes\u00f6kare. F\u00f6r barnen finns ett popul\u00e4rt tivoli. Marknaden har anor fr\u00e5n 1600-talet.<\/p>\n\n\n\n<p>\u00c5rj\u00e4ng har Sveriges vackraste&nbsp;<a href=\"https:\/\/www.visitvarmland.com\/aktiviteter\/arjangstravet-sveriges-vackraste-travbana\">travbana&nbsp;<\/a>och h\u00e4r k\u00f6rs 18 t\u00e4vlingar varje \u00e5r och i mitten av juli g\u00e5r H\u00e4stkrafthelgen av stapeln.&nbsp;&nbsp;Det \u00e4r en riktig folkfest med h\u00e4stkrafter p\u00e5 hjul i form av rallysprint i centrala \u00c5rj\u00e4ng och utst\u00e4llning av vackra veteranbilar. Helgen inneh\u00e5ller givetvis ocks\u00e5 h\u00e4stkrafter p\u00e5 hovar. P\u00e5 V75-dagen samlas 12 000 traventusiaster f\u00f6r att heja fram sina favoriter. \u00c4r du intresserad av travh\u00e4stens historia, passa p\u00e5 att bes\u00f6ka&nbsp;<a href=\"https:\/\/www.visitvarmland.com\/kultur-historia\/museum\/platser-51\/nordiska-travmuseet\">Nordiska Travmuseet<\/a>&nbsp;som \u00e4r travbanans n\u00e4rmaste granne.<\/p>\n\n\n\n<div class=\"wp-block-atheme-component-collage-2 atheme-collage\"><div class=\"atheme-collage--double\"><div class=\"atheme-collage--image\" style=\"background-image:url( https:\/\/www.visitvarmland.com\/arjang\/wp-content\/uploads\/sites\/19\/2021\/07\/IMG_0293.jpg )\"><div id=\"zAkqgrakYBZVDqCJ\" class=\"atheme-collage--infobox\"><p>I \u00c5rj\u00e4ng \u00e4lskar vi trav<\/p><\/div><div class=\"atheme-collage--action\"><div class=\"atheme-collage--action-btn\" onclick=\"aToggleInfoBox('zAkqgrakYBZVDqCJ')\"><i class=\"fal fa-ellipsis-h\"><\/i><\/div><\/div><\/div><div class=\"atheme-collage--image\" style=\"background-image:url( https:\/\/www.visitvarmland.com\/arjang\/wp-content\/uploads\/sites\/19\/2021\/07\/180829-web-9620-utan-bat.jpg )\"><div id=\"rshFmcoxcDQgpPvV\" class=\"atheme-collage--infobox\"><p>Unionsleden &#8211; 350 km cykelled mellan Moss och Karlstad<\/p><\/div><div class=\"atheme-collage--action\"><div class=\"atheme-collage--action-btn\" onclick=\"aToggleInfoBox('rshFmcoxcDQgpPvV')\"><i class=\"fal fa-ellipsis-h\"><\/i><\/div><\/div><\/div><\/div><\/div>\n\n\n\n<h2 class=\"wp-block-heading\">Aktiviteter p\u00e5 land och vatten<\/h2>\n\n\n\n<p>H\u00e4r erbjuder vi dig en stor variation av naturn\u00e4ra aktiviteter, s\u00e5 som att&nbsp;<a href=\"https:\/\/www.visitvarmland.com\/aktiviteter?categories=aktiviteter\/paddla&amp;municipalities=arjang\">paddla kanot<\/a>&nbsp;i Dalsland Nordmarken sj\u00f6system, som \u00e4r ett av Europas b\u00e4sta vattensportomr\u00e5den. Du kan vandra i&nbsp;<a href=\"https:\/\/www.visitvarmland.com\/aktiviteter\/vandra\/leder\/vandring-i-glaskogens-naturreservat\">Glaskogen Naturreservat<\/a>&nbsp;som totalt har 30 mil vandringsleder. F\u00f6r den cykelintresserade finns ett stort utbud av slingrande grusv\u00e4gar som tar dig l\u00e4ngs sj\u00f6ar, genom skogar och i \u00f6ppet kulturlandskap. Sportfisket i v\u00e5ra sj\u00f6ar och tj\u00e4rn \u00e4r av v\u00e4rldsklass och lockar bes\u00f6kare fr\u00e5n n\u00e4r och fj\u00e4rran. Abborre och g\u00e4dda (riktigt stor) \u00e4r v\u00e5ra vanligaste arter, men tillg\u00e5ngen p\u00e5 \u00e4delfisk \u00e4r ocks\u00e5 god.<\/p>\n\n\n\n<p>\u00c4r du golfintresserad? G\u00e5 en golfrunda p\u00e5\u00a0<a href=\"https:\/\/www.visitvarmland.com\/arjang\/aktiviteter\/golfa\/golf\/arjangs-golfklubb\">\u00c5rj\u00e4ngs golfbana<\/a>. Den ligger vackert vid Svensbysj\u00f6n i Sillerud.<\/p>\n\n\n\n<h2 class=\"wp-block-heading\">Kultur &#8211; fr\u00e5n anrik till cool<\/h2>\n\n\n\n<p>I \u00c5rj\u00e4ngs centrum st\u00e5tar&nbsp;<a href=\"https:\/\/www.visitvarmland.com\/kultur-historia\/hus-kulturmiljoer\/platser-37\/arjangstrollet\">\u00c5rj\u00e4ngstrollet<\/a>&nbsp;med sin 8-meters h\u00f6jd och 3,5 meter i skonummer! Vi kan ocks\u00e5 stoltsera med fantastiska muralm\u00e5lningar fr\u00e5n gatukonstfestivalen Artscape, som pryder tv\u00e5 av v\u00e5ra husv\u00e4ggar. Du kan \u00e4ven g\u00e5 en tre kilometer l\u00e5ng <a href=\"https:\/\/www.visitvarmland.com\/arjang\/wp-content\/uploads\/sites\/19\/2021\/09\/3-kilometer-skulptur-webb.pdf\">skulpturpromenad <\/a>mellan centrum och anrika Kyrkeruds Folkh\u00f6gskola. Skolans sommarkurser inom bl. a. fotografering, skulptur, akvarellm\u00e5lning och rakubr\u00e4nning \u00e4r mycket popul\u00e4ra.&nbsp;<\/p>\n\n\n\n<p>Stenstatyn i Blomskog,&nbsp;<a href=\"https:\/\/www.visitvarmland.se\/sv\/gora\/borgasgubben-i-blomskog-28302\" target=\"_blank\" rel=\"noopener\">B<\/a><a href=\"https:\/\/www.visitvarmland.com\/kultur-historia\/hus-kulturmiljoer\/platser-37\/borgasgubben-i-blomskog\">org\u00e5sgubben,<\/a> ska enligt folks\u00e4gen ha byggts upp p\u00e5 1600-talet f\u00f6r att efterlika en levande vaktpost och d\u00e4rmed skr\u00e4mma fiender. P\u00e5 h\u00f6jden d\u00e4r statyn st\u00e5r f\u00e5r du en imponerande utsikt \u00f6ver sj\u00f6n v\u00e4stra Silen.<\/p>\n\n\n\n<p>S\u00f6ker du efter lite mer sp\u00e4nning kan vi rekommendera ett bes\u00f6k i&nbsp;<a href=\"https:\/\/www.visitvarmland.com\/kultur-historia\/hus-kulturmiljoer\/platser-37\/langelanda-tingshus\">L\u00e5ngelanda tingshus<\/a>&nbsp;&#8211; Sveriges \u00e4ldst bevarade tingshus. \u00c5r 1865 stod giftpr\u00e4sten Anders Lindb\u00e4ck inf\u00f6r r\u00e4tta h\u00e4r efter att ha f\u00f6rs\u00f6kt f\u00f6rgifta sina f\u00f6rsamlingsmedlemmar genom att blanda arsenik i nattvardsvinet.&nbsp;<\/p>\n\n\n\n<div class=\"wp-block-atheme-component-collage-2 atheme-collage\"><div class=\"atheme-collage--double\"><div class=\"atheme-collage--image\" style=\"background-image:url( https:\/\/www.visitvarmland.com\/arjang\/wp-content\/uploads\/sites\/19\/2021\/07\/Skulptur4.jpg )\"><div id=\"VqQovjMcfEhqspQY\" class=\"atheme-collage--infobox\"><p>Muralm\u00e5lning av Smug<\/p><\/div><div class=\"atheme-collage--action\"><div class=\"atheme-collage--action-btn\" onclick=\"aToggleInfoBox('VqQovjMcfEhqspQY')\"><i class=\"fal fa-ellipsis-h\"><\/i><\/div><\/div><\/div><div class=\"atheme-collage--image\" style=\"background-image:url( https:\/\/www.visitvarmland.com\/arjang\/wp-content\/uploads\/sites\/19\/2021\/08\/20210713_173941-scaled.jpg )\"><div id=\"jRDMRIDahoImHQoL\" class=\"atheme-collage--infobox\"><p>Hembygdsg\u00e5rden i Sillerud<\/p><\/div><div class=\"atheme-collage--action\"><div class=\"atheme-collage--action-btn\" onclick=\"aToggleInfoBox('jRDMRIDahoImHQoL')\"><i class=\"fal fa-ellipsis-h\"><\/i><\/div><\/div><\/div><\/div><\/div>\n\n\n\n<h2 class=\"wp-block-heading\">Restauranger och shopping<\/h2>\n\n\n\n<p>En shoppingrunda brukar vara popul\u00e4r hos de flesta och vi har skickliga konsthantverkare, <a href=\"https:\/\/www.visitvarmland.com\/arjang\/design-shopping\">mysiga butiker<\/a> och tv\u00e5 shoppingcenter i v\u00e5r kommun.<\/p>\n\n\n\n<p>\u00c4r du sugen p\u00e5 n\u00e5got gott? Vid slussomr\u00e5det i centrala T\u00f6cksfors ligger restaurang\u00a0<a href=\"https:\/\/www.visitvarmland.com\/arjang\/mat-dryck\/restaurang\/platser-96\/waterside-restaurant-i-tocksfors\">Waterside\u00a0<\/a>som i flera \u00e5r rekommenderats av White Guide. En annan upplevelse kan vara whiskyprovning hos\u00a0<a href=\"https:\/\/www.visitvarmland.com\/mat-dryck\/gardsbutiker\/nordmarkens-destilleri\">Nordmarkens Destilleri<\/a>\u00a0i Holmedal.\u00a0<\/p>\n\n\n\n<h2 class=\"wp-block-heading\">Hotell och Camping<\/h2>\n\n\n\n<p>Efter en l\u00e5ng dag med m\u00e5nga aktiviteter kan det k\u00e4nnas sk\u00f6nt att krypa ner under t\u00e4cket. Varf\u00f6r inte checka in p\u00e5&nbsp;<a href=\"https:\/\/www.visitvarmland.com\/boende\/vandrarhem\/turistgarden-tocksfors\">Turistg\u00e5rden<\/a>&nbsp;i T\u00f6cksfors, p\u00e5&nbsp;Hotel \u00c5rj\u00e4ng&nbsp;i centrala \u00c5rj\u00e4ng eller kanske rent utav i t\u00e5gvagnens 1:a klass p\u00e5&nbsp;<a href=\"https:\/\/www.visitvarmland.com\/boende\/unika-boenden\/silleruds-station\">Silleruds station<\/a>? Vi har m\u00e5nga campingplatser som alla ligger intill vatten. Juvelen i kronan \u00e4r V\u00e4rmlands enda 5-stj\u00e4rniga camping,&nbsp;<a href=\"https:\/\/www.visitvarmland.com\/boende\/camping\/arjang-camping-stugor-sommarvik\">\u00c5rj\u00e4ng Camping och Stugo<\/a><a href=\"https:\/\/www.visitvarmland.se\/sv\/bo\/arjang-camping-stugor-sommarvik-27824\" target=\"_blank\" rel=\"noopener\">r<\/a>, Sommarvik, som ligger strax s\u00f6der om \u00c5rj\u00e4ngs centrum.&nbsp;&nbsp;<\/p>\n\n\n\n    <div class=\"cards-section-top\">\n                <h2>Missa inte<\/h2>\n        <a class=\"a-button\" href=\"https:\/\/visitvarmland.com\/aktiviteter?municipalities=arjang\">Visa alla<\/a>\n    <\/div>\n    <section class=\"cards-section-wrapper\">\n        <div class=\"cards-section-slide\">\n            <!-- Card wrapper -->\n<article class=\"a-card a-card--turid\" link-finder     >\n                <div class=\"a-card__image a-card--turid__image\">\n                <div class=\"bg-img\" style=\"background-image:url(https:\/\/img.turid.visitvarmland.com\/afbe5d3c-e0fb-4c27-a001-e3da26621c9f\/fbannons-trollet3.jpg?q=80&#038;fit=crop&#038;w=300&#038;h=210&#038;v=1&#038;);\"><\/div>\n            <\/div>\n                        <h2 class=\"a-card__title a-card--turid__title\"><a href=\"https:\/\/www.visitvarmland.com\/arjang\/kultur-historia\/konst\/arjangstrollet\" data-no-translation>\u00c5rj\u00e4ngstrollet<\/a><\/h2>\n                        <div class=\"a-card__content a-card--turid__content\">Trollet \u00e4r 8 meter h\u00f6gt och har 3,5&hellip;<\/div>\n                        <div class=\"a-card__bottom-wrapper a-card--turid__bottom-wrapper\" style=\"background-image:url();\">                            <div class=\"a-card__favorite a-card--turid__favorite\"><i class=\"fal fa-heart\"><\/i><\/div>\n                        <div class=\"a-card__tag a-card--turid__tag\"><!-- Button wrapper -->\n\n<a class=\"a-tag a-tag--small\" href=\"https:\/\/www.visitvarmland.com\/kultur-historia\/konst\/platser-44\" target=\"_self\">\n    <span class='a-card--divider'>Platser<\/span>\n    <\/a><\/div>\n                        <\/div>\n            <\/article><!-- Card wrapper -->\n<article class=\"a-card a-card--turid\" link-finder     >\n                <div class=\"a-card__image a-card--turid__image\">\n                <div class=\"bg-img\" style=\"background-image:url(https:\/\/img.turid.visitvarmland.com\/legacy\/\u00c5rj\u00e4ng\/_MG_6314.jpeg?q=80&#038;fit=crop&#038;w=300&#038;h=210&#038;v=1&#038;);\"><\/div>\n            <\/div>\n                        <h2 class=\"a-card__title a-card--turid__title\"><a href=\"https:\/\/www.visitvarmland.com\/arjang\/aktiviteter\/golfa\/golf\/arjangs-golfklubb\" data-no-translation>\u00c5rj\u00e4ngs Golfklubb<\/a><\/h2>\n                        <div class=\"a-card__content a-card--turid__content\">En av Sveriges vackraste banor enligt m\u00e5nga bes\u00f6kare.<\/div>\n                        <div class=\"a-card__bottom-wrapper a-card--turid__bottom-wrapper\" style=\"background-image:url();\">                            <div class=\"a-card__favorite a-card--turid__favorite\"><i class=\"fal fa-heart\"><\/i><\/div>\n                        <div class=\"a-card__tag a-card--turid__tag\"><!-- Button wrapper -->\n\n<a class=\"a-tag a-tag--small\" href=\"https:\/\/www.visitvarmland.com\/aktiviteter\/golfa\/golf\" target=\"_self\">\n    <span class='a-card--divider'>Golf<\/span>\n    <\/a><\/div>\n                        <\/div>\n            <\/article><!-- Card wrapper -->\n<article class=\"a-card a-card--turid\" link-finder     >\n                <div class=\"a-card__image a-card--turid__image\">\n                <div class=\"bg-img\" style=\"background-image:url(https:\/\/img.turid.visitvarmland.com\/legacy\/\u00c5rj\u00e4ng\/whiskyprov-nordmarkens-destilleri.jpeg?q=80&#038;fit=crop&#038;w=300&#038;h=210&#038;v=1&#038;);\"><\/div>\n            <\/div>\n                        <h2 class=\"a-card__title a-card--turid__title\"><a href=\"https:\/\/www.visitvarmland.com\/arjang\/design-shopping\/gardsbutik\/nordmarkens-destilleri\" data-no-translation>Nordmarkens Destilleri<\/a><\/h2>\n                        <div class=\"a-card__content a-card--turid__content\">Nordmarkens Destilleri tillverkar egen maltwhisky och erbjuder exklusiva&hellip;<\/div>\n                        <div class=\"a-card__bottom-wrapper a-card--turid__bottom-wrapper\" style=\"background-image:url();\">                            <div class=\"a-card__favorite a-card--turid__favorite\"><i class=\"fal fa-heart\"><\/i><\/div>\n                        <div class=\"a-card__tag a-card--turid__tag\"><!-- Button wrapper -->\n\n<a class=\"a-tag a-tag--small\" href=\"https:\/\/www.visitvarmland.com\/mat-dryck\/gardsbutiker\" target=\"_self\">\n    <span class='a-card--divider'>G\u00e5rdsbutiker<\/span>\n    <\/a><\/div>\n                        <\/div>\n            <\/article><!-- Card wrapper -->\n<article class=\"a-card a-card--turid\" link-finder     >\n                <div class=\"a-card__image a-card--turid__image\">\n                <div class=\"bg-img\" style=\"background-image:url(https:\/\/img.turid.visitvarmland.com\/fff5c6cd-9292-4991-832b-e2168043eb78\/20210524-134250-red.jpg?q=80&#038;fit=crop&#038;w=300&#038;h=210&#038;v=1&#038;);\"><\/div>\n            <\/div>\n                        <h2 class=\"a-card__title a-card--turid__title\"><a href=\"https:\/\/www.visitvarmland.com\/arjang\/boende\/hotell-pensionat\/hotell-arjang\" data-no-translation>Hotell \u00c5rj\u00e4ng<\/a><\/h2>\n                        <div class=\"a-card__content a-card--turid__content\">Trivsamt boende n\u00e4ra norska gr\u00e4nsen. Njut av sk\u00f6na&hellip;<\/div>\n                        <div class=\"a-card__bottom-wrapper a-card--turid__bottom-wrapper\" style=\"background-image:url();\">                            <div class=\"a-card__favorite a-card--turid__favorite\"><i class=\"fal fa-heart\"><\/i><\/div>\n                        <div class=\"a-card__tag a-card--turid__tag\"><!-- Button wrapper -->\n\n<a class=\"a-tag a-tag--small\" href=\"https:\/\/www.visitvarmland.com\/boende\/hotell-pensionat\" target=\"_self\">\n    <span class='a-card--divider'>Hotell &#038; pensionat<\/span>\n    <\/a><\/div>\n                        <\/div>\n            <\/article><!-- Card wrapper -->\n<article class=\"a-card a-card--turid\" link-finder     >\n                <div class=\"a-card__image a-card--turid__image\">\n                <div class=\"bg-img\" style=\"background-image:url(https:\/\/img.turid.visitvarmland.com\/f908e11d-0d37-4aee-96ff-f617170c18b1\/20210623-134750.jpg?q=80&#038;fit=crop&#038;w=300&#038;h=210&#038;v=1&#038;);\"><\/div>\n            <\/div>\n                        <h2 class=\"a-card__title a-card--turid__title\"><a href=\"https:\/\/www.visitvarmland.com\/arjang\/kultur-historia\/museum\/nordiska-travmuseet\" data-no-translation>Nordiska Travmuseet<\/a><\/h2>\n                        <div class=\"a-card__content a-card--turid__content\">Det enda museet i sitt slag i norra&hellip;<\/div>\n                        <div class=\"a-card__bottom-wrapper a-card--turid__bottom-wrapper\" style=\"background-image:url();\">                            <div class=\"a-card__favorite a-card--turid__favorite\"><i class=\"fal fa-heart\"><\/i><\/div>\n                        <div class=\"a-card__tag a-card--turid__tag\"><!-- Button wrapper -->\n\n<a class=\"a-tag a-tag--small\" href=\"https:\/\/www.visitvarmland.com\/kultur-historia\/museum\/platser-51\" target=\"_self\">\n    <span class='a-card--divider'>Platser<\/span>\n    <\/a><\/div>\n                        <\/div>\n            <\/article><!-- Card wrapper -->\n<article class=\"a-card a-card--turid\" link-finder     >\n                <div class=\"a-card__image a-card--turid__image\">\n                <div class=\"bg-img\" style=\"background-image:url(https:\/\/img.turid.visitvarmland.com\/6d220e47-fb9b-444e-920d-9e8111fd6fe2\/20210902-082803.jpg?q=80&#038;fit=crop&#038;w=300&#038;h=210&#038;v=1&#038;);\"><\/div>\n            <\/div>\n                        <h2 class=\"a-card__title a-card--turid__title\"><a href=\"https:\/\/www.visitvarmland.com\/arjang\/aktiviteter\/skulpturpromenad\" data-no-translation>Skulpturpromenad<\/a><\/h2>\n                        <div class=\"a-card__content a-card--turid__content\">En promenad f\u00f6r b\u00e5de kropp och sj\u00e4l.<\/div>\n                        <div class=\"a-card__bottom-wrapper a-card--turid__bottom-wrapper\" style=\"background-image:url();\">                            <div class=\"a-card__favorite a-card--turid__favorite\"><i class=\"fal fa-heart\"><\/i><\/div>\n                        <div class=\"a-card__tag a-card--turid__tag\"><!-- Button wrapper -->\n\n<a class=\"a-tag a-tag--small\" href=\"https:\/\/www.visitvarmland.com\/kultur-historia\/konst\" target=\"_self\">\n    <span class='a-card--divider'>Konst<\/span>\n    <\/a><\/div>\n                        <\/div>\n            <\/article><!-- Card wrapper -->\n<article class=\"a-card a-card--turid\" link-finder     >\n                <div class=\"a-card__image a-card--turid__image\">\n                <div class=\"bg-img\" style=\"background-image:url(https:\/\/img.turid.visitvarmland.com\/legacy\/\u00c5rj\u00e4ng\/kanotpaddlare.jpeg?q=80&#038;fit=crop&#038;w=300&#038;h=210&#038;v=1&#038;);\"><\/div>\n            <\/div>\n                        <h2 class=\"a-card__title a-card--turid__title\"><a href=\"https:\/\/www.visitvarmland.com\/arjang\/aktiviteter\/paddla\/kanotuthyrning-hos-nordmarkens-kanot-center-ab\" data-no-translation>Kanotuthyrning hos Nordmarkens Kanot Center AB<\/a><\/h2>\n                        <div class=\"a-card__content a-card--turid__content\">Med mer \u00e4n 70 \u00e5r i branschen har&hellip;<\/div>\n                        <div class=\"a-card__bottom-wrapper a-card--turid__bottom-wrapper\" style=\"background-image:url();\">                            <div class=\"a-card__favorite a-card--turid__favorite\"><i class=\"fal fa-heart\"><\/i><\/div>\n                        <div class=\"a-card__tag a-card--turid__tag\"><!-- Button wrapper -->\n\n<a class=\"a-tag a-tag--small\" href=\"https:\/\/www.visitvarmland.com\/aktiviteter\/paddla\/uthyrningservice-3\" target=\"_self\">\n    <span class='a-card--divider'>Uthyrning\/<\/span><span class='a-card--divider'>service<\/span>\n    <\/a><\/div>\n                        <\/div>\n            <\/article><!-- Card wrapper -->\n<article class=\"a-card a-card--turid\" link-finder     >\n                <div class=\"a-card__image a-card--turid__image\">\n                <div class=\"bg-img\" style=\"background-image:url(https:\/\/img.turid.visitvarmland.com\/9c03eafc-e334-48ec-b69e-c8da8046ed78\/sommarvik-865x8004.jpg?q=80&#038;fit=crop&#038;w=300&#038;h=210&#038;v=1&#038;);\"><\/div>\n            <\/div>\n                        <h2 class=\"a-card__title a-card--turid__title\"><a href=\"https:\/\/www.visitvarmland.com\/arjang\/boende\/camping\/hyr-stuga-pa-sommarvik\" data-no-translation>Hyr stuga p\u00e5 Sommarvik<\/a><\/h2>\n                        <div class=\"a-card__content a-card--turid__content\">V\u00e4lkommen till femstj\u00e4rniga och barnv\u00e4nliga semesteranl\u00e4ggningen \u00c5rj\u00e4ng Camping&hellip;<\/div>\n                        <div class=\"a-card__bottom-wrapper a-card--turid__bottom-wrapper\" style=\"background-image:url();\">                            <div class=\"a-card__favorite a-card--turid__favorite\"><i class=\"fal fa-heart\"><\/i><\/div>\n                        <div class=\"a-card__tag a-card--turid__tag\"><!-- Button wrapper -->\n\n<a class=\"a-tag a-tag--small\" href=\"https:\/\/www.visitvarmland.com\/boende\/stugor\" target=\"_self\">\n    <span class='a-card--divider'>Stugor<\/span>\n    <\/a><\/div>\n                        <\/div>\n            <\/article><!-- Card wrapper -->\n<article class=\"a-card a-card--turid\" link-finder     >\n                <div class=\"a-card__image a-card--turid__image\">\n                <div class=\"bg-img\" style=\"background-image:url(https:\/\/img.turid.visitvarmland.com\/1a418bed-06b4-48a2-9a30-cd33e6673e6d\/20230707-124959.jpg?q=80&#038;fit=crop&#038;w=300&#038;h=210&#038;v=1&#038;);\"><\/div>\n            <\/div>\n                        <h2 class=\"a-card__title a-card--turid__title\"><a href=\"https:\/\/www.visitvarmland.com\/arjang\/kultur-historia\/hus-kulturmiljoer\/platser-37\/langelanda-tingshus\" data-no-translation>L\u00e5ngelanda Tingshus<\/a><\/h2>\n                        <div class=\"a-card__content a-card--turid__content\">Sveriges \u00e4ldsta bevarade tingshus.<\/div>\n                        <div class=\"a-card__bottom-wrapper a-card--turid__bottom-wrapper\" style=\"background-image:url();\">                            <div class=\"a-card__favorite a-card--turid__favorite\"><i class=\"fal fa-heart\"><\/i><\/div>\n                        <div class=\"a-card__tag a-card--turid__tag\"><!-- Button wrapper -->\n\n<a class=\"a-tag a-tag--small\" href=\"https:\/\/www.visitvarmland.com\/kultur-historia\/hus-kulturmiljoer\/platser-37\" target=\"_self\">\n    <span class='a-card--divider'>Platser<\/span>\n    <\/a><\/div>\n                        <\/div>\n            <\/article>        <\/div>\n        <button class=\"hero-scroll-icon section-scroll-side\" aria-label=\"Next\" aria-hidden=\"true\" tabindex=\"-1\">\n            <div class=\"pre-icon-dot\"><\/div>\n            <div class=\"pre-icon-dot\"><\/div>\n            <i class=\"fal fa-long-arrow-down\" aria-hidden=\"true\"><\/i>\n        <\/button>\n        <button class=\"hero-scroll-icon section-scroll-side-left section-scroll-side-left-hidden\" aria-label=\"Previous\" aria-hidden=\"true\" tabindex=\"-1\">\n            <div class=\"pre-icon-dot\"><\/div>\n            <div class=\"pre-icon-dot\"><\/div>\n            <i class=\"fal fa-long-arrow-down\" aria-hidden=\"true\"><\/i>\n        <\/button>\n    <\/section>\n\n\n","protected":false},"excerpt":{"rendered":"<p>1000 sj\u00f6ar och en kanal V\u00e5r vackra del av V\u00e4rmland \u00e4r inte bara en av de mest sj\u00f6rika regionerna i v\u00e5rt land, vi har \u00e4ven Dalslands kanal som g\u00e5r som en bl\u00e5 \u00e5dra genom hela kommunen, fr\u00e5n Norge \u00e4nda ut i V\u00e4nern. Vattnet finns \u00f6verallt och bjuder in till bad, fiske och b\u00e5tliv. Av kanalens [&hellip;]<\/p>\n","protected":false},"author":3,"featured_media":1911,"parent":0,"menu_order":0,"comment_status":"closed","ping_status":"open","template":"","meta":{"_acf_changed":false,"footnotes":""},"class_list":["post-196","page","type-page","status-publish","has-post-thumbnail","hentry"],"acf":[],"lang":"sv","translations":{"sv":196,"en":1959},"pll_sync_post":[],"_links":{"self":[{"href":"https:\/\/www.visitvarmland.com\/arjang\/wp-json\/wp\/v2\/pages\/196","targetHints":{"allow":["GET"]}}],"collection":[{"href":"https:\/\/www.visitvarmland.com\/arjang\/wp-json\/wp\/v2\/pages"}],"about":[{"href":"https:\/\/www.visitvarmland.com\/arjang\/wp-json\/wp\/v2\/types\/page"}],"author":[{"embeddable":true,"href":"https:\/\/www.visitvarmland.com\/arjang\/wp-json\/wp\/v2\/users\/3"}],"replies":[{"embeddable":true,"href":"https:\/\/www.visitvarmland.com\/arjang\/wp-json\/wp\/v2\/comments?post=196"}],"version-history":[{"count":78,"href":"https:\/\/www.visitvarmland.com\/arjang\/wp-json\/wp\/v2\/pages\/196\/revisions"}],"predecessor-version":[{"id":2848,"href":"https:\/\/www.visitvarmland.com\/arjang\/wp-json\/wp\/v2\/pages\/196\/revisions\/2848"}],"wp:featuredmedia":[{"embeddable":true,"href":"https:\/\/www.visitvarmland.com\/arjang\/wp-json\/wp\/v2\/media\/1911"}],"wp:attachment":[{"href":"https:\/\/www.visitvarmland.com\/arjang\/wp-json\/wp\/v2\/media?parent=196"}],"curies":[{"name":"wp","href":"https:\/\/api.w.org\/{rel}","templated":true}]}}