{"id":5133,"date":"2025-02-12T17:06:43","date_gmt":"2025-02-12T16:06:43","guid":{"rendered":"https:\/\/www.visitvarmland.com\/corporate\/?post_type=activity&#038;p=5133"},"modified":"2025-02-14T16:14:27","modified_gmt":"2025-02-14T15:14:27","slug":"varboost-ai-boost-for-besoksnaringen-smarta-verktyg-pa-en-timme-2","status":"publish","type":"activity","link":"https:\/\/www.visitvarmland.com\/corporate\/aktiviteter\/varboost-ai-boost-for-besoksnaringen-smarta-verktyg-pa-en-timme-2\/","title":{"rendered":"V\u00e5rboost: AI-boost f\u00f6r bes\u00f6ksn\u00e4ringen \u2013 Smarta verktyg p\u00e5 en timme!"},"content":{"rendered":"\n<p><\/p>\n\n\n\n<h2 class=\"wp-block-heading\"><strong>Hur kan AI f\u00f6renkla ditt arbete och f\u00f6rb\u00e4ttra g\u00e4stupplevelsen?<\/strong>\u00a0<\/h2>\n\n\n\n<p>P\u00e5 bara 60 minuter f\u00e5r du en snabb och praktisk introduktion till AI-verktyg som redan idag kan st\u00f6tta bes\u00f6ksn\u00e4ringen \u2013 som ChatGPT, chatbots och andra smarta l\u00f6sningar.<\/p>\n\n\n\n<p><strong>F\u00f6rel\u00e4sare:<\/strong>&nbsp;Magnus Paues \u2013 techentrepren\u00f6r med \u00f6ver 10 \u00e5rs erfarenhet inom AI och teknik. Magnus driver podden&nbsp;<em>Veckans AI<\/em>&nbsp;och brinner f\u00f6r att g\u00f6ra komplexa \u00e4mnen l\u00e4ttf\u00f6rst\u00e5eliga.<\/p>\n\n\n\n<p>I denna f\u00f6rel\u00e4sning utforskar vi hur AI kan f\u00f6r\u00e4ndra och f\u00f6rb\u00e4ttra verksamheter inom bes\u00f6ksn\u00e4ringen. Vi g\u00e5r igenom konkreta verktyg och strategier f\u00f6r att effektivisera arbetsfl\u00f6den, f\u00f6rb\u00e4ttra marknadsf\u00f6ring och skapa starkare kundupplevelser.<\/p>\n\n\n\n<p><strong>Program:<\/strong><\/p>\n\n\n\n<ul class=\"wp-block-list\">\n<li>Introduktion om AI generellt<\/li>\n\n\n\n<li>\u00d6vers\u00e4ttning &amp; flerspr\u00e5kig service<\/li>\n\n\n\n<li>Marknadsf\u00f6ring &amp; synlighet<\/li>\n\n\n\n<li>ChatGPT &amp; kundservice<\/li>\n<\/ul>\n\n\n\n<p><\/p>\n\n\n\n<h2 class=\"wp-block-heading\">Om webbinariet<\/h2>\n\n\n\n<p><strong>Tid:<\/strong> 18 mars klockan 10-11<br><strong>Plats:<\/strong> Microsoft Teams<\/p>\n\n\n\n<p>Har du fr\u00e5gor \u00e4r du varmt v\u00e4lkommen att kontakta oss p\u00e5 telefon&nbsp;054-776 60 00 eller&nbsp;<a href=\"mailto:info@visitvarmland.com\">info@visitvarmland.com<\/a><\/p>\n\n\n\n<p><strong>V\u00e4lkommen till 60 minuter som kan f\u00f6r\u00e4ndra ditt s\u00e4tt att arbeta!<\/strong><\/p>\n","protected":false},"author":383,"featured_media":5148,"template":"","class_list":["post-5133","activity","type-activity","status-publish","has-post-thumbnail","hentry"],"acf":[],"lang":"sv","translations":{"sv":5133},"pll_sync_post":[],"_links":{"self":[{"href":"https:\/\/www.visitvarmland.com\/corporate\/wp-json\/wp\/v2\/activity\/5133","targetHints":{"allow":["GET"]}}],"collection":[{"href":"https:\/\/www.visitvarmland.com\/corporate\/wp-json\/wp\/v2\/activity"}],"about":[{"href":"https:\/\/www.visitvarmland.com\/corporate\/wp-json\/wp\/v2\/types\/activity"}],"author":[{"embeddable":true,"href":"https:\/\/www.visitvarmland.com\/corporate\/wp-json\/wp\/v2\/users\/383"}],"wp:featuredmedia":[{"embeddable":true,"href":"https:\/\/www.visitvarmland.com\/corporate\/wp-json\/wp\/v2\/media\/5148"}],"wp:attachment":[{"href":"https:\/\/www.visitvarmland.com\/corporate\/wp-json\/wp\/v2\/media?parent=5133"}],"curies":[{"name":"wp","href":"https:\/\/api.w.org\/{rel}","templated":true}]}}

Vårboost: AI-boost för besöksnäringen – Smarta verktyg på en timme!

<p></p>



<h2 class="wp-block-heading"><strong>Hur kan AI förenkla ditt arbete och förbättra gästupplevelsen?</strong> </h2>



<p>På bara 60 minuter får du en snabb och praktisk introduktion till AI-verktyg som redan idag kan stötta besöksnäringen – som ChatGPT, chatbots och andra smarta lösningar.</p>



<p><strong>Föreläsare:</strong>&nbsp;Magnus Paues – techentreprenör med över 10 års erfarenhet inom AI och teknik. Magnus driver podden&nbsp;<em>Veckans AI</em>&nbsp;och brinner för att göra komplexa ämnen lättförståeliga.</p>



<p>I denna föreläsning utforskar vi hur AI kan förändra och förbättra verksamheter inom besöksnäringen. Vi går igenom konkreta verktyg och strategier för att effektivisera arbetsflöden, förbättra marknadsföring och skapa starkare kundupplevelser.</p>



<p><strong>Program:</strong></p>



<ul class="wp-block-list">
<li>Introduktion om AI generellt</li>



<li>Översättning &amp; flerspråkig service</li>



<li>Marknadsföring &amp; synlighet</li>



<li>ChatGPT &amp; kundservice</li>
</ul>



<p></p>



<h2 class="wp-block-heading">Om webbinariet</h2>



<p><strong>Tid:</strong> 18 mars klockan 10-11<br><strong>Plats:</strong> Microsoft Teams</p>



<p>Har du frågor är du varmt välkommen att kontakta oss på telefon&nbsp;054-776 60 00 eller&nbsp;<a href="mailto:info@visitvarmland.com">info@visitvarmland.com</a></p>



<p><strong>Välkommen till 60 minuter som kan förändra ditt sätt att arbeta!</strong></p>
