{"id":5296,"date":"2025-03-13T14:23:03","date_gmt":"2025-03-13T13:23:03","guid":{"rendered":"https:\/\/www.visitvarmland.com\/corporate\/?post_type=activity&#038;p=5296"},"modified":"2025-05-02T15:43:16","modified_gmt":"2025-05-02T13:43:16","slug":"framtidens-digitala-besoksupplevelser","status":"publish","type":"activity","link":"https:\/\/www.visitvarmland.com\/corporate\/aktiviteter\/framtidens-digitala-besoksupplevelser\/","title":{"rendered":"Framtidens digitala bes\u00f6ksupplevelser"},"content":{"rendered":"\n<p>Vi vill bjuda in dig till en workshop d\u00e4r vi tillsammans utforskar m\u00f6jligheterna med digitala guider och bes\u00f6ksupplevelser!<\/p>\n\n\n\n<p>Workshopen \u00e4r en uppf\u00f6ljning av det informationsm\u00f6te och den enk\u00e4tunders\u00f6kning vi genomf\u00f6rt.                                                                                                                                                                                                                      Nu tar vi n\u00e4sta steg! Vi presenterar resultaten, f\u00f6rdjupar oss i olika digitala verktyg och diskuterar hur vi kan g\u00e5 vidare.&nbsp;&nbsp;&nbsp;&nbsp;&nbsp;&nbsp;&nbsp;&nbsp;&nbsp;&nbsp;&nbsp;&nbsp;&nbsp;&nbsp;&nbsp;&nbsp;&nbsp;&nbsp;&nbsp;&nbsp;&nbsp;&nbsp;&nbsp;&nbsp;&nbsp;<\/p>\n\n\n\n<p><strong>N\u00e4r?<\/strong> 2 april kl.13-15<br><strong>Var?<\/strong> Digitalt via teams, l\u00e4nk skickas ut dagen innan.                                                                                                                                                                                                                                                                                                                         <\/p>\n\n\n\n<p><strong>F\u00f6r vem?<\/strong> Akt\u00f6rer inom bes\u00f6ksn\u00e4ringen som \u00e4r intresserade av digitala bes\u00f6ksupplevelser.                                                                                                                                                                                                                                       Oavsett om du deltagit tidigare eller \u00e4r ny i processen \u00e4r du varmt v\u00e4lkommen!<\/p>\n\n\n\n<p>Under workshopen f\u00e5r du:<br>\u2705 Ta del av resultaten fr\u00e5n enk\u00e4ten och analysen av akt\u00f6rernas behov<br>\u2705 L\u00e4ra dig mer om olika digitala guider och verktyg<br>\u2705 Diskutera m\u00f6jligheter och utmaningar med andra akt\u00f6rer<br>\u2705 Utforska intresset f\u00f6r framtida samverkan och utveckling<\/p>\n\n\n\n<p>Vi hoppas att du vill vara med och p\u00e5verka hur vi tillsammans kan skapa engagerande digitala upplevelser!<\/p>\n\n\n\n<p><strong>O.S.A senast den 26 mars till <a href=\"mailto:jessica.carlsson@visitvarmland.com\">jessica.carlsson@visitvarmland.com<\/a><\/strong><\/p>\n\n\n\n<figure class=\"wp-block-image\"><img loading=\"lazy\" decoding=\"async\" width=\"1024\" height=\"217\" src=\"https:\/\/www.visitvarmland.com\/corporate\/wp-content\/uploads\/sites\/20\/2024\/09\/image-2-1024x217.png\" alt=\"\" class=\"wp-image-4677\" srcset=\"https:\/\/www.visitvarmland.com\/app\/uploads\/sites\/20\/2024\/09\/image-2-1024x217.png 1024w, https:\/\/www.visitvarmland.com\/app\/uploads\/sites\/20\/2024\/09\/image-2-300x64.png 300w, https:\/\/www.visitvarmland.com\/app\/uploads\/sites\/20\/2024\/09\/image-2-768x163.png 768w, https:\/\/www.visitvarmland.com\/app\/uploads\/sites\/20\/2024\/09\/image-2-1536x326.png 1536w, https:\/\/www.visitvarmland.com\/app\/uploads\/sites\/20\/2024\/09\/image-2-2048x434.png 2048w, https:\/\/www.visitvarmland.com\/app\/uploads\/sites\/20\/2024\/09\/image-2-150x32.png 150w, https:\/\/www.visitvarmland.com\/app\/uploads\/sites\/20\/2024\/09\/image-2-600x127.png 600w\" sizes=\"auto, (max-width: 1024px) 100vw, 1024px\" \/><\/figure>\n\n\n\n<p>V\u00e4lkommen!<\/p>\n","protected":false},"author":382,"featured_media":4938,"template":"","class_list":["post-5296","activity","type-activity","status-publish","has-post-thumbnail","hentry"],"acf":[],"lang":"sv","translations":{"sv":5296},"pll_sync_post":[],"_links":{"self":[{"href":"https:\/\/www.visitvarmland.com\/corporate\/wp-json\/wp\/v2\/activity\/5296","targetHints":{"allow":["GET"]}}],"collection":[{"href":"https:\/\/www.visitvarmland.com\/corporate\/wp-json\/wp\/v2\/activity"}],"about":[{"href":"https:\/\/www.visitvarmland.com\/corporate\/wp-json\/wp\/v2\/types\/activity"}],"author":[{"embeddable":true,"href":"https:\/\/www.visitvarmland.com\/corporate\/wp-json\/wp\/v2\/users\/382"}],"wp:featuredmedia":[{"embeddable":true,"href":"https:\/\/www.visitvarmland.com\/corporate\/wp-json\/wp\/v2\/media\/4938"}],"wp:attachment":[{"href":"https:\/\/www.visitvarmland.com\/corporate\/wp-json\/wp\/v2\/media?parent=5296"}],"curies":[{"name":"wp","href":"https:\/\/api.w.org\/{rel}","templated":true}]}}

Framtidens digitala besöksupplevelser

<p>Vi vill bjuda in dig till en workshop där vi tillsammans utforskar möjligheterna med digitala guider och besöksupplevelser!</p>



<p>Workshopen är en uppföljning av det informationsmöte och den enkätundersökning vi genomfört.                                                                                                                                                                                                                      Nu tar vi nästa steg! Vi presenterar resultaten, fördjupar oss i olika digitala verktyg och diskuterar hur vi kan gå vidare.&nbsp;&nbsp;&nbsp;&nbsp;&nbsp;&nbsp;&nbsp;&nbsp;&nbsp;&nbsp;&nbsp;&nbsp;&nbsp;&nbsp;&nbsp;&nbsp;&nbsp;&nbsp;&nbsp;&nbsp;&nbsp;&nbsp;&nbsp;&nbsp;&nbsp;</p>



<p><strong>När?</strong> 2 april kl.13-15<br><strong>Var?</strong> Digitalt via teams, länk skickas ut dagen innan.                                                                                                                                                                                                                                                                                                                         </p>



<p><strong>För vem?</strong> Aktörer inom besöksnäringen som är intresserade av digitala besöksupplevelser.                                                                                                                                                                                                                                       Oavsett om du deltagit tidigare eller är ny i processen är du varmt välkommen!</p>



<p>Under workshopen får du:<br>✅ Ta del av resultaten från enkäten och analysen av aktörernas behov<br>✅ Lära dig mer om olika digitala guider och verktyg<br>✅ Diskutera möjligheter och utmaningar med andra aktörer<br>✅ Utforska intresset för framtida samverkan och utveckling</p>



<p>Vi hoppas att du vill vara med och påverka hur vi tillsammans kan skapa engagerande digitala upplevelser!</p>



<p><strong>O.S.A senast den 26 mars till <a href="mailto:jessica.carlsson@visitvarmland.com">jessica.carlsson@visitvarmland.com</a></strong></p>



<figure class="wp-block-image"><img loading="lazy" decoding="async" width="1024" height="217" src="https://www.visitvarmland.com/corporate/wp-content/uploads/sites/20/2024/09/image-2-1024x217.png" alt="" class="wp-image-4677" srcset="https://www.visitvarmland.com/app/uploads/sites/20/2024/09/image-2-1024x217.png 1024w, https://www.visitvarmland.com/app/uploads/sites/20/2024/09/image-2-300x64.png 300w, https://www.visitvarmland.com/app/uploads/sites/20/2024/09/image-2-768x163.png 768w, https://www.visitvarmland.com/app/uploads/sites/20/2024/09/image-2-1536x326.png 1536w, https://www.visitvarmland.com/app/uploads/sites/20/2024/09/image-2-2048x434.png 2048w, https://www.visitvarmland.com/app/uploads/sites/20/2024/09/image-2-150x32.png 150w, https://www.visitvarmland.com/app/uploads/sites/20/2024/09/image-2-600x127.png 600w" sizes="auto, (max-width: 1024px) 100vw, 1024px" /></figure>



<p>Välkommen!</p>
