{"id":4,"date":"2021-10-24T21:48:05","date_gmt":"2021-10-24T19:48:05","guid":{"rendered":"https:\/\/www.visitvarmland.com\/visitvarmland-org\/?page_id=4"},"modified":"2025-12-09T10:26:29","modified_gmt":"2025-12-09T09:26:29","slug":"startsida","status":"publish","type":"page","link":"https:\/\/www.visitvarmland.com\/corporate\/","title":{"rendered":"Visit V\u00e4rmland Corporate | F\u00f6r f\u00f6retag inom bes\u00f6ksn\u00e4ringen"},"content":{"rendered":"\n<div class=\"wp-block-columns has-normal-font-size is-layout-flex wp-container-core-columns-is-layout-9d6595d7 wp-block-columns-is-layout-flex\">\n<div class=\"wp-block-column is-layout-flow wp-block-column-is-layout-flow\"><div class=\"wp-block-image is-style-default\">\n<figure class=\"aligncenter size-large\"><img loading=\"lazy\" decoding=\"async\" width=\"1024\" height=\"683\" src=\"https:\/\/www.visitvarmland.com\/corporate\/wp-content\/uploads\/sites\/20\/2025\/01\/NORR_Varmland_Oktober2023_MelanieHaas_2079-kopia-1024x683.jpeg\" alt=\"Kvinna som sitter utanf\u00f6r en restaurang\" class=\"wp-image-4996\" style=\"aspect-ratio:1.7777777777777777;object-fit:cover\" srcset=\"https:\/\/www.visitvarmland.com\/app\/uploads\/sites\/20\/2025\/01\/NORR_Varmland_Oktober2023_MelanieHaas_2079-kopia-1024x683.jpeg 1024w, https:\/\/www.visitvarmland.com\/app\/uploads\/sites\/20\/2025\/01\/NORR_Varmland_Oktober2023_MelanieHaas_2079-kopia-300x200.jpeg 300w, https:\/\/www.visitvarmland.com\/app\/uploads\/sites\/20\/2025\/01\/NORR_Varmland_Oktober2023_MelanieHaas_2079-kopia-768x513.jpeg 768w, https:\/\/www.visitvarmland.com\/app\/uploads\/sites\/20\/2025\/01\/NORR_Varmland_Oktober2023_MelanieHaas_2079-kopia-1536x1025.jpeg 1536w, https:\/\/www.visitvarmland.com\/app\/uploads\/sites\/20\/2025\/01\/NORR_Varmland_Oktober2023_MelanieHaas_2079-kopia-150x100.jpeg 150w, https:\/\/www.visitvarmland.com\/app\/uploads\/sites\/20\/2025\/01\/NORR_Varmland_Oktober2023_MelanieHaas_2079-kopia-600x400.jpeg 600w, https:\/\/www.visitvarmland.com\/app\/uploads\/sites\/20\/2025\/01\/NORR_Varmland_Oktober2023_MelanieHaas_2079-kopia-1200x800.jpeg 1200w, https:\/\/www.visitvarmland.com\/app\/uploads\/sites\/20\/2025\/01\/NORR_Varmland_Oktober2023_MelanieHaas_2079-kopia.jpeg 1765w\" sizes=\"auto, (max-width: 1024px) 100vw, 1024px\" \/><\/figure><\/div>\n\n\n<p><\/p>\n\n\n\n<h3 class=\"wp-block-heading\">Utveckla din verksamhet med Aff\u00e4rsutvecklingsstegen<\/h3>\n\n\n\n<p>Aff\u00e4rsutvecklingsstegen \u00e4r en steg f\u00f6r steg-guide som ger dig konkreta verktyg f\u00f6r att ta ditt f\u00f6retag till nya h\u00f6jder.<br>\ud83d\udc49 <a href=\"https:\/\/www.visitvarmland.com\/corporate\/vart-erbjudande\/affarsutvecklingsstegen\/\" data-type=\"link\" data-id=\"https:\/\/www.visitvarmland.com\/corporate\/vart-erbjudande\/affarsutvecklingsstegen\/\"><strong>Till Aff\u00e4rsutvecklingsstegen<\/strong><\/a><\/p>\n\n\n\n<p><br><\/p>\n<\/div>\n\n\n\n<div class=\"wp-block-column is-layout-flow wp-block-column-is-layout-flow\"><div class=\"wp-block-image is-style-default\">\n<figure class=\"aligncenter size-large\"><img loading=\"lazy\" decoding=\"async\" width=\"1024\" height=\"683\" src=\"https:\/\/www.visitvarmland.com\/corporate\/wp-content\/uploads\/sites\/20\/2025\/01\/Sliperiet-Servering-01-kopia-1024x683.jpg\" alt=\"Kvinna som h\u00e5ller i tv\u00e5 tallrikar\" class=\"wp-image-5003\" style=\"aspect-ratio:1.7777777777777777;object-fit:cover\" srcset=\"https:\/\/www.visitvarmland.com\/app\/uploads\/sites\/20\/2025\/01\/Sliperiet-Servering-01-kopia-1024x683.jpg 1024w, https:\/\/www.visitvarmland.com\/app\/uploads\/sites\/20\/2025\/01\/Sliperiet-Servering-01-kopia-300x200.jpg 300w, https:\/\/www.visitvarmland.com\/app\/uploads\/sites\/20\/2025\/01\/Sliperiet-Servering-01-kopia-768x512.jpg 768w, https:\/\/www.visitvarmland.com\/app\/uploads\/sites\/20\/2025\/01\/Sliperiet-Servering-01-kopia-1536x1025.jpg 1536w, https:\/\/www.visitvarmland.com\/app\/uploads\/sites\/20\/2025\/01\/Sliperiet-Servering-01-kopia-2048x1366.jpg 2048w, https:\/\/www.visitvarmland.com\/app\/uploads\/sites\/20\/2025\/01\/Sliperiet-Servering-01-kopia-150x100.jpg 150w, https:\/\/www.visitvarmland.com\/app\/uploads\/sites\/20\/2025\/01\/Sliperiet-Servering-01-kopia-600x400.jpg 600w, https:\/\/www.visitvarmland.com\/app\/uploads\/sites\/20\/2025\/01\/Sliperiet-Servering-01-kopia-1200x800.jpg 1200w\" sizes=\"auto, (max-width: 1024px) 100vw, 1024px\" \/><\/figure><\/div>\n\n\n<p><\/p>\n\n\n\n<h3 class=\"wp-block-heading\">Bli proffs p\u00e5 att m\u00f6ta g\u00e4sterna med V\u00e4rdskapsguiden<\/h3>\n\n\n\n<p>I V\u00e4rdskapsguiden har vi samlat konkreta verktyg som hj\u00e4lper dig att h\u00f6ja serviceniv\u00e5n och skapa ett b\u00e4ttre bem\u00f6tande f\u00f6r dina g\u00e4ster.<br>\ud83d\udc49 <a href=\"https:\/\/www.visitvarmland.com\/corporate\/kunskapsbank\/vardskapsguiden-verktyg-for-ett-battre-bemotande\/\" data-type=\"link\" data-id=\"https:\/\/www.visitvarmland.com\/corporate\/vart-erbjudande\/prenumerera-pa-vart-nyhetsbrev\/\"><strong>Till V\u00e4rdskapsguiden<\/strong><\/a><\/p>\n\n\n\n<p><br><\/p>\n<\/div>\n\n\n\n<div class=\"wp-block-column is-layout-flow wp-block-column-is-layout-flow\"><div class=\"wp-block-image is-style-default\">\n<figure class=\"aligncenter size-large\"><img loading=\"lazy\" decoding=\"async\" width=\"1024\" height=\"683\" src=\"https:\/\/www.visitvarmland.com\/app\/uploads\/sites\/20\/2025\/04\/Paddling-2-low-1024x683.jpg\" alt=\"Kvinnor som paddlar i en sj\u00f6\" class=\"wp-image-5966\" style=\"aspect-ratio:1.7777777777777777;object-fit:cover\" srcset=\"https:\/\/www.visitvarmland.com\/app\/uploads\/sites\/20\/2025\/04\/Paddling-2-low-1024x683.jpg 1024w, https:\/\/www.visitvarmland.com\/app\/uploads\/sites\/20\/2025\/04\/Paddling-2-low-300x200.jpg 300w, https:\/\/www.visitvarmland.com\/app\/uploads\/sites\/20\/2025\/04\/Paddling-2-low-768x512.jpg 768w, https:\/\/www.visitvarmland.com\/app\/uploads\/sites\/20\/2025\/04\/Paddling-2-low-1536x1024.jpg 1536w, https:\/\/www.visitvarmland.com\/app\/uploads\/sites\/20\/2025\/04\/Paddling-2-low-2048x1366.jpg 2048w, https:\/\/www.visitvarmland.com\/app\/uploads\/sites\/20\/2025\/04\/Paddling-2-low-150x100.jpg 150w, https:\/\/www.visitvarmland.com\/app\/uploads\/sites\/20\/2025\/04\/Paddling-2-low-600x400.jpg 600w, https:\/\/www.visitvarmland.com\/app\/uploads\/sites\/20\/2025\/04\/Paddling-2-low-1200x800.jpg 1200w\" sizes=\"auto, (max-width: 1024px) 100vw, 1024px\" \/><\/figure><\/div>\n\n\n<p><\/p>\n\n\n\n<h3 class=\"wp-block-heading\">N\u00e5 internationella bes\u00f6kare genom researrang\u00f6rer<\/h3>\n\n\n\n<p>Genom Travel Trade, samarbete med internationella researrang\u00f6rer, \u00f6ppnas nya d\u00f6rrar till marknader utomlands.<br>\ud83d\udc49 <a href=\"https:\/\/www.visitvarmland.com\/corporate\/vart-erbjudande\/travel-trade\/\" data-type=\"link\" data-id=\"https:\/\/www.visitvarmland.com\/corporate\/vart-erbjudande\/prenumerera-pa-vart-nyhetsbrev\/\"><strong>S\u00e5 arbetar vi med Travel Trade<\/strong><\/a><\/p>\n\n\n\n<p><br><\/p>\n<\/div>\n<\/div>\n\n\n\n<hr class=\"wp-block-separator has-alpha-channel-opacity\"\/>\n\n\n\n<p><\/p>\n\n\n\n<h2 class=\"wp-block-heading has-text-align-center\">\ud83d\udc8c<\/h2>\n\n\n\n<h3 class=\"wp-block-heading has-text-align-center\">Prenumerera p\u00e5 v\u00e5rt nyhetsbrev f\u00f6r n\u00e4ringslivet<\/h3>\n\n\n\n<p class=\"has-text-align-center\">F\u00e5 koll p\u00e5 vad som h\u00e4nder inom den v\u00e4rml\u00e4ndska bes\u00f6ksn\u00e4ringen, v\u00e5rt arbete och f\u00e5 smarta tips f\u00f6r dig som \u00e4r f\u00f6retagare. <\/p>\n\n\n\n<div class=\"wp-block-buttons is-content-justification-center is-layout-flex wp-container-core-buttons-is-layout-16018d1d wp-block-buttons-is-layout-flex\">\n<div class=\"wp-block-button\"><a class=\"wp-block-button__link has-text-align-center wp-element-button\" href=\"https:\/\/www.visitvarmland.com\/corporate\/vart-erbjudande\/prenumerera-pa-vart-nyhetsbrev\/\">Anm\u00e4l dig h\u00e4r!<\/a><\/div>\n<\/div>\n\n\n\n<p class=\"has-text-align-center\"><\/p>\n\n\n\n<p><br><\/p>\n\n\n\n<hr class=\"wp-block-separator has-alpha-channel-opacity\"\/>\n","protected":false},"excerpt":{"rendered":"<p>Utveckla din verksamhet med Aff\u00e4rsutvecklingsstegen Aff\u00e4rsutvecklingsstegen \u00e4r en steg f\u00f6r steg-guide som ger dig konkreta verktyg f\u00f6r att ta ditt f\u00f6retag till nya h\u00f6jder.\ud83d\udc49 Till Aff\u00e4rsutvecklingsstegen Bli proffs p\u00e5 att m\u00f6ta g\u00e4sterna med V\u00e4rdskapsguiden I V\u00e4rdskapsguiden har vi samlat konkreta verktyg som hj\u00e4lper dig att h\u00f6ja serviceniv\u00e5n och skapa ett b\u00e4ttre bem\u00f6tande f\u00f6r dina g\u00e4ster.\ud83d\udc49 [&hellip;]<\/p>\n","protected":false},"author":379,"featured_media":5,"parent":0,"menu_order":0,"comment_status":"closed","ping_status":"closed","template":"page-templates\/visitvarmland-org.php","meta":{"_acf_changed":false,"footnotes":""},"class_list":["post-4","page","type-page","status-publish","has-post-thumbnail","hentry"],"acf":[],"lang":"sv","translations":{"sv":4},"pll_sync_post":[],"_links":{"self":[{"href":"https:\/\/www.visitvarmland.com\/corporate\/wp-json\/wp\/v2\/pages\/4","targetHints":{"allow":["GET"]}}],"collection":[{"href":"https:\/\/www.visitvarmland.com\/corporate\/wp-json\/wp\/v2\/pages"}],"about":[{"href":"https:\/\/www.visitvarmland.com\/corporate\/wp-json\/wp\/v2\/types\/page"}],"author":[{"embeddable":true,"href":"https:\/\/www.visitvarmland.com\/corporate\/wp-json\/wp\/v2\/users\/379"}],"replies":[{"embeddable":true,"href":"https:\/\/www.visitvarmland.com\/corporate\/wp-json\/wp\/v2\/comments?post=4"}],"version-history":[{"count":10,"href":"https:\/\/www.visitvarmland.com\/corporate\/wp-json\/wp\/v2\/pages\/4\/revisions"}],"predecessor-version":[{"id":7053,"href":"https:\/\/www.visitvarmland.com\/corporate\/wp-json\/wp\/v2\/pages\/4\/revisions\/7053"}],"wp:featuredmedia":[{"embeddable":true,"href":"https:\/\/www.visitvarmland.com\/corporate\/wp-json\/wp\/v2\/media\/5"}],"wp:attachment":[{"href":"https:\/\/www.visitvarmland.com\/corporate\/wp-json\/wp\/v2\/media?parent=4"}],"curies":[{"name":"wp","href":"https:\/\/api.w.org\/{rel}","templated":true}]}}

Visit Värmland Corporate | För företag inom besöksnäringen

<div class="wp-block-columns has-normal-font-size is-layout-flex wp-container-core-columns-is-layout-9d6595d7 wp-block-columns-is-layout-flex">
<div class="wp-block-column is-layout-flow wp-block-column-is-layout-flow"><div class="wp-block-image is-style-default">
<figure class="aligncenter size-large"><img loading="lazy" decoding="async" width="1024" height="683" src="https://www.visitvarmland.com/corporate/wp-content/uploads/sites/20/2025/01/NORR_Varmland_Oktober2023_MelanieHaas_2079-kopia-1024x683.jpeg" alt="Kvinna som sitter utanför en restaurang" class="wp-image-4996" style="aspect-ratio:1.7777777777777777;object-fit:cover" srcset="https://www.visitvarmland.com/app/uploads/sites/20/2025/01/NORR_Varmland_Oktober2023_MelanieHaas_2079-kopia-1024x683.jpeg 1024w, https://www.visitvarmland.com/app/uploads/sites/20/2025/01/NORR_Varmland_Oktober2023_MelanieHaas_2079-kopia-300x200.jpeg 300w, https://www.visitvarmland.com/app/uploads/sites/20/2025/01/NORR_Varmland_Oktober2023_MelanieHaas_2079-kopia-768x513.jpeg 768w, https://www.visitvarmland.com/app/uploads/sites/20/2025/01/NORR_Varmland_Oktober2023_MelanieHaas_2079-kopia-1536x1025.jpeg 1536w, https://www.visitvarmland.com/app/uploads/sites/20/2025/01/NORR_Varmland_Oktober2023_MelanieHaas_2079-kopia-150x100.jpeg 150w, https://www.visitvarmland.com/app/uploads/sites/20/2025/01/NORR_Varmland_Oktober2023_MelanieHaas_2079-kopia-600x400.jpeg 600w, https://www.visitvarmland.com/app/uploads/sites/20/2025/01/NORR_Varmland_Oktober2023_MelanieHaas_2079-kopia-1200x800.jpeg 1200w, https://www.visitvarmland.com/app/uploads/sites/20/2025/01/NORR_Varmland_Oktober2023_MelanieHaas_2079-kopia.jpeg 1765w" sizes="auto, (max-width: 1024px) 100vw, 1024px" /></figure></div>


<p></p>



<h3 class="wp-block-heading">Utveckla din verksamhet med Affärsutvecklingsstegen</h3>



<p>Affärsutvecklingsstegen är en steg för steg-guide som ger dig konkreta verktyg för att ta ditt företag till nya höjder.<br>👉 <a href="https://www.visitvarmland.com/corporate/vart-erbjudande/affarsutvecklingsstegen/" data-type="link" data-id="https://www.visitvarmland.com/corporate/vart-erbjudande/affarsutvecklingsstegen/"><strong>Till Affärsutvecklingsstegen</strong></a></p>



<p><br></p>
</div>



<div class="wp-block-column is-layout-flow wp-block-column-is-layout-flow"><div class="wp-block-image is-style-default">
<figure class="aligncenter size-large"><img loading="lazy" decoding="async" width="1024" height="683" src="https://www.visitvarmland.com/corporate/wp-content/uploads/sites/20/2025/01/Sliperiet-Servering-01-kopia-1024x683.jpg" alt="Kvinna som håller i två tallrikar" class="wp-image-5003" style="aspect-ratio:1.7777777777777777;object-fit:cover" srcset="https://www.visitvarmland.com/app/uploads/sites/20/2025/01/Sliperiet-Servering-01-kopia-1024x683.jpg 1024w, https://www.visitvarmland.com/app/uploads/sites/20/2025/01/Sliperiet-Servering-01-kopia-300x200.jpg 300w, https://www.visitvarmland.com/app/uploads/sites/20/2025/01/Sliperiet-Servering-01-kopia-768x512.jpg 768w, https://www.visitvarmland.com/app/uploads/sites/20/2025/01/Sliperiet-Servering-01-kopia-1536x1025.jpg 1536w, https://www.visitvarmland.com/app/uploads/sites/20/2025/01/Sliperiet-Servering-01-kopia-2048x1366.jpg 2048w, https://www.visitvarmland.com/app/uploads/sites/20/2025/01/Sliperiet-Servering-01-kopia-150x100.jpg 150w, https://www.visitvarmland.com/app/uploads/sites/20/2025/01/Sliperiet-Servering-01-kopia-600x400.jpg 600w, https://www.visitvarmland.com/app/uploads/sites/20/2025/01/Sliperiet-Servering-01-kopia-1200x800.jpg 1200w" sizes="auto, (max-width: 1024px) 100vw, 1024px" /></figure></div>


<p></p>



<h3 class="wp-block-heading">Bli proffs på att möta gästerna med Värdskapsguiden</h3>



<p>I Värdskapsguiden har vi samlat konkreta verktyg som hjälper dig att höja servicenivån och skapa ett bättre bemötande för dina gäster.<br>👉 <a href="https://www.visitvarmland.com/corporate/kunskapsbank/vardskapsguiden-verktyg-for-ett-battre-bemotande/" data-type="link" data-id="https://www.visitvarmland.com/corporate/vart-erbjudande/prenumerera-pa-vart-nyhetsbrev/"><strong>Till Värdskapsguiden</strong></a></p>



<p><br></p>
</div>



<div class="wp-block-column is-layout-flow wp-block-column-is-layout-flow"><div class="wp-block-image is-style-default">
<figure class="aligncenter size-large"><img loading="lazy" decoding="async" width="1024" height="683" src="https://www.visitvarmland.com/app/uploads/sites/20/2025/04/Paddling-2-low-1024x683.jpg" alt="Kvinnor som paddlar i en sjö" class="wp-image-5966" style="aspect-ratio:1.7777777777777777;object-fit:cover" srcset="https://www.visitvarmland.com/app/uploads/sites/20/2025/04/Paddling-2-low-1024x683.jpg 1024w, https://www.visitvarmland.com/app/uploads/sites/20/2025/04/Paddling-2-low-300x200.jpg 300w, https://www.visitvarmland.com/app/uploads/sites/20/2025/04/Paddling-2-low-768x512.jpg 768w, https://www.visitvarmland.com/app/uploads/sites/20/2025/04/Paddling-2-low-1536x1024.jpg 1536w, https://www.visitvarmland.com/app/uploads/sites/20/2025/04/Paddling-2-low-2048x1366.jpg 2048w, https://www.visitvarmland.com/app/uploads/sites/20/2025/04/Paddling-2-low-150x100.jpg 150w, https://www.visitvarmland.com/app/uploads/sites/20/2025/04/Paddling-2-low-600x400.jpg 600w, https://www.visitvarmland.com/app/uploads/sites/20/2025/04/Paddling-2-low-1200x800.jpg 1200w" sizes="auto, (max-width: 1024px) 100vw, 1024px" /></figure></div>


<p></p>



<h3 class="wp-block-heading">Nå internationella besökare genom researrangörer</h3>



<p>Genom Travel Trade, samarbete med internationella researrangörer, öppnas nya dörrar till marknader utomlands.<br>👉 <a href="https://www.visitvarmland.com/corporate/vart-erbjudande/travel-trade/" data-type="link" data-id="https://www.visitvarmland.com/corporate/vart-erbjudande/prenumerera-pa-vart-nyhetsbrev/"><strong>Så arbetar vi med Travel Trade</strong></a></p>



<p><br></p>
</div>
</div>



<hr class="wp-block-separator has-alpha-channel-opacity"/>



<p></p>



<h2 class="wp-block-heading has-text-align-center">💌</h2>



<h3 class="wp-block-heading has-text-align-center">Prenumerera på vårt nyhetsbrev för näringslivet</h3>



<p class="has-text-align-center">Få koll på vad som händer inom den värmländska besöksnäringen, vårt arbete och få smarta tips för dig som är företagare. </p>



<div class="wp-block-buttons is-content-justification-center is-layout-flex wp-container-core-buttons-is-layout-16018d1d wp-block-buttons-is-layout-flex">
<div class="wp-block-button"><a class="wp-block-button__link has-text-align-center wp-element-button" href="https://www.visitvarmland.com/corporate/vart-erbjudande/prenumerera-pa-vart-nyhetsbrev/">Anmäl dig här!</a></div>
</div>



<p class="has-text-align-center"></p>



<p><br></p>



<hr class="wp-block-separator has-alpha-channel-opacity"/>

<p>Utveckla din verksamhet med Affärsutvecklingsstegen Affärsutvecklingsstegen är en steg för steg-guide som ger dig konkreta verktyg för att ta ditt företag till nya höjder.👉 Till Affärsutvecklingsstegen Bli proffs på att möta gästerna med Värdskapsguiden I Värdskapsguiden har vi samlat konkreta verktyg som hjälper dig att höja servicenivån och skapa ett bättre bemötande för dina gäster.👉 [&hellip;]</p>
