{"id":199,"date":"2021-05-19T16:56:59","date_gmt":"2021-05-19T14:56:59","guid":{"rendered":"https:\/\/www.visitvarmland.com\/degerfors\/?page_id=199"},"modified":"2025-03-17T10:18:33","modified_gmt":"2025-03-17T09:18:33","slug":"om-degerfors","status":"publish","type":"page","link":"https:\/\/www.visitvarmland.com\/degerfors\/om-degerfors\/","title":{"rendered":"Om Degerfors"},"content":{"rendered":"\n<h2 class=\"wp-block-heading\">Restauranger, aktiviteter och Degerfors golf<\/h2>\n\n\n\n<p>Degern\u00e4somr\u00e5det \u00e4r  en riktig p\u00e4rla som ligger fantastiskt placerat intill sj\u00f6n M\u00f6ckeln d\u00e4r du ocks\u00e5 hittar Nya Degern\u00e4s Herrg\u00e5rd som serverar god mat och en\u00a0<a href=\"https:\/\/www.degerforsgolf.se\/\" data-type=\"link\" data-id=\"https:\/\/www.degerforsgolf.se\/\" target=\"_blank\" rel=\"noopener\">18-h\u00e5ls golfbana<\/a>\u00a0och camping, naturreservat och fina str\u00f6vstigar.\u00a0Hui Bin \u00e4r en asiatisk restaurang i centrala Degerfors,\u00a0<a href=\"https:\/\/www.visitvarmland.se\/sv\/ata\/restaurang-bosna-27958\" target=\"_blank\" rel=\"noopener\">Bosna<\/a>\u00a0\u00e4r sportbaren mitt i centrum och pizzeriorna ligger t\u00e4tt i Degerfors.<\/p>\n\n\n\n<p><a href=\"http:\/\/www.kulturcentrumberget.com\/\" target=\"_blank\" rel=\"noopener\">Kulturcentrum Berget<\/a> \u00e4r ett bes\u00f6ksm\u00e5l med eget cafe som passar alla \u00e5ldrar.&nbsp;<a href=\"https:\/\/www.visitvarmland.se\/sv\/ata\/martas-konditori-hb-28032\" target=\"_blank\" rel=\"noopener\">Manals konditori<\/a>&nbsp;i centrum erbjuder ett stort utbud av allt fr\u00e5n pariserkakor till sm\u00f6rg\u00e5st\u00e5rtor. P\u00e5&nbsp;<a href=\"https:\/\/www.visitvarmland.se\/sv\/ata\/cafe-kaffebonan-33205\" target=\"_blank\" rel=\"noopener\">Cafe Kaffeb\u00f6nan<\/a>&nbsp;i centrala \u00c5torp, intill Let\u00e4lven, kan du och fika men \u00e4ven inta en l\u00e4ttare lunch. Expressbutiken vid Degerfors J\u00e4rnv\u00e4gsstation f\u00f6rser dig som \u00e4r p\u00e5 spr\u00e5ng eller genomresa med fika mm<\/p>\n\n\n\n<div class=\"wp-block-atheme-component-collage-2 atheme-collage\"><div class=\"atheme-collage--double\"><div class=\"atheme-collage--image\" style=\"background-image:url( https:\/\/www.visitvarmland.com\/degerfors\/wp-content\/uploads\/sites\/3\/2025\/03\/Berget-21-original-369022.jpg )\"><div id=\"pgSdlEnKZVhOhRnl\" class=\"atheme-collage--infobox\"><p><\/p><\/div><div class=\"atheme-collage--action\"><div class=\"atheme-collage--action-btn\"><i class=\"fal fa-ellipsis-h\"><\/i><\/div><\/div><\/div><div class=\"atheme-collage--image\" style=\"background-image:url( https:\/\/www.visitvarmland.com\/degerfors\/wp-content\/uploads\/sites\/3\/2025\/03\/Berget-46-original-369044.jpg )\"><div id=\"kEVZiiIyfqBxXiGH\" class=\"atheme-collage--infobox\"><p><\/p><\/div><div class=\"atheme-collage--action\"><div class=\"atheme-collage--action-btn\"><i class=\"fal fa-ellipsis-h\"><\/i><\/div><\/div><\/div><\/div><\/div>\n\n\n\n<p><a href=\"https:\/\/www.visitvarmland.se\/sv\/gora\/sveafallen-naturreservat-28968\" target=\"_blank\" rel=\"noopener\">Sveafallen<\/a>\u00a0\u00e4r ett naturreservat som bjuder p\u00e5 massor med grytor och trolsk natur. \u00a0<a href=\"https:\/\/www.visitvarmland.se\/sv\/gora\/kulturcentrum-berget-28672\" target=\"_blank\" rel=\"noopener\">Kulturcentrum Berget<\/a>\u00a0finns under sommartid djurhage f\u00e5r, getter, kaniner, ankor och h\u00f6ns.\u00a0<a href=\"https:\/\/www.visitvarmland.se\/sv\/gora\/lilla-svingelskogen-29694\" target=\"_blank\" rel=\"noopener\">Lilla Svingelskogen<\/a>\u00a0kan du bes\u00f6ka L\u00e5nghoppa Hare med flera p\u00e5 Kulturcentrum Berget i Degerfors. Minigolf hittar du p\u00e5\u00a0<a href=\"https:\/\/www.visitvarmland.se\/sv\/bo\/degernas-camping-stuguthyrning-36369\" target=\"_blank\" rel=\"noopener\">Degern\u00e4s camping\u00a0<\/a>\u00a0och det finns m\u00f6jlighet att \u00e5ka dressin p\u00e5\u00a0<a href=\"https:\/\/www.visitvarmland.se\/sv\/gora\/trampa-dressin-pa-otterbacksbanan-30162\" target=\"_blank\" rel=\"noopener\">Otterb\u00e4cksbanan<\/a>\u00a0som g\u00e5r mellan Degerfors och Gullsp\u00e5ng.Sev\u00e4rdheter i Degerfors<\/p>\n\n\n\n<h4 class=\"wp-block-heading\">H\u00e4r \u00e4r n\u00e5gra tips p\u00e5 sev\u00e4rdheter<\/h4>\n\n\n\n<ul class=\"wp-block-list\">\n<li><strong>Kulturcentrum<\/strong>&nbsp;<strong>Berget<\/strong>&nbsp;&#8211;<a href=\"https:\/\/turid.visitvarmland.com\/admin\/products\/100740\/edit\">En plats f\u00f6r hela familjen<\/a>:&nbsp;caf\u00e9, glasskiosk, tipi, k\u00e4pph\u00e4sthoppning, lekplats, handelsbod, hantverksbodar, v\u00e4vstuga, antikt &amp; kuriosa ,smedja, bakerstuga, vagnsleader ,fotograf, s\u00f6mnad, nostalgivind och museum.<\/li>\n\n\n\n<li><strong>Fotboll p\u00e5 Stora Valla<\/strong>&nbsp;\u2013 bes\u00f6k v\u00e5rt&nbsp;<a href=\"https:\/\/www.visitvarmland.se\/sv\/gora\/fotbollsmuseet-28338\" target=\"_blank\" rel=\"noopener\">Fotbollsmuseum<\/a>&nbsp;eller tr\u00e4na p\u00e5&nbsp;<a href=\"https:\/\/www.visitvarmland.se\/sv\/gora\/stora-vallahallen-48999\" target=\"_blank\" rel=\"noopener\">Stora Vallahallen<\/a>.<\/li>\n\n\n\n<li><strong>Dressin p\u00e5 Trel\u00e4nsbanan<\/strong>&nbsp;&#8211;&nbsp;<a href=\"https:\/\/www.visitvarmland.se\/sv\/gora\/trampa-dressin-pa-otterbacksbanan-30162\" target=\"_blank\" rel=\"noopener\">\u00f6ppet maj till september<\/a><\/li>\n\n\n\n<li><strong>Degern\u00e4somr\u00e5det<\/strong>&nbsp;&#8211; golf, restaurang och camping<\/li>\n\n\n\n<li><strong>K\u00e4rleksparken&nbsp;<\/strong>&#8211;&nbsp;rostfritt hj\u00e4rta d\u00e4r du kan l\u00e5sa fast ditt v\u00e4nskap\/k\u00e4rleksl\u00e5s<\/li>\n\n\n\n<li><strong>Svart\u00e5<\/strong>&nbsp;&#8211; fiske handikappramper i Storbj\u00f6rken , del av Bergslagsleden, NYHET! Bergslagencykling mtb-led 2,1 mil .<\/li>\n\n\n\n<li><strong>\u00c5torp<\/strong>&nbsp;&#8211;&nbsp;<a href=\"https:\/\/www.visitvarmland.se\/sv\/gora\/nysunds-kyrka-28805\" target=\"_blank\" rel=\"noopener\">Nysunds kyrka<\/a>&nbsp;fr 1638 guidningar hela sommaren  , stenbron fr 1817, mysiga&nbsp;<a href=\"https:\/\/www.visitvarmland.se\/sv\/ata\/cafe-kaffebonan-33205\" target=\"_blank\" rel=\"noopener\">Caf\u00e9 Kaffeb\u00f6nan<\/a><\/li>\n\n\n\n<li><strong>Fiske<\/strong>&nbsp;&#8211; Fiska i \u00f6ver 70 sj\u00f6ar p\u00e5 ett fiskekort<\/li>\n\n\n\n<li><strong>Vandringsleder<\/strong>\u00a0&#8211; vi erbjuder 30 st h\u00e4rliga naturreservat och vandringsleder.<\/li>\n<\/ul>\n\n\n\n<h2 class=\"wp-block-heading\"><strong>Historia och kultur<\/strong><\/h2>\n\n\n\n<p>I dag bor det ca 9500 personer i Degerfors.&nbsp;Degerfors \u00e4r en bruksort d\u00e4r st\u00e5let och fotbollen samt musiken haft stor betydelse under \u00e5ren.<\/p>\n\n\n\n<p>Degerfors Musikk\u00e5r \u00e4r en mycket aktiv Musikk\u00e5r som h\u00e5ller mycket h\u00f6g klass&nbsp; och som g\u00e5tt h\u00f6gvakten vid Stockholm m\u00e5nga g\u00e5nger under \u00e5ren.<\/p>\n\n\n\n<p>Degerfors \u00e4r k\u00e4nt f\u00f6r sina j\u00e4ttegrytor fr\u00e5n istiden. Naturreservatet&nbsp;<a href=\"https:\/\/www.visitvarmland.se\/sv\/gora\/sveafallen-naturreservat-28968\" target=\"_blank\" rel=\"noopener\">Sveafallen<\/a>&nbsp;\u00e4r ett mycket v\u00e4lbes\u00f6kt omr\u00e5de d\u00e4r det finns \u00f6ver 200 j\u00e4ttegrytor i omr\u00e5det. H\u00e4r finns det uppm\u00e4rkta vandringsleder f\u00f6r att bes\u00f6kare ska hitta. Vissa delar \u00e4r handikappanpassade. M\u00e5nga grytor \u00e4r uppm\u00e4rkta och ligger vid vandringsleden. Information finns ocks\u00e5 i anslutning till vandringslederna.<\/p>\n\n\n\n<p><a href=\"https:\/\/www.visitvarmland.se\/sv\/gora\/kulturcentrum-berget-28672\" target=\"_blank\" rel=\"noopener\">Kulturcentrum Berget<\/a>&nbsp;\u00e4r gamla arbetarbost\u00e4der fr\u00e5n 1800-talet som Degerfors J\u00e4rnverk hade f\u00f6r sina anst\u00e4llda. Byggnaderna ligger i anslutning till Sveafallen&nbsp; h\u00e4r finns det massor att g\u00f6ra f\u00f6r hela familjen s\u00e5som handelsbodar, djurhage med sm\u00e5djur, vagnsleader, nostalgivind, hantverkare, utst\u00e4llningar och artistkv\u00e4llar Lilla Svingelskogen och mycket annat.<\/p>\n\n\n\n<p>Ut\u00f6ver detta hittar du\u00a0milit\u00e4r historia, befolkningsutveckling, kultur, teater, bibliotek, bio, museum och en hel del andra \u00e4ventyr i Degerfors.<\/p>\n\n\n\n<div class=\"wp-block-atheme-component-collage-2 atheme-collage\"><div class=\"atheme-collage--double\"><div class=\"atheme-collage--image\" style=\"background-image:url( https:\/\/www.visitvarmland.com\/degerfors\/wp-content\/uploads\/sites\/3\/2025\/03\/IMG20240711115527-original-1375133.jpg )\"><div id=\"UyQHgIPEJckpMVqF\" class=\"atheme-collage--infobox\"><p><\/p><\/div><div class=\"atheme-collage--action\"><div class=\"atheme-collage--action-btn\"><i class=\"fal fa-ellipsis-h\"><\/i><\/div><\/div><\/div><div class=\"atheme-collage--image\" style=\"background-image:url( https:\/\/www.visitvarmland.com\/degerfors\/wp-content\/uploads\/sites\/3\/2025\/03\/Dressinbana-Pernilla-original-1257758.jpg )\"><div id=\"LuGPhdqxSBdQglHH\" class=\"atheme-collage--infobox\"><p><\/p><\/div><div class=\"atheme-collage--action\"><div class=\"atheme-collage--action-btn\"><i class=\"fal fa-ellipsis-h\"><\/i><\/div><\/div><\/div><\/div><\/div>\n\n\n\n<h2 class=\"wp-block-heading\">N\u00e4ringsliv och utbildning i Degerfors&nbsp;<\/h2>\n\n\n\n<p>Degerfors en l\u00e4ttbodd kommun.&nbsp;I Degerfors centrum f\u00e5r man en k\u00e4nsla av 50 \u2013talet med den karakt\u00e4ristiska arkitekturen.&nbsp;I centrum \u00e4r det n\u00e4ra till allt och h\u00e4r finns det mesta f\u00f6r de flesta. Vi har gratis parkering \u00e5ret om.&nbsp;I Degerfors centrum hittar du de mindre butikerna med det nischade sortimentet du kanske inte hittar n\u00e5gon annanstans.&nbsp;Botanisera bland skoaff\u00e4r, blomsteraff\u00e4r, presentbutik, apotek,  optiker, fest och br\u00f6llopsbutik,  systembolag, orientaliska butiker och matbutiker.<\/p>\n\n\n\n<p>\u00d6vrigt: fris\u00f6rer, sk\u00f6nhetssalonger, tandl\u00e4kare, fotv\u00e5rdsspecialist, zonterapi, massage, solarium, gym, bed and breakfast, spabad, konditori, caf\u00e9, asiatisk restaurang, sportbar, grillk\u00f6k, pizzerior och restauranger.<\/p>\n\n\n\n<p>Handeln utanf\u00f6r centrum forts\u00e4tter med bland annat bensinstationer, mattaff\u00e4r,  biluthyrning, d\u00e4ckservice, golfbana med butik, m\u00f6belaff\u00e4r och j\u00e4rnaff\u00e4r, barnaff\u00e4r, antikt och kuriosa och mycket mera.<\/p>\n\n\n\n<p>Ett annat handelscentrum som vi inte vill att du ska missa \u00e4r s\u00e5 klart Kulturcentrum Berget d\u00e4r du hittar m\u00e5nga fina hantverkare, konstn\u00e4rer designer mm.\u00a0<\/p>\n\n\n\n<h2 class=\"wp-block-heading\">Boende och Camping i Degerfors<\/h2>\n\n\n\n<p>H\u00e4r \u00e4r n\u00e5gra av de boenden och Campingar du hittar i Degerfors.<\/p>\n\n\n\n<ul class=\"wp-block-list\">\n<li><a href=\"https:\/\/www.visitvarmland.se\/sv\/bo\/degerfors-bed-breakfast-32681\" target=\"_blank\" rel=\"noopener\">Degerfors bed and breakfast<\/a>&nbsp;\u2013 mysigt boende i centrala Degerfors<\/li>\n\n\n\n<li><a href=\"https:\/\/www.visitvarmland.se\/sv\/bo\/bo-pa-lantgard-i-brannebacken-33275\" target=\"_blank\" rel=\"noopener\">Bo p\u00e5 lantg\u00e5rd<\/a>&nbsp;&#8211; lantligt&nbsp; boende vid M\u00f6ckelns \u00f6stra strand<\/li>\n\n\n\n<li><a href=\"https:\/\/www.visitvarmland.se\/sv\/bo\/degernas-camping-stuguthyrning-36369\" target=\"_blank\" rel=\"noopener\">Degern\u00e4s Camping&nbsp;<\/a>\u2013 Vackert boende vid sj\u00f6n M\u00f6ckeln med n\u00e4rhet till golfbana och restaurang.<\/li>\n\n\n\n<li><a href=\"https:\/\/www.visitvarmland.se\/sv\/bo\/bruksmassen-hotell-27692\" target=\"_blank\" rel=\"noopener\">Bruksm\u00e4ssen<\/a>&nbsp;\u2013 Hotell intill Degerfors J\u00e4rnverk.&nbsp;<\/li>\n<\/ul>\n\n\n\n<p><\/p>\n","protected":false},"excerpt":{"rendered":"<p>Restauranger, aktiviteter och Degerfors golf Degern\u00e4somr\u00e5det \u00e4r en riktig p\u00e4rla som ligger fantastiskt placerat intill sj\u00f6n M\u00f6ckeln d\u00e4r du ocks\u00e5 hittar Nya Degern\u00e4s Herrg\u00e5rd som serverar god mat och en\u00a018-h\u00e5ls golfbana\u00a0och camping, naturreservat och fina str\u00f6vstigar.\u00a0Hui Bin \u00e4r en asiatisk restaurang i centrala Degerfors,\u00a0Bosna\u00a0\u00e4r sportbaren mitt i centrum och pizzeriorna ligger t\u00e4tt i Degerfors. Kulturcentrum [&hellip;]<\/p>\n","protected":false},"author":3,"featured_media":0,"parent":0,"menu_order":0,"comment_status":"closed","ping_status":"open","template":"","meta":{"_acf_changed":false,"footnotes":""},"class_list":["post-199","page","type-page","status-publish","hentry"],"acf":[],"lang":"sv","translations":{"sv":199},"pll_sync_post":[],"_links":{"self":[{"href":"https:\/\/www.visitvarmland.com\/degerfors\/wp-json\/wp\/v2\/pages\/199","targetHints":{"allow":["GET"]}}],"collection":[{"href":"https:\/\/www.visitvarmland.com\/degerfors\/wp-json\/wp\/v2\/pages"}],"about":[{"href":"https:\/\/www.visitvarmland.com\/degerfors\/wp-json\/wp\/v2\/types\/page"}],"author":[{"embeddable":true,"href":"https:\/\/www.visitvarmland.com\/degerfors\/wp-json\/wp\/v2\/users\/3"}],"replies":[{"embeddable":true,"href":"https:\/\/www.visitvarmland.com\/degerfors\/wp-json\/wp\/v2\/comments?post=199"}],"version-history":[{"count":14,"href":"https:\/\/www.visitvarmland.com\/degerfors\/wp-json\/wp\/v2\/pages\/199\/revisions"}],"predecessor-version":[{"id":574,"href":"https:\/\/www.visitvarmland.com\/degerfors\/wp-json\/wp\/v2\/pages\/199\/revisions\/574"}],"wp:attachment":[{"href":"https:\/\/www.visitvarmland.com\/degerfors\/wp-json\/wp\/v2\/media?parent=199"}],"curies":[{"name":"wp","href":"https:\/\/api.w.org\/{rel}","templated":true}]}}