{"id":659,"date":"2025-02-13T08:21:11","date_gmt":"2025-02-13T07:21:11","guid":{"rendered":"https:\/\/www.visitvarmland.com\/eda\/?page_id=659"},"modified":"2025-02-13T08:22:31","modified_gmt":"2025-02-13T07:22:31","slug":"travel-here","status":"publish","type":"page","link":"https:\/\/www.visitvarmland.com\/eda\/en\/travel-here\/","title":{"rendered":"Travel here"},"content":{"rendered":"\n<p><\/p>\n\n\n\n<h2 class=\"wp-block-heading\">Take the Train to Eda<\/h2>\n\n\n\n<p>Traveling by train is a climate-smart option, and you can reach Eda by train. You can travel to Eda by train from both Stockholm and Oslo. You&#8217;ll take the main railway line passing through \u00c5motfors and Charlottenberg, but only <a href=\"https:\/\/www.varmlandstrafik.se\/\" target=\"_blank\" rel=\"noopener\">V\u00e4rmlandstrafik&#8217;s<\/a> trains stop here. The nearest station is Arvika, from where there are train and bus connections to Eda.<\/p>\n\n\n\n<p>The railway station in \u00c5motfors is located on J\u00e4rnv\u00e4gsgatan near the center and Eda Skans Museum.<\/p>\n\n\n\n<p>The railway station and Travel Center in Charlottenberg are centrally located on Storgatan, about a 10-minute walk from Charlottenberg Shopping Center.<\/p>\n\n\n\n<div class=\"wp-block-atheme-component-action-button atheme-wrapper--action-button-single\"><a href=\"https:\/\/www.sj.se\/?a=b&amp;gclsrc=aw.ds&amp;ds_rl=1249642&amp;gad_source=1&amp;gclid=CjwKCAiAtYy9BhBcEiwANWQQLy90foLIXoDp_Ih-XIzcZQj9-7xGP8jO69fc7kW7NnI-N7ROzh-UwhoCkvMQAvD_BwE\" target=\"_blank\" class=\"a-action a-action--arrow\" rel=\"noopener\"><span>Learn more about traveling to Eda by train<\/span><\/a><\/div>\n\n\n\n<h2 class=\"wp-block-heading\">Take the Bus to Eda<\/h2>\n\n\n\n<p>You can travel to and within Eda by bus with <a href=\"https:\/\/www.varmlandstrafik.se\/\" target=\"_blank\" rel=\"noopener\">V\u00e4rmlandstrafik<\/a>. There are bus connections between the towns of Charlottenberg, \u00c5motfors, and Koppom, as well as to H\u00e4ljeboda and Skillingsfors. There are also bus connections to Charlottenberg from Norway with <a href=\"https:\/\/innlandstrafikk.no\/\" target=\"_blank\" rel=\"noopener\">Innlandstrafikk<\/a>. Buses stop at Charlottenberg Shopping Center and Charlottenberg Travel Center.<\/p>\n\n\n\n<p>If you need to hire a bus company for your transportation needs, you can find one in Eda. Contact <a href=\"https:\/\/skillingmarksbuss.se\/\" data-type=\"URL\" data-id=\"https:\/\/skillingmarksbuss.se\/\" target=\"_blank\" rel=\"noopener\">Skillingmarks Buss<\/a>, tel. +46 (0)76-80 80 538. <\/p>\n\n\n\n<div class=\"wp-block-atheme-component-action-button atheme-wrapper--action-button-single\"><a href=\"https:\/\/www.varmlandstrafik.se\/\" target=\"_self\" class=\"a-action a-action--arrow\" rel=\"noopener\"><span>Read more about V\u00e4rmlandstrafik<\/span><\/a><\/div>\n\n\n\n<figure class=\"wp-block-image size-large is-style-default\"><img loading=\"lazy\" decoding=\"async\" width=\"1024\" height=\"696\" src=\"https:\/\/www.visitvarmland.com\/eda\/wp-content\/uploads\/sites\/4\/2025\/02\/171016-Transport-03-webb-1024x696.png\" alt=\"\" class=\"wp-image-467\" srcset=\"https:\/\/www.visitvarmland.com\/app\/uploads\/sites\/4\/2025\/02\/171016-Transport-03-webb-1024x696.png 1024w, https:\/\/www.visitvarmland.com\/app\/uploads\/sites\/4\/2025\/02\/171016-Transport-03-webb-300x204.png 300w, https:\/\/www.visitvarmland.com\/app\/uploads\/sites\/4\/2025\/02\/171016-Transport-03-webb-768x522.png 768w, https:\/\/www.visitvarmland.com\/app\/uploads\/sites\/4\/2025\/02\/171016-Transport-03-webb-1536x1044.png 1536w, https:\/\/www.visitvarmland.com\/app\/uploads\/sites\/4\/2025\/02\/171016-Transport-03-webb-2048x1392.png 2048w, https:\/\/www.visitvarmland.com\/app\/uploads\/sites\/4\/2025\/02\/171016-Transport-03-webb-150x102.png 150w, https:\/\/www.visitvarmland.com\/app\/uploads\/sites\/4\/2025\/02\/171016-Transport-03-webb-600x408.png 600w\" sizes=\"auto, (max-width: 1024px) 100vw, 1024px\" \/><\/figure>\n\n\n\n<p><\/p>\n\n\n\n<h2 class=\"wp-block-heading\">By Plane<\/h2>\n\n\n\n<p>From Charlottenberg, it&#8217;s about 100 km to <a href=\"http:\/\/ksdarprt.se\/\" target=\"_blank\" rel=\"noreferrer noopener\">Karlstad Airport<\/a> and 110 km to <a href=\"https:\/\/avinor.no\/flyplass\/oslo\/\" target=\"_blank\" rel=\"noopener\">Oslo Airport Gardermoen<\/a>.&nbsp;<\/p>\n\n\n\n<h2 class=\"wp-block-heading\">By Car<\/h2>\n\n\n\n<p>Highway 61 runs through Eda, connecting Karlstad &#8211; Arvika to the Norwegian border, where it continues as National Road 2 in Norway. Highway 61 passes through both Charlottenberg and \u00c5motfors. Road 177 comes from \u00c5rj\u00e4ng and reaches Eda via Koppom.<\/p>\n\n\n\n<p>There are plenty of free parking spaces in all town centers. The parking locations are marked on the Eda Visitor Map.<\/p>\n\n\n<p>wp:atheme\/component-facts {&#8221;backgroundColor&#8221;:&#8221;rgb(235,214,153)&#8221;} &#8211;&gt;<\/p>\n<div class=\"wp-block-atheme-component-facts atheme-wrapper\">\n<div class=\"atheme-facts\">\n<h3>Distance<\/h3>\n<p>From Arvika, it is 38 km to Charlottenberg and 24 km to \u00c5motfors.<br \/>From \u00c5rj\u00e4ng, it is 37 km to Koppom.<br \/>From Kongsvinger, it is 43 km to Charlottenberg.<\/p>\n<\/div>\n<\/div>\n<p><!-- \/wp:post-content --><\/p>\n<p><!-- wp:heading {\"level\":4} --><\/p>\n<h4 class=\"wp-block-heading\"><strong>Charging Stations<\/strong><\/h4>\n<p><!-- \/wp:heading --><\/p>\n<p><!-- wp:paragraph --><\/p>\n<p>Charging stations are available at Charlottenberg Shopping Center and Charlottenberg Handelspark.<\/p>\n<p><!-- \/wp:paragraph --><\/p>\n<p><!-- wp:heading {\"level\":4} --><\/p>\n<h4 class=\"wp-block-heading\"><strong>Gas Stations<\/strong><\/h4>\n<p><!-- \/wp:heading --><\/p>\n<p><!-- wp:paragraph --><\/p>\n<p>InGo in Morokulien, Kungsv\u00e4gen 34<br \/>Circle K in Charlottenberg, Charlottenbergsv\u00e4gen 1<br \/>Preem in Charlottenberg, Emterudsv\u00e4gen 25<br \/>Shell Truck Diesel in Charlottenberg, H\u00f6kedalsv\u00e4gen 1 and in \u00c5motfors, Viksv\u00e4gen 1<br \/>Koppomsmacken AB in Koppom, Koppomsv\u00e4gen 19<\/p>\n<p><!-- \/wp:paragraph --><\/p>\n<p><!-- wp:heading {\"level\":4} --><\/p>\n<h4 class=\"wp-block-heading\"><strong>Car Repair Shops<\/strong><\/h4>\n<p><!-- \/wp:heading --><\/p>\n<p><!-- wp:paragraph --><\/p>\n<p>AD Bilverkstad, Snickarv\u00e4gen 7 Charlottenberg, 076-007 30 38<br \/>Autoexperten, K\u00e4llgatan 5 Charlottenberg, 0571-210 80<br \/>Meca Carservice, Industrigatan 3 Charlottenberg, 0571-200 35<br \/>Mekonomen, Industrigatan 7 Charlottenberg, 0571-220 10<br \/>Preem, Emterudsv\u00e4gen 25 Charlottenberg, 0571-208 40<br \/>\u00c5motfors Bilverkstad, Viks Gr\u00e4nd 1, 0571-314 12<br \/>Kentas Bil &amp; D\u00e4ck Service, Noreborg \u00c5motfors, 070-301 78 61<br \/>LK:s Bilb\u00e4rgning Bilservice, Norumsv\u00e4gen 5 \u00c5motfors, 0571-304 00<br \/>Allservice, Koppomsv\u00e4gen 31 Koppom, 0571-101 10<br \/>Stefans Bilreparationer, Hagtorpsv\u00e4gen 6 Koppom, 0571-108 52<br \/>Swe Baltin, Koppomsv\u00e4gen 10 Koppom, 070-848 97 11<br \/>H\u00f6gdahls Bilservice, Stora Koppom, 0571-106 30&nbsp;<\/p>\n<p><!-- \/wp:paragraph --><\/p>\n<p><!-- wp:heading {\"level\":4} --><\/p>\n<h4 class=\"wp-block-heading\">Take a Taxi to Eda<\/h4>\n<p><!-- \/wp:heading --><\/p>\n<p><!-- wp:paragraph --><\/p>\n<p>Arvika-Eda Taxitransporter will get you to the right address. Tel +46 (0)570-107 00, <a href=\"https:\/\/www.arvikataxi.se\/\" data-type=\"URL\" data-id=\"https:\/\/www.arvikataxi.se\/\" target=\"_blank\" rel=\"noopener\">www.arvikataxi.se<\/a><\/p>\n<p><!-- \/wp:paragraph --><\/p>","protected":false},"excerpt":{"rendered":"<p>Take the Train to Eda Traveling by train is a climate-smart option, and you can reach Eda by train. You can travel to Eda by train from both Stockholm and Oslo. You&#8217;ll take the main railway line passing through \u00c5motfors and Charlottenberg, but only V\u00e4rmlandstrafik&#8217;s trains stop here. The nearest station is Arvika, from where [&hellip;]<\/p>\n","protected":false},"author":410,"featured_media":478,"parent":0,"menu_order":0,"comment_status":"closed","ping_status":"open","template":"","meta":{"_acf_changed":false,"footnotes":""},"class_list":["post-659","page","type-page","status-publish","has-post-thumbnail","hentry"],"acf":[],"lang":"en","translations":{"en":659,"sv":199},"pll_sync_post":[],"_links":{"self":[{"href":"https:\/\/www.visitvarmland.com\/eda\/wp-json\/wp\/v2\/pages\/659","targetHints":{"allow":["GET"]}}],"collection":[{"href":"https:\/\/www.visitvarmland.com\/eda\/wp-json\/wp\/v2\/pages"}],"about":[{"href":"https:\/\/www.visitvarmland.com\/eda\/wp-json\/wp\/v2\/types\/page"}],"author":[{"embeddable":true,"href":"https:\/\/www.visitvarmland.com\/eda\/wp-json\/wp\/v2\/users\/410"}],"replies":[{"embeddable":true,"href":"https:\/\/www.visitvarmland.com\/eda\/wp-json\/wp\/v2\/comments?post=659"}],"version-history":[{"count":4,"href":"https:\/\/www.visitvarmland.com\/eda\/wp-json\/wp\/v2\/pages\/659\/revisions"}],"predecessor-version":[{"id":664,"href":"https:\/\/www.visitvarmland.com\/eda\/wp-json\/wp\/v2\/pages\/659\/revisions\/664"}],"wp:featuredmedia":[{"embeddable":true,"href":"https:\/\/www.visitvarmland.com\/eda\/wp-json\/wp\/v2\/media\/478"}],"wp:attachment":[{"href":"https:\/\/www.visitvarmland.com\/eda\/wp-json\/wp\/v2\/media?parent=659"}],"curies":[{"name":"wp","href":"https:\/\/api.w.org\/{rel}","templated":true}]}}