{"id":666,"date":"2025-02-13T08:30:45","date_gmt":"2025-02-13T07:30:45","guid":{"rendered":"https:\/\/www.visitvarmland.com\/eda\/?page_id=666"},"modified":"2025-02-13T13:16:30","modified_gmt":"2025-02-13T12:16:30","slug":"about-eda","status":"publish","type":"page","link":"https:\/\/www.visitvarmland.com\/eda\/en\/about-eda\/","title":{"rendered":"About Eda"},"content":{"rendered":"\n<h2 class=\"wp-block-heading\">Eda \u2013 a border municipality close to everything<\/h2>\n\n\n\n<p>Welcome to our border municipality with close proximity to everything. Eda is only an hour and a half by car to Karlstad, the same distance to Norway&#8217;s capital Oslo, and even closer to the international airport Gardermoen and Karlstad Airport.<\/p>\n\n\n\n<div class=\"wp-block-atheme-component-facts atheme-wrapper\"><div class=\"atheme-facts\" style=\"background-color:rgb(235,214,153)\"><h3>Did you know that&#8230;<\/h3><p>&#8230; Eda has a total of 12 nature reserves.&nbsp;<a href=\"https:\/\/www.visitvarmland.se\/sv\/gora\/naturreservatet-tallmon-56067\" target=\"_blank\" rel=\"noopener\">Tallmon Nature Reserve&nbsp;<\/a>in Charlottenberg is centrally located and just a stone&#8217;s throw from the shopping area. Here you will find various exercise trails, a warming cabin, shelters, and an outdoor gym.<\/p><\/div><\/div>\n\n\n\n<p>Approximately 8,600 inhabitants live in Eda. The three largest urban areas are Charlottenberg, \u00c5motfors, and Koppom, and the largest lakes are R\u00e4nken, Bysj\u00f6n, Hugn, and Askesj\u00f6n.<\/p>\n\n\n\n<h2 class=\"wp-block-heading\">A leading business sector and active community life<\/h2>\n\n\n\n<p>Eda is home to several large and leading companies within the basic industry. Some of the largest companies are Norma Precision, Nordic Paper, Fundo Components, Hilmer Andersson, and Crem International.<\/p>\n\n\n\n<p>There are great opportunities for cross-border shopping at <a href=\"https:\/\/charlottenbergsshopping.se\/\" target=\"_blank\" rel=\"noopener\">Charlottenberg Shopping Center<\/a> with 60 stores. Some choose to stay overnight at&nbsp;<a href=\"https:\/\/www.visitvarmland.se\/sv\/bo\/hotell-charlottenberg-65873\" target=\"_blank\" rel=\"noopener\">Hotell Charlottenberg<\/a>&nbsp;and enjoy a well-prepared dinner in the evening. During the day, you can also find lunch restaurants inside the shopping centers and along Storgatan.<\/p>\n\n\n\n<div class=\"wp-block-atheme-component-action-button atheme-wrapper--action-button-single\"><a href=\"https:\/\/www.visitvarmland.com\/eda\/en\/tips-and-guides\/mat-i-eda\/\" target=\"_self\" class=\"a-action a-action--arrow\" rel=\"noopener\"><span>Find out more about food and fika in Eda<\/span><\/a><\/div>\n\n\n\n<p>The association life engages many residents of Eda and, with its activities and events, attracts visitors throughout the year. There is a broad interest in sports, making the ice rink in Charlottenberg and the sports halls in \u00c5motfors and Koppom frequently used. In addition, singing and music are close to many hearts. During the summer, the local heritage farms open up with exhibitions, crafts, raffles, cafes with homemade bread, and entertainment by local talents. Midsummer celebrations, Christmas markets, and other activities are also organized here.<\/p>\n\n\n\n<div class=\"wp-block-atheme-component-facts atheme-wrapper\"><div class=\"atheme-facts\" style=\"background-color:rgb(235,214,153)\"><h3>Did you know that&#8230;<\/h3><p>&#8230; There are many famous people who grew up in Eda. Here are some well-known names such as slalom skier Matts Olsson, biathlete Mona Brorsson, rally driver Pontus Tidemand, opera singer Annalena Persson, and singer Mattias Holmgren.<\/p><\/div><\/div>\n\n\n\n<div class=\"wp-block-atheme-component-action-button atheme-wrapper--action-button-single\"><a href=\"https:\/\/www.visitvarmland.com\/aktiviteter?categories=aktiviteter&amp;municipalities=eda\" target=\"_self\" class=\"a-action a-action--arrow\" rel=\"noopener\"><span>Check out what\u2019s happening in Eda right now<\/span><\/a><\/div>\n\n\n\n<figure class=\"wp-block-image size-large\"><img loading=\"lazy\" decoding=\"async\" width=\"1024\" height=\"617\" src=\"https:\/\/www.visitvarmland.com\/eda\/wp-content\/uploads\/sites\/4\/2024\/12\/img-9036-1024x617.jpg\" alt=\"\" class=\"wp-image-407\" srcset=\"https:\/\/www.visitvarmland.com\/app\/uploads\/sites\/4\/2024\/12\/img-9036-1024x617.jpg 1024w, https:\/\/www.visitvarmland.com\/app\/uploads\/sites\/4\/2024\/12\/img-9036-300x181.jpg 300w, https:\/\/www.visitvarmland.com\/app\/uploads\/sites\/4\/2024\/12\/img-9036-768x463.jpg 768w, https:\/\/www.visitvarmland.com\/app\/uploads\/sites\/4\/2024\/12\/img-9036-150x90.jpg 150w, https:\/\/www.visitvarmland.com\/app\/uploads\/sites\/4\/2024\/12\/img-9036-600x362.jpg 600w, https:\/\/www.visitvarmland.com\/app\/uploads\/sites\/4\/2024\/12\/img-9036.jpg 1500w\" sizes=\"auto, (max-width: 1024px) 100vw, 1024px\" \/><\/figure>\n\n\n\n<p><\/p>\n\n\n\n<h2 class=\"wp-block-heading\">Cross-border History and Culture<\/h2>\n\n\n\n<p>Eda is known for its cross-border history and culture. <a href=\"https:\/\/www.visitvarmland.se\/sv\/gora\/morokulien-fredsplats-45977\" target=\"_blank\" rel=\"noopener\">The border crossing in Morokulien<\/a>, at RV 61\/RV 2, is the second-largest crossing between Sweden and Norway. Morokulien is primarily known for the Peace Monument from 1914, built to commemorate 100 years of peace between the two countries. In Morokulien, the Finnskogleden starts, a unique wilderness trail, 240 km long, through the Finnskog Forest. The trail crosses the national border several times.<\/p>\n\n\n\n<div class=\"wp-block-atheme-component-facts atheme-wrapper\"><div class=\"atheme-facts\" style=\"background-color:rgb(235,214,153)\"><h3>Did you know that&#8230;<\/h3><p>&#8230; In 2014, Morokulien received a gift from South Korea. It is a Peace Bell housed in a pagoda. The bell reads \u201cTid for Fred\u201d and \u201cTime for Peace,\u201d which fits perfectly in the Peace Kingdom of Morokulien.<\/p><\/div><\/div>\n\n\n\n<h4 class=\"wp-block-heading\">Morokulien, Eda Skans and Eda Glassworks<\/h4>\n\n\n\n<p>Eda has several museums and many border-historical monuments worth visiting. The Peace Monument in Morokulien, <a href=\"https:\/\/www.visitvarmland.se\/sv\/gora\/eda-skans-28367\" target=\"_blank\" rel=\"noopener\">Eda Skans<\/a> and <a href=\"https:\/\/www.visitvarmland.se\/sv\/gora\/eda-skans-museum-35001\" target=\"_blank\" rel=\"noopener\">Eda Skans Museum<\/a>, <a href=\"https:\/\/www.visitvarmland.se\/sv\/gora\/museet-beredskapsara-28258\" target=\"_blank\" rel=\"noopener\">The Civil Defense Era Museum<\/a>, <a href=\"https:\/\/www.visitvarmland.se\/sv\/gora\/skansen-hultet-31751\" target=\"_blank\" rel=\"noopener\">Skansen Hultet<\/a> and <a href=\"https:\/\/www.visitvarmland.se\/sv\/gora\/eda-glasmuseum-29450\" target=\"_blank\" rel=\"noopener\">Eda Glass Museum<\/a>. Eda Glassworks closed in 1953, but much glass and other items have been preserved, and there is now also a furnace for small-scale production. Every summer, a theme exhibition is shown in addition to the regular exhibition.<\/p>\n\n\n\n<div class=\"wp-block-atheme-component-action-button atheme-wrapper--action-button-single\"><a href=\"https:\/\/www.visitvarmland.com\/eda\/en\/tips-and-guides\/se-och-gora-i-eda\/\" target=\"_self\" class=\"a-action a-action--arrow\" rel=\"noopener\"><span>Read more about culture in Eda<\/span><\/a><\/div>\n\n\n\n<figure class=\"wp-block-image size-full\"><img loading=\"lazy\" decoding=\"async\" width=\"1000\" height=\"665\" src=\"https:\/\/www.visitvarmland.com\/eda\/wp-content\/uploads\/sites\/4\/2023\/06\/kajaker.jpg\" alt=\"\" class=\"wp-image-252\" srcset=\"https:\/\/www.visitvarmland.com\/app\/uploads\/sites\/4\/2023\/06\/kajaker.jpg 1000w, https:\/\/www.visitvarmland.com\/app\/uploads\/sites\/4\/2023\/06\/kajaker-300x200.jpg 300w, https:\/\/www.visitvarmland.com\/app\/uploads\/sites\/4\/2023\/06\/kajaker-768x511.jpg 768w, https:\/\/www.visitvarmland.com\/app\/uploads\/sites\/4\/2023\/06\/kajaker-18x12.jpg 18w, https:\/\/www.visitvarmland.com\/app\/uploads\/sites\/4\/2023\/06\/kajaker-150x100.jpg 150w, https:\/\/www.visitvarmland.com\/app\/uploads\/sites\/4\/2023\/06\/kajaker-600x399.jpg 600w\" sizes=\"auto, (max-width: 1000px) 100vw, 1000px\" \/><\/figure>\n\n\n\n<p><\/p>\n\n\n\n<h2 class=\"wp-block-heading\">Activities in Eda<\/h2>\n\n\n\n<p>During the summer, hiking, paddling, fishing, and swimming attract visitors. By Lake Hugn, you\u2019ll find <a href=\"https:\/\/www.visitvarmland.se\/sv\/gora\/eda-golfklubb-noresund-29459\" data-type=\"link\" data-id=\"https:\/\/www.visitvarmland.se\/sv\/gora\/eda-golfklubb-noresund-29459\" target=\"_blank\" rel=\"noopener\">Eda Golf Club<\/a> with 18 holes and a fantastic lake view. The <a href=\"https:\/\/www.visitvarmland.se\/sv\/gora\/pilgrimsleden-vastra-varmland-40664\" target=\"_blank\" rel=\"noopener\">Pilgrim Trail in Western V\u00e4rmland<\/a> stretches through the municipality along the old railway embankment from Koppom to Skillingmark \u2013 perfect for a nature-filled hike.<\/p>\n\n\n\n<p>In the winter, <a href=\"https:\/\/www.visitvarmland.se\/sv\/gora\/valfjallet-skicenter-35070\" data-type=\"link\" data-id=\"https:\/\/www.visitvarmland.se\/sv\/gora\/valfjallet-skicenter-35070\" target=\"_blank\" rel=\"noopener\">Valfj\u00e4llet Ski Center<\/a> is a popular destination with its five lifts and twelve slopes. There is also ski rental and ski school. Valter welcomes all families with children!<\/p>\n\n\n\n<div class=\"wp-block-atheme-component-facts atheme-wrapper\"><div class=\"atheme-facts\"><h3>Did you know that&#8230;<\/h3><p>&#8230; Eda has long been known for having a white moose population. Today, there are about 15 white moose, and if you&#8217;re lucky, you might spot one of them while in the municipality.<\/p><\/div><\/div>\n\n\n\n<p>H\u00e4ljeboda is located in the northernmost part of Eda. Many people come here to canoe or kayak, cycle, hike, fish, or simply enjoy being close to nature. In the western part of Eda lies Skillingsfors. Here you can canoe, hike, fish, and visit a popular waffle caf\u00e9. <a href=\"https:\/\/www.visitvarmland.se\/sv\/gora\/skillingmarks-hembygdsgard-28913\" target=\"_blank\" rel=\"noopener\">Skillingmarks Hembygdsg\u00e5rd<\/a>, also known as Frammeg\u00e5rden, is perhaps better known by the name &#8221;Sp\u00f6kg\u00e5rden&#8221; (The Ghost Farm). Those who dare can try an overnight stay here. If you visit Skillingsmark during the winter, a visit to <a href=\"https:\/\/www.visitvarmland.se\/sv\/gora\/bryelsegrottan-28371\" target=\"_blank\" rel=\"noopener\">Bryelsegrottan<\/a> is well worth it. This cave forms when water from the bogs runs down the mountain and freezes into ice.<\/p>\n\n\n\n<div class=\"wp-block-atheme-component-action-button atheme-wrapper--action-button-single\"><a href=\"https:\/\/www.visitvarmland.com\/eda\/en\/tips-and-guides\/se-och-gora-i-eda\/\" target=\"_self\" class=\"a-action a-action--arrow\" rel=\"noopener\"><span>Read more about what you can see and do in Eda<\/span><\/a><\/div>\n\n\n\n<figure class=\"wp-block-image size-large\"><img loading=\"lazy\" decoding=\"async\" width=\"1024\" height=\"683\" src=\"https:\/\/www.visitvarmland.com\/eda\/wp-content\/uploads\/sites\/4\/2024\/12\/superiorrum-1-1024x683.jpg\" alt=\"\" class=\"wp-image-369\" srcset=\"https:\/\/www.visitvarmland.com\/app\/uploads\/sites\/4\/2024\/12\/superiorrum-1-1024x683.jpg 1024w, https:\/\/www.visitvarmland.com\/app\/uploads\/sites\/4\/2024\/12\/superiorrum-1-300x200.jpg 300w, https:\/\/www.visitvarmland.com\/app\/uploads\/sites\/4\/2024\/12\/superiorrum-1-768x512.jpg 768w, https:\/\/www.visitvarmland.com\/app\/uploads\/sites\/4\/2024\/12\/superiorrum-1-1536x1024.jpg 1536w, https:\/\/www.visitvarmland.com\/app\/uploads\/sites\/4\/2024\/12\/superiorrum-1-2048x1365.jpg 2048w, https:\/\/www.visitvarmland.com\/app\/uploads\/sites\/4\/2024\/12\/superiorrum-1-150x100.jpg 150w, https:\/\/www.visitvarmland.com\/app\/uploads\/sites\/4\/2024\/12\/superiorrum-1-600x400.jpg 600w, https:\/\/www.visitvarmland.com\/app\/uploads\/sites\/4\/2024\/12\/superiorrum-1-1200x800.jpg 1200w\" sizes=\"auto, (max-width: 1024px) 100vw, 1024px\" \/><\/figure>\n\n\n\n<p><\/p>\n\n\n\n<h2 class=\"wp-block-heading\">Accommodation in Eda<\/h2>\n\n\n\n<p>Whether you want to stay in a luxurious suite, a cabin, or a tent with nature just an arm&#8217;s length away, Eda has something for you. <a href=\"https:\/\/www.visitvarmland.se\/sv\/bo\/hotell-charlottenberg-65873\" target=\"_blank\" rel=\"noopener\">Hotell Charlottenberg<\/a> is a conference hotel located between Olav Thon&#8217;s shopping buildings. They offer a popular lunch buffet daily, and in the evening, you can choose from a menu with traditional Swedish dishes. Another popular spot is <a href=\"https:\/\/www.visitvarmland.se\/en\/stay\/charlottenberg-camping-haganaset-27672\" target=\"_blank\" rel=\"noopener\">Charlottenberg Camping &amp; Stugor Hagan\u00e4set<\/a>. The campsite is located near national road 61 and by the shore of Bysj\u00f6n lake.<\/p>\n\n\n\n<p>The Eda Visitor Map is available for download from the homepage. You can also email kommun@eda.se, and we will send you a map.<\/p>\n\n\n\n<div class=\"wp-block-atheme-component-action-button atheme-wrapper--action-button-single\"><a href=\"https:\/\/www.visitvarmland.com\/eda\/en\/tips-and-guides\/boende-i-eda\/\" target=\"_self\" class=\"a-action a-action--arrow\" rel=\"noopener\"><span>Read more about accommodations in Eda<\/span><\/a><\/div>\n\n\n\n    <div class=\"cards-section-top\">\n                <h2>Aktiviteter<\/h2>\n        <a class=\"a-button\" href=\"\/aktiviteter\">Visa alla<\/a>\n    <\/div>\n    <section class=\"cards-section-wrapper\">\n        <div class=\"cards-section-slide\">\n            <!-- Card wrapper -->\n<article class=\"a-card a-card--turid\" link-finder     >\n                <div class=\"a-card__image a-card--turid__image\">\n                <div class=\"bg-img\" style=\"background-image:url(https:\/\/img.turid.visitvarmland.com\/legacy\/Eda\/Screenshot_20210407-105258_Instagram.jpeg?q=80&#038;fit=crop&#038;w=300&#038;h=210&#038;v=1&#038;);\"><\/div>\n            <\/div>\n                        <h2 class=\"a-card__title a-card--turid__title\"><a href=\"https:\/\/www.visitvarmland.com\/eda\/aktiviteter\/eda-golfklubb-noresund\" data-no-translation>Eda Golfklubb Noresund<\/a><\/h2>\n                        <div class=\"a-card__content a-card--turid__content\">Vacker 18-h\u00e5lsbana vid sj\u00f6n Hugn, restaurang, \u00f6vernattningsm\u00f6jligheter i&hellip;<\/div>\n                        <div class=\"a-card__bottom-wrapper a-card--turid__bottom-wrapper\" style=\"background-image:url();\">                            <div class=\"a-card__favorite a-card--turid__favorite\"><i class=\"fal fa-heart\"><\/i><\/div>\n                        <div class=\"a-card__tag a-card--turid__tag\"><!-- Button wrapper -->\n\n<a class=\"a-tag a-tag--small\" href=\"https:\/\/www.visitvarmland.com\/boende\" target=\"_self\">\n    <span class='a-card--divider'>Boende<\/span>\n    <\/a><\/div>\n                        <\/div>\n            <\/article><!-- Card wrapper -->\n<article class=\"a-card a-card--turid\" link-finder     >\n                <div class=\"a-card__image a-card--turid__image\">\n                <div class=\"bg-img\" style=\"background-image:url(https:\/\/img.turid.visitvarmland.com\/aa0f86b6-3b04-4aa0-8424-df0ad0ea27c6\/skillingmarks-kyrka.jpg?q=80&#038;fit=crop&#038;w=300&#038;h=210&#038;v=1&#038;);\"><\/div>\n            <\/div>\n                        <h2 class=\"a-card__title a-card--turid__title\"><a href=\"https:\/\/www.visitvarmland.com\/eda\/skillingmark-kyrka\" data-no-translation>Skillingmark kyrka<\/a><\/h2>\n                        <div class=\"a-card__content a-card--turid__content\">Kyrkan byggdes 1689 och \u00e4r restaurerad vid flera&hellip;<\/div>\n                        <div class=\"a-card__bottom-wrapper a-card--turid__bottom-wrapper\" style=\"background-image:url();\">                            <div class=\"a-card__favorite a-card--turid__favorite\"><i class=\"fal fa-heart\"><\/i><\/div>\n                        <div class=\"a-card__tag a-card--turid__tag\"><!-- Button wrapper -->\n\n<a class=\"a-tag a-tag--small\" href=\"https:\/\/www.visitvarmland.com\/kultur-historia\/kyrka\" target=\"_self\">\n    <span class='a-card--divider'>Kyrka<\/span>\n    <\/a><\/div>\n                        <\/div>\n            <\/article><!-- Card wrapper -->\n<article class=\"a-card a-card--turid\" link-finder     >\n                <div class=\"a-card__image a-card--turid__image\">\n                <div class=\"bg-img\" style=\"background-image:url(https:\/\/img.turid.visitvarmland.com\/e118d53c-c60b-4bf1-b331-5312ee7fe706\/750-utsikt.jpg?q=80&#038;fit=crop&#038;w=300&#038;h=210&#038;v=1&#038;);\"><\/div>\n            <\/div>\n                        <h2 class=\"a-card__title a-card--turid__title\"><a href=\"https:\/\/www.visitvarmland.com\/eda\/valfjallet-skicenter\" data-no-translation>Valfj\u00e4llet Skicenter<\/a><\/h2>\n                        <div class=\"a-card__content a-card--turid__content\">Perfekt skid\u00e5kning f\u00f6r hela familjen! Nedfarter p\u00e5 upp&hellip;<\/div>\n                        <div class=\"a-card__bottom-wrapper a-card--turid__bottom-wrapper\" style=\"background-image:url();\">                            <div class=\"a-card__favorite a-card--turid__favorite\"><i class=\"fal fa-heart\"><\/i><\/div>\n                        <div class=\"a-card__tag a-card--turid__tag\"><!-- Button wrapper -->\n\n<a class=\"a-tag a-tag--small\" href=\"https:\/\/www.visitvarmland.com\/aktiviteter\/skidakning\" target=\"_self\">\n    <span class='a-card--divider'>Skid\u00e5kning<\/span>\n    <\/a><\/div>\n                        <\/div>\n            <\/article><!-- Card wrapper -->\n<article class=\"a-card a-card--turid\" link-finder     >\n                <div class=\"a-card__image a-card--turid__image\">\n                <div class=\"bg-img\" style=\"background-image:url(https:\/\/img.turid.visitvarmland.com\/legacy\/Eda\/kajak-eda-1.jpeg?q=80&#038;fit=crop&#038;w=300&#038;h=210&#038;v=1&#038;);\"><\/div>\n            <\/div>\n                        <h2 class=\"a-card__title a-card--turid__title\"><a href=\"https:\/\/www.visitvarmland.com\/eda\/aktiviteter\/paddla\/kajakuthyrning-hotell-charlottenberg\" data-no-translation>Kajakuthyrning &#8211; Hotell Charlottenberg<\/a><\/h2>\n                        <div class=\"a-card__content a-card--turid__content\">Nu finns m\u00f6jlighet till Kajakuthyrning<\/div>\n                        <div class=\"a-card__bottom-wrapper a-card--turid__bottom-wrapper\" style=\"background-image:url();\">                            <div class=\"a-card__favorite a-card--turid__favorite\"><i class=\"fal fa-heart\"><\/i><\/div>\n                        <div class=\"a-card__tag a-card--turid__tag\"><!-- Button wrapper -->\n\n<a class=\"a-tag a-tag--small\" href=\"https:\/\/www.visitvarmland.com\/aktiviteter\/paddla\" target=\"_self\">\n    <span class='a-card--divider'>Paddla<\/span>\n    <\/a><\/div>\n                        <\/div>\n            <\/article>        <\/div>\n        <button class=\"hero-scroll-icon section-scroll-side\" aria-label=\"Next\" aria-hidden=\"true\" tabindex=\"-1\">\n            <div class=\"pre-icon-dot\"><\/div>\n            <div class=\"pre-icon-dot\"><\/div>\n            <i class=\"fal fa-long-arrow-down\" aria-hidden=\"true\"><\/i>\n        <\/button>\n        <button class=\"hero-scroll-icon section-scroll-side-left section-scroll-side-left-hidden\" aria-label=\"Previous\" aria-hidden=\"true\" tabindex=\"-1\">\n            <div class=\"pre-icon-dot\"><\/div>\n            <div class=\"pre-icon-dot\"><\/div>\n            <i class=\"fal fa-long-arrow-down\" aria-hidden=\"true\"><\/i>\n        <\/button>\n    <\/section>\n\n\n","protected":false},"excerpt":{"rendered":"<p>Eda \u2013 a border municipality close to everything Welcome to our border municipality with close proximity to everything. Eda is only an hour and a half by car to Karlstad, the same distance to Norway&#8217;s capital Oslo, and even closer to the international airport Gardermoen and Karlstad Airport. Approximately 8,600 inhabitants live in Eda. The [&hellip;]<\/p>\n","protected":false},"author":410,"featured_media":0,"parent":0,"menu_order":0,"comment_status":"closed","ping_status":"open","template":"","meta":{"_acf_changed":false,"footnotes":""},"class_list":["post-666","page","type-page","status-publish","hentry"],"acf":[],"lang":"en","translations":{"en":666,"sv":519},"pll_sync_post":[],"_links":{"self":[{"href":"https:\/\/www.visitvarmland.com\/eda\/wp-json\/wp\/v2\/pages\/666","targetHints":{"allow":["GET"]}}],"collection":[{"href":"https:\/\/www.visitvarmland.com\/eda\/wp-json\/wp\/v2\/pages"}],"about":[{"href":"https:\/\/www.visitvarmland.com\/eda\/wp-json\/wp\/v2\/types\/page"}],"author":[{"embeddable":true,"href":"https:\/\/www.visitvarmland.com\/eda\/wp-json\/wp\/v2\/users\/410"}],"replies":[{"embeddable":true,"href":"https:\/\/www.visitvarmland.com\/eda\/wp-json\/wp\/v2\/comments?post=666"}],"version-history":[{"count":6,"href":"https:\/\/www.visitvarmland.com\/eda\/wp-json\/wp\/v2\/pages\/666\/revisions"}],"predecessor-version":[{"id":705,"href":"https:\/\/www.visitvarmland.com\/eda\/wp-json\/wp\/v2\/pages\/666\/revisions\/705"}],"wp:attachment":[{"href":"https:\/\/www.visitvarmland.com\/eda\/wp-json\/wp\/v2\/media?parent=666"}],"curies":[{"name":"wp","href":"https:\/\/api.w.org\/{rel}","templated":true}]}}