{"id":521,"date":"2024-06-04T13:53:17","date_gmt":"2024-06-04T11:53:17","guid":{"rendered":"https:\/\/www.visitvarmland.com\/forshaga\/?page_id=521"},"modified":"2025-06-19T11:03:32","modified_gmt":"2025-06-19T09:03:32","slug":"besoksinformation","status":"publish","type":"page","link":"https:\/\/www.visitvarmland.com\/forshaga\/en\/besoksinformation\/","title":{"rendered":"Visitor information"},"content":{"rendered":"\n<div class=\"wp-block-atheme-component-collage-1 atheme-collage\"><div class=\"atheme-collage--single\"><div class=\"atheme-collage--image\" style=\"background-image:url( https:\/\/www.visitvarmland.com\/forshaga\/wp-content\/uploads\/sites\/6\/2021\/06\/Larcenter-fran-skylift-3-Hakan-Wallin-scaled.jpg )\"><div id=\"bhIkbUcEriPnRIyG\" class=\"atheme-collage--infobox\"><p>Visitor information at Forshaga l\u00e4rcenter.<\/p><\/div><div class=\"atheme-collage--action\"><div class=\"atheme-collage--action-btn\"><i class=\"fal fa-ellipsis-h\"><\/i><\/div><\/div><\/div><\/div><\/div>\n\n\n\n<p>A Bes\u00f6ksserviceplats is a simpler form of tourist information where you, as a visitor, can turn for information and inspiration about what to experience in the area. We help you with local tips so you can take home fantastic memories from your visit with us!<\/p>\n\n\n\n<h3 class=\"wp-block-heading\" id=\"h-InfoPointForshagaLarcenter\">Bes\u00f6ksserviceplats Forshaga l\u00e4rcenter<\/h3>\n\n\n\n<p>At our expanded visitor information at Forshaga l\u00e4rcenter, we are available to provide you with information about attractions, events, activities, and accommodation options.<\/p>\n\n\n\n<p>Visitor address: Malmgatan 2 A, 667 22 Forshaga<br>Phone: <a href=\"tel:054-172359\">054-17 23 59<\/a><br>Email: <a href=\"mailto:tourism@forshaga.se\">tourism@forshaga.se<\/a><\/p>\n\n\n\n<h4 class=\"wp-block-heading\" id=\"h-Oppettider\">Opening Hours<\/h4>\n\n\n\n<p>Monday &#8211; Friday from 10 AM to 4 PM (closed for lunch from 12:00 PM to 1:00 PM)<\/p>\n\n\n\n<h3 class=\"wp-block-heading\" id=\"h-InfoPointForshagaforsen\">More Bes\u00f6ksserviceplatser<\/h3>\n\n\n\n<p><strong>OKQ8 Forshaga<\/strong>, Storgatan 2, Forshaga<br><strong>Gamla kraftstationen<\/strong>, Bruksv\u00e4gen 10E, Deje<br><strong>D\u00f6mle Herrg\u00e5rd och D\u00f6mle Golf Club<\/strong>, D\u00f6mlev\u00e4gen 1, Deje<br><strong>Deje Hostel<\/strong>, \u00c4lvdalsv\u00e4gen 34, Deje<\/p>\n\n\n\n<p><\/p>\n","protected":false},"excerpt":{"rendered":"<p>A Bes\u00f6ksserviceplats is a simpler form of tourist information where you, as a visitor, can turn for information and inspiration about what to experience in the area. We help you with local tips so you can take home fantastic memories from your visit with us! Bes\u00f6ksserviceplats Forshaga l\u00e4rcenter At our expanded visitor information at Forshaga [&hellip;]<\/p>\n","protected":false},"author":38,"featured_media":0,"parent":0,"menu_order":0,"comment_status":"closed","ping_status":"closed","template":"","meta":{"_acf_changed":false,"footnotes":""},"class_list":["post-521","page","type-page","status-publish","hentry"],"acf":[],"lang":"en","translations":{"en":521},"pll_sync_post":[],"_links":{"self":[{"href":"https:\/\/www.visitvarmland.com\/forshaga\/wp-json\/wp\/v2\/pages\/521","targetHints":{"allow":["GET"]}}],"collection":[{"href":"https:\/\/www.visitvarmland.com\/forshaga\/wp-json\/wp\/v2\/pages"}],"about":[{"href":"https:\/\/www.visitvarmland.com\/forshaga\/wp-json\/wp\/v2\/types\/page"}],"author":[{"embeddable":true,"href":"https:\/\/www.visitvarmland.com\/forshaga\/wp-json\/wp\/v2\/users\/38"}],"replies":[{"embeddable":true,"href":"https:\/\/www.visitvarmland.com\/forshaga\/wp-json\/wp\/v2\/comments?post=521"}],"version-history":[{"count":7,"href":"https:\/\/www.visitvarmland.com\/forshaga\/wp-json\/wp\/v2\/pages\/521\/revisions"}],"predecessor-version":[{"id":615,"href":"https:\/\/www.visitvarmland.com\/forshaga\/wp-json\/wp\/v2\/pages\/521\/revisions\/615"}],"wp:attachment":[{"href":"https:\/\/www.visitvarmland.com\/forshaga\/wp-json\/wp\/v2\/media?parent=521"}],"curies":[{"name":"wp","href":"https:\/\/api.w.org\/{rel}","templated":true}]}}