{"id":647,"date":"2024-11-11T15:08:16","date_gmt":"2024-11-11T14:08:16","guid":{"rendered":"https:\/\/www.visitvarmland.com\/grums\/?page_id=647"},"modified":"2024-11-11T15:13:28","modified_gmt":"2024-11-11T14:13:28","slug":"about-grums","status":"publish","type":"page","link":"https:\/\/www.visitvarmland.com\/grums\/en\/about-grums\/","title":{"rendered":"About Grums"},"content":{"rendered":"\n<p>Grums is a municipality in V\u00e4rmland that offers interesting history, unique culture experiences and breathtaking nature. When you are in Grums you are always within reach of nature, water and city life. <\/p>\n\n\n\n<p>With its border to lake V\u00e4nern and central location between Stockholm, Oslo and Gothenburg <a href=\"https:\/\/www.visitvarmland.com\/grums\/en\/travel-here\/\" data-type=\"link\" data-id=\"https:\/\/www.visitvarmland.com\/grums\/en\/travel-here\/\">travelling to Grums<\/a> is as easy as it can get. The buses and trains run regularly and can take you to Karlstad or maybe even Germany? The european roads, the E18 and E45, cross within the municipality meaning that approximately 15 000 cars pass Grums every day. With 3 national cycle tracks passing through the municipality Grums is a fantastic place for a bike ride.<\/p>\n\n\n\n<h2 class=\"wp-block-heading\">Activities<\/h2>\n\n\n\n<p>In Grums there is a high propability that if you want to do something, you can do it here. Grums offers a school of the arts, a library and even a genealogy club. Within the municipality you can water ski, ride horses, play hockey, swim, practice martial arts, go downhill skiing and so much more. Grums strives to be a municipality with a wide range of social activities for both adults and children.<\/p>\n\n\n\n<p>Grums is a lake municipality so there is a lot to do here if you have a boat, or at least know someone who does. At various places in Grums you can find loading docks, islands with bbq areas and guest harbours for you to dock your boat if you want to experience everything that dry land has to offer. But V\u00e4nern isn&#8217;t the only lake within the municipality, Grums actually offers an extensive lakesystem with the lake V\u00e4rmeln and L\u00e5ngsj\u00f6n. Both perfect for swimming, fishing or canoeing.<\/p>\n\n\n\n<div class=\"wp-block-columns is-layout-flex wp-container-core-columns-is-layout-9d6595d7 wp-block-columns-is-layout-flex\">\n<div class=\"wp-block-column is-layout-flow wp-block-column-is-layout-flow\">\n<figure class=\"wp-block-image size-large is-resized\"><img loading=\"lazy\" decoding=\"async\" width=\"1024\" height=\"683\" src=\"https:\/\/www.visitvarmland.com\/grums\/wp-content\/uploads\/sites\/7\/2024\/11\/130226-Grums-15-1-1-1024x683.jpg\" alt=\"\" class=\"wp-image-693\" style=\"width:749px;height:auto\" srcset=\"https:\/\/www.visitvarmland.com\/app\/uploads\/sites\/7\/2024\/11\/130226-Grums-15-1-1-1024x683.jpg 1024w, https:\/\/www.visitvarmland.com\/app\/uploads\/sites\/7\/2024\/11\/130226-Grums-15-1-1-300x200.jpg 300w, https:\/\/www.visitvarmland.com\/app\/uploads\/sites\/7\/2024\/11\/130226-Grums-15-1-1-768x512.jpg 768w, https:\/\/www.visitvarmland.com\/app\/uploads\/sites\/7\/2024\/11\/130226-Grums-15-1-1-1536x1024.jpg 1536w, https:\/\/www.visitvarmland.com\/app\/uploads\/sites\/7\/2024\/11\/130226-Grums-15-1-1-2048x1365.jpg 2048w, https:\/\/www.visitvarmland.com\/app\/uploads\/sites\/7\/2024\/11\/130226-Grums-15-1-1-150x100.jpg 150w, https:\/\/www.visitvarmland.com\/app\/uploads\/sites\/7\/2024\/11\/130226-Grums-15-1-1-600x400.jpg 600w, https:\/\/www.visitvarmland.com\/app\/uploads\/sites\/7\/2024\/11\/130226-Grums-15-1-1-1200x800.jpg 1200w\" sizes=\"auto, (max-width: 1024px) 100vw, 1024px\" \/><\/figure>\n<\/div>\n<\/div>\n\n\n\n<h2 class=\"wp-block-heading\">Nature<\/h2>\n\n\n\n<p>The different towns of Grums are all located within the beautiful nature of V\u00e4rmland. Either your surrounded by forest or surrounded by water. There are plenty of places to explore the nature in Grums by hiking, cayaking or cycling. If you want to hike, Grums offers a variety of different <a href=\"https:\/\/www.visitvarmland.com\/grums\/en\/activities?categories=activities%2Fhiking-2\" data-type=\"link\" data-id=\"https:\/\/www.visitvarmland.com\/grums\/en\/activities?categories=activities%2Fhiking-2\">hiking trails<\/a> with a variety of difficulties. Multiple places in Grums offer canoe or cayak rentals making it possible to explore the waters that might be hard to get to by motorboats.<\/p>\n\n\n\n<figure class=\"wp-block-image size-large\"><img loading=\"lazy\" decoding=\"async\" width=\"1024\" height=\"703\" src=\"https:\/\/www.visitvarmland.com\/grums\/wp-content\/uploads\/sites\/7\/2024\/11\/Roger-Borgelid_VisitVarmland-Cykel-Borgvik-Sjo_va_g-Drone-3-1024x703.jpg\" alt=\"\" class=\"wp-image-656\" srcset=\"https:\/\/www.visitvarmland.com\/app\/uploads\/sites\/7\/2024\/11\/Roger-Borgelid_VisitVarmland-Cykel-Borgvik-Sjo_va_g-Drone-3-1024x703.jpg 1024w, https:\/\/www.visitvarmland.com\/app\/uploads\/sites\/7\/2024\/11\/Roger-Borgelid_VisitVarmland-Cykel-Borgvik-Sjo_va_g-Drone-3-300x206.jpg 300w, https:\/\/www.visitvarmland.com\/app\/uploads\/sites\/7\/2024\/11\/Roger-Borgelid_VisitVarmland-Cykel-Borgvik-Sjo_va_g-Drone-3-768x528.jpg 768w, https:\/\/www.visitvarmland.com\/app\/uploads\/sites\/7\/2024\/11\/Roger-Borgelid_VisitVarmland-Cykel-Borgvik-Sjo_va_g-Drone-3-1536x1055.jpg 1536w, https:\/\/www.visitvarmland.com\/app\/uploads\/sites\/7\/2024\/11\/Roger-Borgelid_VisitVarmland-Cykel-Borgvik-Sjo_va_g-Drone-3-2048x1407.jpg 2048w, https:\/\/www.visitvarmland.com\/app\/uploads\/sites\/7\/2024\/11\/Roger-Borgelid_VisitVarmland-Cykel-Borgvik-Sjo_va_g-Drone-3-150x103.jpg 150w, https:\/\/www.visitvarmland.com\/app\/uploads\/sites\/7\/2024\/11\/Roger-Borgelid_VisitVarmland-Cykel-Borgvik-Sjo_va_g-Drone-3-600x412.jpg 600w\" sizes=\"auto, (max-width: 1024px) 100vw, 1024px\" \/><\/figure>\n\n\n\n<h2 class=\"wp-block-heading\">Culture<\/h2>\n\n\n\n<p>Grums municipality is full of culture and this is something the locals are very proud of. Music has always been a big part of the community here and this shows in the musicians that were born and raised here. The swedish folk band Sven-Ingvars was created here in 1956 and are one of the greatest folk music bands in swedish history. Another local musical artist is Rigmor Gustafsson, a jazz singer who was born and raised in V\u00e4rmskog. Multiple music <a href=\"https:\/\/www.visitvarmland.com\/grums\/evenemang\" data-type=\"link\" data-id=\"https:\/\/www.visitvarmland.com\/grums\/evenemang\">events<\/a> take place in Grums every year and are very appriciated by both locals and tourists. <\/p>\n\n\n\n<p>Grums is also packed with culture in the shape of art. There are art galleries in nearly every town with walls full of paintings by local artists for you to enjoy. But there is also art in the shape of handmade crafts made by various locals that have a passion for culture.<\/p>\n\n\n\n<figure class=\"wp-block-image size-large\"><img loading=\"lazy\" decoding=\"async\" width=\"1024\" height=\"682\" src=\"https:\/\/www.visitvarmland.com\/grums\/wp-content\/uploads\/sites\/7\/2023\/03\/Sliperiet-Borgvik_webb-1024x682.jpg\" alt=\"\" class=\"wp-image-421\" srcset=\"https:\/\/www.visitvarmland.com\/app\/uploads\/sites\/7\/2023\/03\/Sliperiet-Borgvik_webb-1024x682.jpg 1024w, https:\/\/www.visitvarmland.com\/app\/uploads\/sites\/7\/2023\/03\/Sliperiet-Borgvik_webb-300x200.jpg 300w, https:\/\/www.visitvarmland.com\/app\/uploads\/sites\/7\/2023\/03\/Sliperiet-Borgvik_webb-768x512.jpg 768w, https:\/\/www.visitvarmland.com\/app\/uploads\/sites\/7\/2023\/03\/Sliperiet-Borgvik_webb-1536x1023.jpg 1536w, https:\/\/www.visitvarmland.com\/app\/uploads\/sites\/7\/2023\/03\/Sliperiet-Borgvik_webb-18x12.jpg 18w, https:\/\/www.visitvarmland.com\/app\/uploads\/sites\/7\/2023\/03\/Sliperiet-Borgvik_webb-150x100.jpg 150w, https:\/\/www.visitvarmland.com\/app\/uploads\/sites\/7\/2023\/03\/Sliperiet-Borgvik_webb-600x400.jpg 600w, https:\/\/www.visitvarmland.com\/app\/uploads\/sites\/7\/2023\/03\/Sliperiet-Borgvik_webb-1200x800.jpg 1200w, https:\/\/www.visitvarmland.com\/app\/uploads\/sites\/7\/2023\/03\/Sliperiet-Borgvik_webb.jpg 1750w\" sizes=\"auto, (max-width: 1024px) 100vw, 1024px\" \/><\/figure>\n\n\n\n<h2 class=\"wp-block-heading\">History<\/h2>\n\n\n\n<p>Grums has a very interesting history that goes as far back as to the ice ages. It was here in Grums that the first inhabitants of what later become the county V\u00e4rmland resigned. The name V\u00e4rmland originates from the river V\u00e4rma, nowadays called Borgviks\u00e4lven, in Borgvik which is were the first arrivals settled down.<\/p>\n\n\n\n<p>Another huge part of Grums history is the old iron works in Borgvik. From the 17th century to 1925 the iron works in Borgvik played a major part in the iron industry in Sweden and worldwide. At its best the works produced 4000 tons of iron per year and a big amount of this iron went straight to Paris and the Eiffel Tower. The ruins of the Iron works still remain in Borgvik today and are one of Grums most visited tourist attractions.<\/p>\n\n\n\n<p>In V\u00e4rmskog you can find the telephone mogul, LM Ericsson&#8217;s, memorial estate and in Liljedal you can visit the old glassworks museum where the shape of the famous swedish vodka bottle was created.<\/p>\n\n\n\n<div class=\"wp-block-columns is-layout-flex wp-container-core-columns-is-layout-9d6595d7 wp-block-columns-is-layout-flex\">\n<div class=\"wp-block-column is-layout-flow wp-block-column-is-layout-flow\">\n<figure class=\"wp-block-image size-large\"><img loading=\"lazy\" decoding=\"async\" width=\"1024\" height=\"769\" src=\"https:\/\/www.visitvarmland.com\/grums\/wp-content\/uploads\/sites\/7\/2024\/11\/grums_skivortillkaffet_3-1024x769.jpg\" alt=\"\" class=\"wp-image-684\" srcset=\"https:\/\/www.visitvarmland.com\/app\/uploads\/sites\/7\/2024\/11\/grums_skivortillkaffet_3-1024x769.jpg 1024w, https:\/\/www.visitvarmland.com\/app\/uploads\/sites\/7\/2024\/11\/grums_skivortillkaffet_3-300x225.jpg 300w, https:\/\/www.visitvarmland.com\/app\/uploads\/sites\/7\/2024\/11\/grums_skivortillkaffet_3-768x577.jpg 768w, https:\/\/www.visitvarmland.com\/app\/uploads\/sites\/7\/2024\/11\/grums_skivortillkaffet_3-1536x1153.jpg 1536w, https:\/\/www.visitvarmland.com\/app\/uploads\/sites\/7\/2024\/11\/grums_skivortillkaffet_3-2048x1538.jpg 2048w, https:\/\/www.visitvarmland.com\/app\/uploads\/sites\/7\/2024\/11\/grums_skivortillkaffet_3-150x113.jpg 150w, https:\/\/www.visitvarmland.com\/app\/uploads\/sites\/7\/2024\/11\/grums_skivortillkaffet_3-600x451.jpg 600w\" sizes=\"auto, (max-width: 1024px) 100vw, 1024px\" \/><\/figure>\n<\/div>\n<\/div>\n\n\n\n<h2 class=\"wp-block-heading\">Food and drinks<\/h2>\n\n\n\n<p>Don&#8217;t know what to eat for lunch or dinner? Grums has a wide range of great places to eat and drink. In V\u00e4rmskog you can visit V\u00e4rmskogs Caf\u00e9 that serves shrimp sandwiches that tourist travel miles for. In Liljedal you can enjoy good food with an even better view at Liljedals beach club. Borgvik offers food good enough to be posted in the White Guide at Sliperiet. In Grums city centre you can enjoy tradional swedish food for an affordable price. These are just a few of the many restaurants that Grums municipality has to offer.<\/p>\n\n\n\n<div class=\"wp-block-columns is-layout-flex wp-container-core-columns-is-layout-9d6595d7 wp-block-columns-is-layout-flex\">\n<div class=\"wp-block-column is-layout-flow wp-block-column-is-layout-flow\">\n<figure class=\"wp-block-image size-large is-resized\"><img loading=\"lazy\" decoding=\"async\" width=\"1024\" height=\"710\" src=\"https:\/\/www.visitvarmland.com\/grums\/wp-content\/uploads\/sites\/7\/2024\/11\/L1_9533-1024x710.jpg\" alt=\"\" class=\"wp-image-678\" style=\"width:890px;height:auto\" srcset=\"https:\/\/www.visitvarmland.com\/app\/uploads\/sites\/7\/2024\/11\/L1_9533-1024x710.jpg 1024w, https:\/\/www.visitvarmland.com\/app\/uploads\/sites\/7\/2024\/11\/L1_9533-300x208.jpg 300w, https:\/\/www.visitvarmland.com\/app\/uploads\/sites\/7\/2024\/11\/L1_9533-768x533.jpg 768w, https:\/\/www.visitvarmland.com\/app\/uploads\/sites\/7\/2024\/11\/L1_9533-1536x1065.jpg 1536w, https:\/\/www.visitvarmland.com\/app\/uploads\/sites\/7\/2024\/11\/L1_9533-2048x1420.jpg 2048w, https:\/\/www.visitvarmland.com\/app\/uploads\/sites\/7\/2024\/11\/L1_9533-150x104.jpg 150w, https:\/\/www.visitvarmland.com\/app\/uploads\/sites\/7\/2024\/11\/L1_9533-600x416.jpg 600w\" sizes=\"auto, (max-width: 1024px) 100vw, 1024px\" \/><\/figure>\n<\/div>\n<\/div>\n\n\n\n<h2 class=\"wp-block-heading\">Accommodation<\/h2>\n\n\n\n<p>Whether you bring you home with you on the road and need a place to park for the night or prefer a warm bed where you don&#8217;t have to change the sheets afterwards, Grums can offer you a place to rest your head. There are pitches for motorhomes at various locations in the municipality. Grums municipality offers hotels, hostels, cabins and even a houseboat.<\/p>\n\n\n\n<figure class=\"wp-block-image size-large\"><img loading=\"lazy\" decoding=\"async\" width=\"1024\" height=\"683\" src=\"https:\/\/www.visitvarmland.com\/grums\/wp-content\/uploads\/sites\/7\/2024\/11\/grums_kungskvarnen_borgvik_sv-2-1024x683.jpg\" alt=\"\" class=\"wp-image-683\" srcset=\"https:\/\/www.visitvarmland.com\/app\/uploads\/sites\/7\/2024\/11\/grums_kungskvarnen_borgvik_sv-2-1024x683.jpg 1024w, https:\/\/www.visitvarmland.com\/app\/uploads\/sites\/7\/2024\/11\/grums_kungskvarnen_borgvik_sv-2-300x200.jpg 300w, https:\/\/www.visitvarmland.com\/app\/uploads\/sites\/7\/2024\/11\/grums_kungskvarnen_borgvik_sv-2-768x512.jpg 768w, https:\/\/www.visitvarmland.com\/app\/uploads\/sites\/7\/2024\/11\/grums_kungskvarnen_borgvik_sv-2-1536x1024.jpg 1536w, https:\/\/www.visitvarmland.com\/app\/uploads\/sites\/7\/2024\/11\/grums_kungskvarnen_borgvik_sv-2-2048x1365.jpg 2048w, https:\/\/www.visitvarmland.com\/app\/uploads\/sites\/7\/2024\/11\/grums_kungskvarnen_borgvik_sv-2-150x100.jpg 150w, https:\/\/www.visitvarmland.com\/app\/uploads\/sites\/7\/2024\/11\/grums_kungskvarnen_borgvik_sv-2-600x400.jpg 600w, https:\/\/www.visitvarmland.com\/app\/uploads\/sites\/7\/2024\/11\/grums_kungskvarnen_borgvik_sv-2-1200x800.jpg 1200w\" sizes=\"auto, (max-width: 1024px) 100vw, 1024px\" \/><\/figure>\n\n\n\n<h3 class=\"wp-block-heading\">There are plenty of things for you to experience in Grums today. Take the road through Grums, you won&#8217;t regret it.<\/h3>\n","protected":false},"excerpt":{"rendered":"<p>Grums is a municipality in V\u00e4rmland that offers interesting history, unique culture experiences and breathtaking nature. When you are in Grums you are always within reach of nature, water and city life. With its border to lake V\u00e4nern and central location between Stockholm, Oslo and Gothenburg travelling to Grums is as easy as it can [&hellip;]<\/p>\n","protected":false},"author":409,"featured_media":0,"parent":0,"menu_order":0,"comment_status":"closed","ping_status":"open","template":"","meta":{"_acf_changed":false,"footnotes":""},"class_list":["post-647","page","type-page","status-publish","hentry"],"acf":[],"lang":"en","translations":{"en":647,"sv":216},"pll_sync_post":[],"_links":{"self":[{"href":"https:\/\/www.visitvarmland.com\/grums\/wp-json\/wp\/v2\/pages\/647","targetHints":{"allow":["GET"]}}],"collection":[{"href":"https:\/\/www.visitvarmland.com\/grums\/wp-json\/wp\/v2\/pages"}],"about":[{"href":"https:\/\/www.visitvarmland.com\/grums\/wp-json\/wp\/v2\/types\/page"}],"author":[{"embeddable":true,"href":"https:\/\/www.visitvarmland.com\/grums\/wp-json\/wp\/v2\/users\/409"}],"replies":[{"embeddable":true,"href":"https:\/\/www.visitvarmland.com\/grums\/wp-json\/wp\/v2\/comments?post=647"}],"version-history":[{"count":48,"href":"https:\/\/www.visitvarmland.com\/grums\/wp-json\/wp\/v2\/pages\/647\/revisions"}],"predecessor-version":[{"id":832,"href":"https:\/\/www.visitvarmland.com\/grums\/wp-json\/wp\/v2\/pages\/647\/revisions\/832"}],"wp:attachment":[{"href":"https:\/\/www.visitvarmland.com\/grums\/wp-json\/wp\/v2\/media?parent=647"}],"curies":[{"name":"wp","href":"https:\/\/api.w.org\/{rel}","templated":true}]}}