{"id":335,"date":"2021-07-21T11:10:54","date_gmt":"2021-07-21T09:10:54","guid":{"rendered":"https:\/\/www.visitvarmland.com\/hagfors\/?page_id=335"},"modified":"2024-06-14T11:02:34","modified_gmt":"2024-06-14T09:02:34","slug":"infopoints","status":"publish","type":"page","link":"https:\/\/www.visitvarmland.com\/hagfors\/besoksinformation\/infopoints\/","title":{"rendered":"Infopoints"},"content":{"rendered":"\n<figure class=\"wp-block-image size-medium\"><img loading=\"lazy\" decoding=\"async\" width=\"297\" height=\"300\" src=\"https:\/\/www.visitvarmland.com\/hagfors\/wp-content\/uploads\/sites\/8\/2021\/07\/InfoPoint-297x300.jpg\" alt=\"\" class=\"wp-image-996\" \/><\/figure>\n\n\n\n<p>F\u00f6rutom v\u00e5r turistinformation har vi \u00e4ven fem InfoPoints i Hagfors kommun.<br>En InfoPoint \u00e4r en enklare form av turistinformation d\u00e4r bes\u00f6karen kan f\u00e5 personlig service, information och ett gott v\u00e4rdskap.<br>Dessa fem platser \u00e4r InfoPoint:<\/p>\n\n\n\n<p><strong>Coop N\u00e4ra<br><\/strong>Bj\u00f6rkil 110<br>683 95 Sunnemo<br>0563-920 14<\/p>\n\n\n\n<p><strong>Enghs Sport AB, Sportringen<\/strong><br>Klar\u00e4lvsv\u00e4gen 21<br>683 60 Eksh\u00e4rad<br>0563-412 40<\/p>\n\n\n\n<p><strong>Hagfors Pappershandel<\/strong><br>Skolgatan 4<br>683 30 Hagfors<br>0563-101 56<\/p>\n\n\n\n<p><strong>ICA N\u00e4ra \u00c5hstr\u00f6ms Livs<br><\/strong>R\u00e5dav\u00e4gen 31<br>683 93 R\u00e5da<br>0563-600 65<\/p>\n","protected":false},"excerpt":{"rendered":"<p>F\u00f6rutom v\u00e5r turistinformation har vi \u00e4ven fem InfoPoints i Hagfors kommun.En InfoPoint \u00e4r en enklare form av turistinformation d\u00e4r bes\u00f6karen kan f\u00e5 personlig service, information och ett gott v\u00e4rdskap.Dessa fem platser \u00e4r InfoPoint: Coop N\u00e4raBj\u00f6rkil 110683 95 Sunnemo0563-920 14 Enghs Sport AB, SportringenKlar\u00e4lvsv\u00e4gen 21683 60 Eksh\u00e4rad0563-412 40 Hagfors PappershandelSkolgatan 4683 30 Hagfors0563-101 56 ICA N\u00e4ra [&hellip;]<\/p>\n","protected":false},"author":32,"featured_media":0,"parent":225,"menu_order":0,"comment_status":"closed","ping_status":"open","template":"","meta":{"_acf_changed":false,"footnotes":""},"class_list":["post-335","page","type-page","status-publish","hentry"],"acf":[],"lang":"sv","translations":{"sv":335,"en":970},"pll_sync_post":[],"_links":{"self":[{"href":"https:\/\/www.visitvarmland.com\/hagfors\/wp-json\/wp\/v2\/pages\/335","targetHints":{"allow":["GET"]}}],"collection":[{"href":"https:\/\/www.visitvarmland.com\/hagfors\/wp-json\/wp\/v2\/pages"}],"about":[{"href":"https:\/\/www.visitvarmland.com\/hagfors\/wp-json\/wp\/v2\/types\/page"}],"author":[{"embeddable":true,"href":"https:\/\/www.visitvarmland.com\/hagfors\/wp-json\/wp\/v2\/users\/32"}],"replies":[{"embeddable":true,"href":"https:\/\/www.visitvarmland.com\/hagfors\/wp-json\/wp\/v2\/comments?post=335"}],"version-history":[{"count":9,"href":"https:\/\/www.visitvarmland.com\/hagfors\/wp-json\/wp\/v2\/pages\/335\/revisions"}],"predecessor-version":[{"id":1060,"href":"https:\/\/www.visitvarmland.com\/hagfors\/wp-json\/wp\/v2\/pages\/335\/revisions\/1060"}],"up":[{"embeddable":true,"href":"https:\/\/www.visitvarmland.com\/hagfors\/wp-json\/wp\/v2\/pages\/225"}],"wp:attachment":[{"href":"https:\/\/www.visitvarmland.com\/hagfors\/wp-json\/wp\/v2\/media?parent=335"}],"curies":[{"name":"wp","href":"https:\/\/api.w.org\/{rel}","templated":true}]}}