{"id":392,"date":"2021-10-11T13:15:31","date_gmt":"2021-10-11T11:15:31","guid":{"rendered":"https:\/\/www.visitvarmland.com\/hagfors\/?page_id=392"},"modified":"2024-06-11T10:44:10","modified_gmt":"2024-06-11T08:44:10","slug":"anmal-ditt-evenemang","status":"publish","type":"page","link":"https:\/\/www.visitvarmland.com\/hagfors\/anmal-ditt-evenemang\/","title":{"rendered":"Anm\u00e4l ditt evenemang"},"content":{"rendered":"\n<p>H\u00e4r anm\u00e4ler f\u00f6retag, f\u00f6reningar, organisationer samt privatpersoner sitt evenemang som ska marknadsf\u00f6ras via Hagfors Turistinformation p\u00e5 visithagfors.se. En komplett anm\u00e4lan beh\u00f6ver g\u00f6ras senast 5 arbetsdagar innan evenemanget \u00e4ger rum f\u00f6r att det ska hinna administreras. <\/p>\n\n\n\n<ul class=\"wp-block-list\">\n<li>Arrangeras i Hagfors kommun<\/li>\n\n\n\n<li>Vara offentligt, allts\u00e5 \u00f6ppet f\u00f6r allm\u00e4nheten.<\/li>\n\n\n\n<li>Ej vara av partipolitisk eller religi\u00f6s karakt\u00e4r, med undantag f\u00f6r kyrkornas musikevenemang och evenemang som riktar sig till bes\u00f6kare.<\/li>\n\n\n\n<li>Anm\u00e4las med kompletta uppgifter.<\/li>\n\n\n\n<li>Vid kurs\/utbildning\/aktiviteter d\u00e4r det \u00e4r flera tillf\u00e4llen, marknadsf\u00f6rs endast startdatum.<\/li>\n\n\n\n<li>Motionstr\u00e4ning publiceras ej<\/li>\n\n\n\n<li>Genom att skicka in information om evenemang godk\u00e4nner du att Visit Hagfors: sprider informationen vidare till tredje part, att informationen anv\u00e4nds f\u00f6r att marknadsf\u00f6ra Hagfors som bes\u00f6ksm\u00e5l, att evenemangsinformation och bilder som skickas in f\u00e5r spridas och anv\u00e4ndas av Visit Hagfors i b\u00e5de tryckt och digitalt material.<br>Du kan n\u00e4r som helst beg\u00e4ra att f\u00e5 dina uppgifter raderade eller \u00e4ndrade genom att kontakta oss.<\/li>\n<\/ul>\n\n\n\n<p>Evenemang som inte uppfyller kriterierna kommer inte att publiceras. Vi f\u00f6rbeh\u00e5ller oss r\u00e4tten att g\u00f6ra justeringar i inskickad text.<\/p>\n\n\n\n<p>&nbsp;<strong>Marknadsf\u00f6ring p\u00e5 hemsidan<\/strong><\/p>\n\n\n\n<p><strong>Denna marknadsf\u00f6ring \u00e4r kostnadsfri. Ditt evenemang publiceras p\u00e5&nbsp;<a href=\"http:\/\/www.visithagfors.se\/\" target=\"_blank\" rel=\"noopener\">www.visithagfors.se<\/a>&nbsp;<\/strong><\/p>\n\n\n\n<p>&nbsp;<strong><em>Dina personuppgifter kommer att behandlas enligt dataskyddsf\u00f6rordningen. F\u00f6r information om hur personuppgifterna behandlas i ditt \u00e4rende h\u00e4nvisas till kommunens hemsida:&nbsp;<a rel=\"noreferrer noopener\" href=\"http:\/\/hagfors.se\/dataskydd\" target=\"_blank\">hagfors.se\/dataskydd<\/a>. Synpunkter via e-tj\u00e4nst kommer att diarief\u00f6ras<\/em><\/strong>.<\/p>\n\n\n\n<div class=\"wp-block-buttons is-horizontal is-content-justification-center is-layout-flex wp-container-core-buttons-is-layout-499968f5 wp-block-buttons-is-layout-flex\">\n<div class=\"wp-block-button has-custom-width wp-block-button__width-25\"><a class=\"wp-block-button__link has-svart-color has-guld-background-color has-text-color has-background wp-element-button\" href=\"https:\/\/e-tjanster.hagfors.se\/20evenemang\" target=\"_blank\" rel=\"https:\/\/e-tjanster.hagfors.se\/20evenemang noopener\"><strong>Anm\u00e4l ditt evenemang h\u00e4r<\/strong><\/a><\/div>\n<\/div>\n\n\n\n<div class=\"wp-block-atheme-component-collage-4 atheme-collage\"><div class=\"atheme-collage--quadruple\"><div class=\"atheme-collage--row\"><div class=\"atheme-collage--image\" style=\"background-image:url( https:\/\/www.visitvarmland.com\/hagfors\/wp-content\/uploads\/sites\/8\/2023\/05\/Hagfors-kommun-Sunnemo-GlassCafe-11-1-scaled.jpg )\"><div id=\"bTXAvidVkgqThfKI\" class=\"atheme-collage--infobox\"><p><\/p><div>Foto: <strong>Roger Borgelid<\/strong><\/div><\/div><div class=\"atheme-collage--action\"><div class=\"atheme-collage--action-btn\"><i class=\"fal fa-ellipsis-h\"><\/i><\/div><\/div><\/div><div class=\"atheme-collage--image\" style=\"background-image:url( https:\/\/www.visitvarmland.com\/hagfors\/wp-content\/uploads\/sites\/8\/2021\/10\/Bowling.jpg )\"><div id=\"hTqhHIjSoKVbZJUM\" class=\"atheme-collage--infobox\"><p>Hagfors Bad och Bowling<\/p><\/div><div class=\"atheme-collage--action\"><div class=\"atheme-collage--action-btn\"><i class=\"fal fa-ellipsis-h\"><\/i><\/div><\/div><\/div><\/div><div class=\"atheme-collage--row\"><div class=\"atheme-collage--image\" style=\"background-image:url( https:\/\/www.visitvarmland.com\/hagfors\/wp-content\/uploads\/sites\/8\/2021\/10\/Alvdalssagan.jpg )\"><div id=\"FrgkadHMVYkMgXCp\" class=\"atheme-collage--infobox\"><p>Klar-H\u00e4lja p\u00e5 K\u00e4rn\u00e5sen<\/p><\/div><div class=\"atheme-collage--action\"><div class=\"atheme-collage--action-btn\"><i class=\"fal fa-ellipsis-h\"><\/i><\/div><\/div><\/div><div class=\"atheme-collage--image\" style=\"background-image:url( https:\/\/www.visitvarmland.com\/hagfors\/wp-content\/uploads\/sites\/8\/2023\/06\/ladan-scaled.jpg )\"><div id=\"uDEvLsQpCKYoPHIS\" class=\"atheme-collage--infobox\"><p>Uddeholmsladan<\/p><\/div><div class=\"atheme-collage--action\"><div class=\"atheme-collage--action-btn\"><i class=\"fal fa-ellipsis-h\"><\/i><\/div><\/div><\/div><\/div><\/div><\/div>\n","protected":false},"excerpt":{"rendered":"<p>H\u00e4r anm\u00e4ler f\u00f6retag, f\u00f6reningar, organisationer samt privatpersoner sitt evenemang som ska marknadsf\u00f6ras via Hagfors Turistinformation p\u00e5 visithagfors.se. En komplett anm\u00e4lan beh\u00f6ver g\u00f6ras senast 5 arbetsdagar innan evenemanget \u00e4ger rum f\u00f6r att det ska hinna administreras. Evenemang som inte uppfyller kriterierna kommer inte att publiceras. Vi f\u00f6rbeh\u00e5ller oss r\u00e4tten att g\u00f6ra justeringar i inskickad text. &nbsp;Marknadsf\u00f6ring [&hellip;]<\/p>\n","protected":false},"author":32,"featured_media":1008,"parent":0,"menu_order":0,"comment_status":"closed","ping_status":"closed","template":"","meta":{"_acf_changed":false,"footnotes":""},"class_list":["post-392","page","type-page","status-publish","has-post-thumbnail","hentry"],"acf":[],"lang":"sv","translations":{"sv":392,"en":956},"pll_sync_post":[],"_links":{"self":[{"href":"https:\/\/www.visitvarmland.com\/hagfors\/wp-json\/wp\/v2\/pages\/392","targetHints":{"allow":["GET"]}}],"collection":[{"href":"https:\/\/www.visitvarmland.com\/hagfors\/wp-json\/wp\/v2\/pages"}],"about":[{"href":"https:\/\/www.visitvarmland.com\/hagfors\/wp-json\/wp\/v2\/types\/page"}],"author":[{"embeddable":true,"href":"https:\/\/www.visitvarmland.com\/hagfors\/wp-json\/wp\/v2\/users\/32"}],"replies":[{"embeddable":true,"href":"https:\/\/www.visitvarmland.com\/hagfors\/wp-json\/wp\/v2\/comments?post=392"}],"version-history":[{"count":16,"href":"https:\/\/www.visitvarmland.com\/hagfors\/wp-json\/wp\/v2\/pages\/392\/revisions"}],"predecessor-version":[{"id":940,"href":"https:\/\/www.visitvarmland.com\/hagfors\/wp-json\/wp\/v2\/pages\/392\/revisions\/940"}],"wp:featuredmedia":[{"embeddable":true,"href":"https:\/\/www.visitvarmland.com\/hagfors\/wp-json\/wp\/v2\/media\/1008"}],"wp:attachment":[{"href":"https:\/\/www.visitvarmland.com\/hagfors\/wp-json\/wp\/v2\/media?parent=392"}],"curies":[{"name":"wp","href":"https:\/\/api.w.org\/{rel}","templated":true}]}}

Anmäl ditt evenemang

<p>Här anmäler företag, föreningar, organisationer samt privatpersoner sitt evenemang som ska marknadsföras via Hagfors Turistinformation på visithagfors.se. En komplett anmälan behöver göras senast 5 arbetsdagar innan evenemanget äger rum för att det ska hinna administreras. </p>



<ul class="wp-block-list">
<li>Arrangeras i Hagfors kommun</li>



<li>Vara offentligt, alltså öppet för allmänheten.</li>



<li>Ej vara av partipolitisk eller religiös karaktär, med undantag för kyrkornas musikevenemang och evenemang som riktar sig till besökare.</li>



<li>Anmälas med kompletta uppgifter.</li>



<li>Vid kurs/utbildning/aktiviteter där det är flera tillfällen, marknadsförs endast startdatum.</li>



<li>Motionsträning publiceras ej</li>



<li>Genom att skicka in information om evenemang godkänner du att Visit Hagfors: sprider informationen vidare till tredje part, att informationen används för att marknadsföra Hagfors som besöksmål, att evenemangsinformation och bilder som skickas in får spridas och användas av Visit Hagfors i både tryckt och digitalt material.<br>Du kan när som helst begära att få dina uppgifter raderade eller ändrade genom att kontakta oss.</li>
</ul>



<p>Evenemang som inte uppfyller kriterierna kommer inte att publiceras. Vi förbehåller oss rätten att göra justeringar i inskickad text.</p>



<p>&nbsp;<strong>Marknadsföring på hemsidan</strong></p>



<p><strong>Denna marknadsföring är kostnadsfri. Ditt evenemang publiceras på&nbsp;<a href="http://www.visithagfors.se/" target="_blank" rel="noopener">www.visithagfors.se</a>&nbsp;</strong></p>



<p>&nbsp;<strong><em>Dina personuppgifter kommer att behandlas enligt dataskyddsförordningen. För information om hur personuppgifterna behandlas i ditt ärende hänvisas till kommunens hemsida:&nbsp;<a rel="noreferrer noopener" href="http://hagfors.se/dataskydd" target="_blank">hagfors.se/dataskydd</a>. Synpunkter via e-tjänst kommer att diarieföras</em></strong>.</p>



<div class="wp-block-buttons is-horizontal is-content-justification-center is-layout-flex wp-container-core-buttons-is-layout-499968f5 wp-block-buttons-is-layout-flex">
<div class="wp-block-button has-custom-width wp-block-button__width-25"><a class="wp-block-button__link has-svart-color has-guld-background-color has-text-color has-background wp-element-button" href="https://e-tjanster.hagfors.se/20evenemang" target="_blank" rel="https://e-tjanster.hagfors.se/20evenemang noopener"><strong>Anmäl ditt evenemang här</strong></a></div>
</div>



<div class="wp-block-atheme-component-collage-4 atheme-collage"><div class="atheme-collage--quadruple"><div class="atheme-collage--row"><div class="atheme-collage--image" style="background-image:url( https://www.visitvarmland.com/hagfors/wp-content/uploads/sites/8/2023/05/Hagfors-kommun-Sunnemo-GlassCafe-11-1-scaled.jpg )"><div id="bTXAvidVkgqThfKI" class="atheme-collage--infobox"><p></p><div>Foto: <strong>Roger Borgelid</strong></div></div><div class="atheme-collage--action"><div class="atheme-collage--action-btn"><i class="fal fa-ellipsis-h"></i></div></div></div><div class="atheme-collage--image" style="background-image:url( https://www.visitvarmland.com/hagfors/wp-content/uploads/sites/8/2021/10/Bowling.jpg )"><div id="hTqhHIjSoKVbZJUM" class="atheme-collage--infobox"><p>Hagfors Bad och Bowling</p></div><div class="atheme-collage--action"><div class="atheme-collage--action-btn"><i class="fal fa-ellipsis-h"></i></div></div></div></div><div class="atheme-collage--row"><div class="atheme-collage--image" style="background-image:url( https://www.visitvarmland.com/hagfors/wp-content/uploads/sites/8/2021/10/Alvdalssagan.jpg )"><div id="FrgkadHMVYkMgXCp" class="atheme-collage--infobox"><p>Klar-Hälja på Kärnåsen</p></div><div class="atheme-collage--action"><div class="atheme-collage--action-btn"><i class="fal fa-ellipsis-h"></i></div></div></div><div class="atheme-collage--image" style="background-image:url( https://www.visitvarmland.com/hagfors/wp-content/uploads/sites/8/2023/06/ladan-scaled.jpg )"><div id="uDEvLsQpCKYoPHIS" class="atheme-collage--infobox"><p>Uddeholmsladan</p></div><div class="atheme-collage--action"><div class="atheme-collage--action-btn"><i class="fal fa-ellipsis-h"></i></div></div></div></div></div></div>

<p>Här anmäler företag, föreningar, organisationer samt privatpersoner sitt evenemang som ska marknadsföras via Hagfors Turistinformation på visithagfors.se. En komplett anmälan behöver göras senast 5 arbetsdagar innan evenemanget äger rum för att det ska hinna administreras. Evenemang som inte uppfyller kriterierna kommer inte att publiceras. Vi förbehåller oss rätten att göra justeringar i inskickad text. &nbsp;Marknadsföring [&hellip;]</p>
