{"id":589,"date":"2023-05-03T18:12:57","date_gmt":"2023-05-03T16:12:57","guid":{"rendered":"https:\/\/www.visitvarmland.com\/hagfors\/?page_id=589"},"modified":"2024-06-14T10:56:17","modified_gmt":"2024-06-14T08:56:17","slug":"upplev-hagfors-fran-cykelsadeln","status":"publish","type":"page","link":"https:\/\/www.visitvarmland.com\/hagfors\/upplev-hagfors-fran-cykelsadeln\/","title":{"rendered":"L\u00e5t naturen leda dig"},"content":{"rendered":"\n<p>De b\u00e4sta s\u00e4tten att komma n\u00e4ra naturen \u00e4r att vandra eller cykla. I Hagfors kommun kryllar det av stigar och leder som v\u00e4ntar just p\u00e5 dig. Korta och l\u00e5nga, l\u00e4tta och lite mer utmanande &#8211; h\u00e4r finns det n\u00e5got f\u00f6r alla. Och n\u00e4r benen hittar sin lunk, ja d\u00e5 dr\u00f6jer det inte l\u00e4nge f\u00f6rr\u00e4n tankarna hittar sin och vandrar iv\u00e4g. Naturens sk\u00f6nhet f\u00e5r dig att lyfta blicken och se bortom vardagens alla m\u00e5sten och krav. <\/p>\n\n\n\n<h2 class=\"wp-block-heading\">Upplev Hagfors fr\u00e5n cykelsadeln<\/h2>\n\n\n\n<p>Ett fartfyllt alternativ till att uppt\u00e4cka Hagfors till fots \u00e4r att cykla. Gillar du att mixa naturupplevelser med ett h\u00f6gt tempo kan du \u00e5ka mountainbike p\u00e5 n\u00e5gon av v\u00e5ra flertalet leder. Vill du ta det lite lugnare kan du b\u00e5de vandra och cykla p\u00e5 Klar\u00e4lvsbanan en 90 km l\u00e5ng naturupplevelse p\u00e5 bilfri asfalt fr\u00e5n Uddeholm i norr till Karlstad i s\u00f6der. I Uddeholm tar Klar\u00e4lvsleden vid. F\u00f6lj den 120 km l\u00e5nga leden \u00e4nda upp till Syssleb\u00e4ck.<\/p>\n\n\n\n<h4 class=\"wp-block-heading\"><strong> V\u00e5ra mountainbikeleder:<\/strong><\/h4>\n\n\n\n<ul class=\"wp-block-list\">\n<li>Ragnar\u00f6k (svart)<\/li>\n\n\n\n<li>Upplunden (gr\u00f6n)<\/li>\n\n\n\n<li>Tre toppar (r\u00f6d)<\/li>\n\n\n\n<li>Bl\u00e5b\u00e4rskullen (bl\u00e5)<\/li>\n<\/ul>\n\n\n\n<div class=\"wp-block-atheme-component-collage-3 atheme-collage\"><div class=\"atheme-collage--triple\"><div class=\"atheme-collage--image\" style=\"background-image:url( https:\/\/www.visitvarmland.com\/hagfors\/wp-content\/uploads\/sites\/8\/2023\/05\/Q2Q8990-scaled.jpg )\"><div id=\"bqhqMFMZqnnKHzep\" class=\"atheme-collage--infobox\"><p>Klar\u00e4lvsbanan<\/p><\/div><div class=\"atheme-collage--action\"><div class=\"atheme-collage--action-btn\"><i class=\"fal fa-ellipsis-h\"><\/i><\/div><\/div><\/div><div class=\"atheme-collage--image\" style=\"background-image:url( https:\/\/www.visitvarmland.com\/hagfors\/wp-content\/uploads\/sites\/8\/2023\/05\/Q2Q9775.jpg )\"><div id=\"EfOlJpzXIcYnNJnh\" class=\"atheme-collage--infobox\"><p>Klar\u00e4lvsbanan<\/p><\/div><div class=\"atheme-collage--action\"><div class=\"atheme-collage--action-btn\"><i class=\"fal fa-ellipsis-h\"><\/i><\/div><\/div><\/div><div class=\"atheme-collage--image\" style=\"background-image:url( https:\/\/www.visitvarmland.com\/hagfors\/wp-content\/uploads\/sites\/8\/2023\/05\/Hagfors-kommun-Eksha\u2560er-Mtb-Mamma-Dotter-GranLjus-1-scaled.jpg )\"><div id=\"AGCSPUGbQqfCQCiM\" class=\"atheme-collage--infobox\"><p>Tre toppar<\/p><\/div><div class=\"atheme-collage--action\"><div class=\"atheme-collage--action-btn\"><i class=\"fal fa-ellipsis-h\"><\/i><\/div><\/div><\/div><\/div><\/div>\n\n\n\n<p>Hagfors kommun \u00e4r en del av Biking V\u00e4rmland, kvalitetss\u00e4krade mountainbikeleder med gemensam skyltning och olika sv\u00e5righetsgrader. Allt fr\u00e5n l\u00e4tt cykling till kr\u00e4vande endurocykling. Lederna erbjuder skyltning som fungerar b\u00e5de nationellt och internationellt, ett h\u00e4rligt s\u00e4tt att uppleva v\u00e5r underbara natur med allt den har att erbjuda. Idag finns fyra leder i kommunen. Tre toppar och Bl\u00e5b\u00e4rskullen i Eksh\u00e4rad. I Hagfors finns enduroslingan Ragnar\u00f6k samt &#8221;tur och returslingan&#8221; Upplunden med start i Hagfors eller vid V\u00e4rmlandsg\u00e5rden. L\u00e4s mer om lederna <a href=\"https:\/\/www.visitvarmland.com\/hagfors\/aktiviteter\/cykla-i-magiska-hagfors\">h\u00e4r<\/a>. <\/p>\n\n\n\n<h2 class=\"wp-block-heading\">Vandra i Hagfors<\/h2>\n\n\n\n<p>Vad kul att du vill vandra i Hagfors kommun! Med \u00f6ver 190 km leder finns h\u00e4r mycket natur och vildmark att uppt\u00e4cka. Varf\u00f6r inte ta med familjen p\u00e5 en naturupplevelse i vildmarken? Eller ta  en l\u00f6parrunda p\u00e5 ett av v\u00e5ra m\u00e5nga motionssp\u00e5r?<\/p>\n\n\n\n<div class=\"wp-block-atheme-component-collage-4 atheme-collage\"><div class=\"atheme-collage--quadruple\"><div class=\"atheme-collage--row\"><div class=\"atheme-collage--image\" style=\"background-image:url( https:\/\/www.visitvarmland.com\/hagfors\/wp-content\/uploads\/sites\/8\/2021\/05\/Magiska-Hagfors_startsida_1750x790.jpg )\"><div id=\"DTdIfxQJRBCuCmRd\" class=\"atheme-collage--infobox\"><p>Halg\u00e5leden<\/p><\/div><div class=\"atheme-collage--action\"><div class=\"atheme-collage--action-btn\"><i class=\"fal fa-ellipsis-h\"><\/i><\/div><\/div><\/div><div class=\"atheme-collage--image\" style=\"background-image:url( https:\/\/www.visitvarmland.com\/hagfors\/wp-content\/uploads\/sites\/8\/2022\/04\/Mana-Orbacken.jpg )\"><div id=\"jJzbMEvUBDaIsVjz\" class=\"atheme-collage--infobox\"><p>Mana-\u00d6rb\u00e4cken<\/p><\/div><div class=\"atheme-collage--action\"><div class=\"atheme-collage--action-btn\"><i class=\"fal fa-ellipsis-h\"><\/i><\/div><\/div><\/div><\/div><div class=\"atheme-collage--row\"><div class=\"atheme-collage--image\" style=\"background-image:url( https:\/\/www.visitvarmland.com\/hagfors\/wp-content\/uploads\/sites\/8\/2023\/05\/MG_6542.jpg )\"><div id=\"lJznvUaLcZxzlsvU\" class=\"atheme-collage--infobox\"><p>Mana<\/p><\/div><div class=\"atheme-collage--action\"><div class=\"atheme-collage--action-btn\"><i class=\"fal fa-ellipsis-h\"><\/i><\/div><\/div><\/div><div class=\"atheme-collage--image\" style=\"background-image:url( https:\/\/www.visitvarmland.com\/hagfors\/wp-content\/uploads\/sites\/8\/2023\/05\/Hagfors-Kommun-Lillsjo\u2560en-Vandring-02-scaled.jpg )\"><div id=\"jCYyCOQegYGSQcdk\" class=\"atheme-collage--infobox\"><p>Lillsj\u00f6n<\/p><\/div><div class=\"atheme-collage--action\"><div class=\"atheme-collage--action-btn\"><i class=\"fal fa-ellipsis-h\"><\/i><\/div><\/div><\/div><\/div><\/div><\/div>\n\n\n\n<p><strong>V\u00e5ra vandringsleder i Hagfors:<\/strong><\/p>\n\n\n\n<ul class=\"wp-block-list\">\n<li>Brattfallet, Halg\u00e5leden<\/li>\n\n\n\n<li>\u00c5senslingan<\/li>\n\n\n\n<li>Svart\u00e5leden, Brattforsheden<\/li>\n\n\n\n<li>Rundslinga V\u00e4rmlandsg\u00e5rden<\/li>\n\n\n\n<li>Sagostigen <\/li>\n\n\n\n<li>Tre toppar och Tv\u00e5 toppar<\/li>\n\n\n\n<li>Alfaleden och Valpleden<\/li>\n\n\n\n<li>Hyttdalens vandringsstig<\/li>\n\n\n\n<li>Finnv\u00e4gen<\/li>\n<\/ul>\n\n\n\n<p>L\u00e4s mer om v\u00e5ra leder i v\u00e5r broschyr som du kan ladda ner h\u00e4r:<\/p>\n\n\n\n<div class=\"wp-block-file\"><a id=\"wp-block-file--media-33db026c-b544-48ed-8804-e35bf969ef8b\" href=\"https:\/\/www.visitvarmland.com\/hagfors\/wp-content\/uploads\/sites\/8\/2023\/05\/Vandringsbroschyr.pdf\">Vandringsbroschyr<\/a><a href=\"https:\/\/www.visitvarmland.com\/hagfors\/wp-content\/uploads\/sites\/8\/2023\/05\/Vandringsbroschyr.pdf\" class=\"wp-block-file__button wp-element-button\" download aria-describedby=\"wp-block-file--media-33db026c-b544-48ed-8804-e35bf969ef8b\">Ladda ner<\/a><\/div>\n\n\n\n<h2 class=\"wp-block-heading\">H\u00e4r nappar det<\/h2>\n\n\n\n<p>Du s\u00e4tter betet p\u00e5 kroken och kastar i fl\u00f6tet. Sm\u00e5 ringar bildas p\u00e5 vattnets yta och skapar sm\u00e5 tillf\u00e4lliga avtryck i den spegelblanka sj\u00f6n. Nu \u00e4r det bara att v\u00e4nta. Du lutar dig tillbaka och ser dig omkring. Sj\u00f6n ligger inb\u00e4ddad i vacker natur och inte en m\u00e4nniska finns i sikte. Lugnet b\u00f6rjar komma, kroppen varvar ner. Du hinner reflektera och ta dig tid i tystnaden. Pl\u00f6tsligt sp\u00e4nns linan, fl\u00f6tet dyker snabbt under ytan och du riktar allt fokus mot det som finns i andra \u00e4nden. Kanske blir det nygrillad abborre till kv\u00e4llsmat?<\/p>\n\n\n\n<p>H\u00e4r i Hagfors kommun finns det gott om fina platser d\u00e4r du kan vakta ditt fl\u00f6te, oavsett om du \u00e4r nyb\u00f6rjare eller proffs. Fiska harr, lax och \u00f6ring i den livliga Klar\u00e4lven, kommunens ryggrad och Sveriges l\u00e4ngsta \u00e4lv. Fiska abborre, g\u00e4dda och vitfisk i trolska skogssj\u00f6ar. Vintertid lockar isfisket. Inte mycket g\u00e5r upp mot den naturupplevelse pimpelfiskaren f\u00e5r en str\u00e5lande vinterdag n\u00e4r isen ligger tjock och Kung Bore har b\u00e4ddat in landskapet med ett mjukt, vitt sn\u00f6t\u00e4cke. <\/p>\n\n\n\n<figure class=\"wp-block-image size-large is-style-rounded\"><img loading=\"lazy\" decoding=\"async\" width=\"1024\" height=\"693\" src=\"https:\/\/www.visitvarmland.com\/hagfors\/wp-content\/uploads\/sites\/8\/2023\/05\/Hagfors-Kommun-Lillsjo\u2560en-Fiske-Jo\u2560ergen-Ga\u2560edda-04-1-1024x693.jpg\" alt=\"Fiske\" class=\"wp-image-674\" \/><\/figure>\n\n\n\n<p>Kom ih\u00e5g att k\u00f6pa fiskekort innan du ger dig ut f\u00f6r att testa fiskelyckan. Med kommunfiskekortet f\u00e5r du fiska i de flesta sj\u00f6ar av skiftande karakt\u00e4r och den del av Klar\u00e4lven som finns i Hagfors kommun. \u00c4r du under 16 \u00e5r fiskar du gratis. Du f\u00e5r \u00e4ven en karta \u00f6ver vilka vatten som ing\u00e5r. Vill du fiska i andra sj\u00f6ar l\u00f6ser du ett kort hos den lokala fiskev\u00e5rdsf\u00f6reningen. <a href=\"https:\/\/www.ifiske.se\/fiskekort-hagfors-fiskevardskrets.htm\" target=\"_blank\" rel=\"noopener\">H\u00e4r<\/a> kan du k\u00f6pa kommunfiskekortet. <\/p>\n\n\n\n<h2 class=\"wp-block-heading\">Vattenaktiviteter<\/h2>\n\n\n\n<p>I magiska Hagfors finns det gott om vatten att utforska genom att paddla kanot eller kajak, eller kanske vill du testa SUP? Det finns 250 km vattenv\u00e4gar att glida fram p\u00e5 &#8211; lugna slingrande \u00e5ar, sm\u00e5 tj\u00e4rnar, stora \u00f6ppna vatten d\u00e4r tystnaden omsluter dig och ger dig en upplevelse som f\u00f6r dig n\u00e4rmare naturen. I Klar\u00e4lvdalen och sj\u00f6systemen runt Gustav Adolf hittar du de b\u00e4sta kanotvattnen. Kanoter finns att hyra p\u00e5 flera platser. <\/p>\n\n\n\n<p>N\u00e5gra av v\u00e5ra popul\u00e4ra paddelleder:<br>&#8211; Svart\u00e4lven<br>&#8211; Klar\u00e4lven<br>&#8211; Rottnan<br>&#8211; R\u00e5dasj\u00f6n-Lidsj\u00f6n<br>&#8211; Upplunden-Deglunden<\/p>\n\n\n\n<div class=\"wp-block-atheme-component-collage-2 atheme-collage\"><div class=\"atheme-collage--double\"><div class=\"atheme-collage--image\" style=\"background-image:url( https:\/\/www.visitvarmland.com\/hagfors\/wp-content\/uploads\/sites\/8\/2023\/06\/Hagfors-kommun-Sunnemo-Lidsbron-SUP-04-scaled.jpg )\"><div id=\"uQAuUXPgygGpcXDP\" class=\"atheme-collage--infobox\"><p>SUP, Lidsbron<\/p><\/div><div class=\"atheme-collage--action\"><div class=\"atheme-collage--action-btn\"><i class=\"fal fa-ellipsis-h\"><\/i><\/div><\/div><\/div><div class=\"atheme-collage--image\" style=\"background-image:url( https:\/\/www.visitvarmland.com\/hagfors\/wp-content\/uploads\/sites\/8\/2023\/06\/23I5790-e1686559434800.jpg )\"><div id=\"bvqedpYGLgckEiEJ\" class=\"atheme-collage--infobox\"><p>Kanot, Deglunden<\/p><\/div><div class=\"atheme-collage--action\"><div class=\"atheme-collage--action-btn\"><i class=\"fal fa-ellipsis-h\"><\/i><\/div><\/div><\/div><\/div><\/div>\n\n\n\n<p><\/p>\n","protected":false},"excerpt":{"rendered":"<p>De b\u00e4sta s\u00e4tten att komma n\u00e4ra naturen \u00e4r att vandra eller cykla. I Hagfors kommun kryllar det av stigar och leder som v\u00e4ntar just p\u00e5 dig. Korta och l\u00e5nga, l\u00e4tta och lite mer utmanande &#8211; h\u00e4r finns det n\u00e5got f\u00f6r alla. Och n\u00e4r benen hittar sin lunk, ja d\u00e5 dr\u00f6jer det inte l\u00e4nge f\u00f6rr\u00e4n tankarna [&hellip;]<\/p>\n","protected":false},"author":32,"featured_media":995,"parent":0,"menu_order":0,"comment_status":"closed","ping_status":"closed","template":"","meta":{"_acf_changed":false,"footnotes":""},"class_list":["post-589","page","type-page","status-publish","has-post-thumbnail","hentry"],"acf":[],"lang":"sv","translations":{"sv":589,"en":973},"pll_sync_post":[],"_links":{"self":[{"href":"https:\/\/www.visitvarmland.com\/hagfors\/wp-json\/wp\/v2\/pages\/589","targetHints":{"allow":["GET"]}}],"collection":[{"href":"https:\/\/www.visitvarmland.com\/hagfors\/wp-json\/wp\/v2\/pages"}],"about":[{"href":"https:\/\/www.visitvarmland.com\/hagfors\/wp-json\/wp\/v2\/types\/page"}],"author":[{"embeddable":true,"href":"https:\/\/www.visitvarmland.com\/hagfors\/wp-json\/wp\/v2\/users\/32"}],"replies":[{"embeddable":true,"href":"https:\/\/www.visitvarmland.com\/hagfors\/wp-json\/wp\/v2\/comments?post=589"}],"version-history":[{"count":38,"href":"https:\/\/www.visitvarmland.com\/hagfors\/wp-json\/wp\/v2\/pages\/589\/revisions"}],"predecessor-version":[{"id":1055,"href":"https:\/\/www.visitvarmland.com\/hagfors\/wp-json\/wp\/v2\/pages\/589\/revisions\/1055"}],"wp:featuredmedia":[{"embeddable":true,"href":"https:\/\/www.visitvarmland.com\/hagfors\/wp-json\/wp\/v2\/media\/995"}],"wp:attachment":[{"href":"https:\/\/www.visitvarmland.com\/hagfors\/wp-json\/wp\/v2\/media?parent=589"}],"curies":[{"name":"wp","href":"https:\/\/api.w.org\/{rel}","templated":true}]}}