{"id":306,"date":"2021-06-16T11:23:41","date_gmt":"2021-06-16T09:23:41","guid":{"rendered":"https:\/\/www.visitvarmland.com\/hagfors\/?post_type=portrait&#038;p=306"},"modified":"2021-06-16T11:23:41","modified_gmt":"2021-06-16T09:23:41","slug":"christer-sjogren","status":"publish","type":"portrait","link":"https:\/\/www.visitvarmland.com\/hagfors\/portratt\/christer-sjogren\/","title":{"rendered":"Christer Sj\u00f6gren"},"content":{"rendered":"\n<p>Dansbandsvokalisten och soloartisten Christer Sj\u00f6gren kommer ursprungligen fr\u00e5n v\u00e4rml\u00e4ndska Hagfors d\u00e4r han f\u00f6ddes \u00e5r 1950. Unge herr Sj\u00f6gren visade tidigt talang och det var i Hagfors han b\u00f6rjade sin musikaliska bana i unga \u00e5r och startade redan som 14-\u00e5ring sitt f\u00f6rsta band.<\/p>\n\n\n\n<blockquote class=\"wp-block-quote is-layout-flow wp-block-quote-is-layout-flow\"><p>Jag f\u00f6rknippar starten av min musikaliska bana och karri\u00e4r med min uppv\u00e4xt i Hagfors.<\/p><\/blockquote>\n\n\n\n<p>Det andra bandet han medverkade i var\u00a0<em>Jupiter<\/em>\u00a0och det var h\u00e4r i det lokala Hagforsbandet som han b\u00f6rjade sjunga och var bandets vokalist och organist.<br>Efter Hagfors bar det av mot Mariestad och bandet\u00a0<em>Pelles.<\/em>\u00a0Han v\u00e4rvades sedan till\u00a0<em>Vikingarna<\/em>\u00a0d\u00e4r han som dansbandsmusiker sk\u00f6rdade de st\u00f6rsta framg\u00e5ngarna.<br>\u00c5r 2008 firade Christer 40 \u00e5r som artist med en jubileumshow p\u00e5 Tyrol i Stockholm och gav ut en samlingsskiva. Christer har \u00e4ven hunnit med en solokarri\u00e4r d\u00e4r han deltagit i Melodifestivalen, medverkat i musikalen Sound of Music och turnerat med bland andra Pernilla Wahlgren, Sonja Ald\u00e9n och Elisabeth Andreassen.<br>N\u00e4r Christer inte turnerar umg\u00e5s han med familjen eller \u00e4gnar sig \u00e5t sitt bilintresse p\u00e5 hemmaplan.<\/p>\n","protected":false},"author":32,"featured_media":0,"parent":0,"menu_order":0,"template":"","class_list":["post-306","portrait","type-portrait","status-publish","hentry"],"acf":[],"lang":"sv","translations":{"sv":306},"pll_sync_post":[],"_links":{"self":[{"href":"https:\/\/www.visitvarmland.com\/hagfors\/wp-json\/wp\/v2\/portrait\/306","targetHints":{"allow":["GET"]}}],"collection":[{"href":"https:\/\/www.visitvarmland.com\/hagfors\/wp-json\/wp\/v2\/portrait"}],"about":[{"href":"https:\/\/www.visitvarmland.com\/hagfors\/wp-json\/wp\/v2\/types\/portrait"}],"author":[{"embeddable":true,"href":"https:\/\/www.visitvarmland.com\/hagfors\/wp-json\/wp\/v2\/users\/32"}],"wp:attachment":[{"href":"https:\/\/www.visitvarmland.com\/hagfors\/wp-json\/wp\/v2\/media?parent=306"}],"curies":[{"name":"wp","href":"https:\/\/api.w.org\/{rel}","templated":true}]}}

Christer Sjögren

<p>Dansbandsvokalisten och soloartisten Christer Sjögren kommer ursprungligen från värmländska Hagfors där han föddes år 1950. Unge herr Sjögren visade tidigt talang och det var i Hagfors han började sin musikaliska bana i unga år och startade redan som 14-åring sitt första band.</p>



<blockquote class="wp-block-quote is-layout-flow wp-block-quote-is-layout-flow"><p>Jag förknippar starten av min musikaliska bana och karriär med min uppväxt i Hagfors.</p></blockquote>



<p>Det andra bandet han medverkade i var <em>Jupiter</em> och det var här i det lokala Hagforsbandet som han började sjunga och var bandets vokalist och organist.<br>Efter Hagfors bar det av mot Mariestad och bandet <em>Pelles.</em> Han värvades sedan till <em>Vikingarna</em> där han som dansbandsmusiker skördade de största framgångarna.<br>År 2008 firade Christer 40 år som artist med en jubileumshow på Tyrol i Stockholm och gav ut en samlingsskiva. Christer har även hunnit med en solokarriär där han deltagit i Melodifestivalen, medverkat i musikalen Sound of Music och turnerat med bland andra Pernilla Wahlgren, Sonja Aldén och Elisabeth Andreassen.<br>När Christer inte turnerar umgås han med familjen eller ägnar sig åt sitt bilintresse på hemmaplan.</p>
