{"id":312,"date":"2021-07-06T10:35:55","date_gmt":"2021-07-06T08:35:55","guid":{"rendered":"https:\/\/www.visitvarmland.com\/hagfors\/?post_type=portrait&#038;p=312"},"modified":"2021-07-06T10:35:55","modified_gmt":"2021-07-06T08:35:55","slug":"ismael-ataria","status":"publish","type":"portrait","link":"https:\/\/www.visitvarmland.com\/hagfors\/portratt\/ismael-ataria\/","title":{"rendered":"Ismael Ataria"},"content":{"rendered":"\n<p>Anders Brokvist alias Ismael Ataria (f. 1981); poet, f\u00f6rfattare och artist som \u00e4r f\u00f6dd och uppvuxen i Hagfors.<br>Ataria turnerar st\u00e4ndigt runt med sina poetiska enmansshower som i media beskrivits som en &#8221;rockkonsert utan musik!&#8221; &#8211; en blandning av komik, humor och allvar.<\/p>\n\n\n\n<p>Ismael Ataria skriver \u00e4ven flitigt f\u00f6r b\u00e5de radio och tidningar och har tilldelats flera kulturpris; bland annat av Hans V\u00e4pnarg\u00e5rds kulturpris 2007, F\u00f6reningen V\u00e4rmlandslitteraturs debutantpris, Region V\u00e4rmlands Litteraturstipendium och senast Landstinget&nbsp;i V\u00e4rmlands Fr\u00f6dingstipendium 2016. Han har \u00e4ven samarbete med V\u00e4stan\u00e5 Teater och tillsammans med Sophia Stinnerbom och henne musik&nbsp;har han turnerat med f\u00f6rest\u00e4llningen Livs Levande &#8211; en poetisk resa.<\/p>\n\n\n\n<p>Hans artistnamn \u00e4r en kombination av en sp\u00e4nnande karakt\u00e4r i en Bergman film och en TV-spelstillverkare.<\/p>\n\n\n\n<p>Utgivning av b\u00f6cker:<br>Allt jag vill f\u00f6r dig och ingen annan, Heidruns F\u00f6rlag 2009<br>Sm\u00e5stadshj\u00e4rtan &#8211; unga r\u00f6ster om livet, projektledare &amp; redakt\u00f6r, Heidruns F\u00f6rlag 2011<br>Bokstavs\u00e4ngeln &#8211; asfalt, stj\u00e4rnor och allt d\u00e4remellan, Heidruns F\u00f6rlag 2013<br>L\u00e4ngtan till whatever, Heidruns F\u00f6rlag 2017<br>CD &#8211; Blod, svett, kalorier &amp; korstecken, 2017<\/p>\n\n\n\n<blockquote class=\"wp-block-quote is-layout-flow wp-block-quote-is-layout-flow\"><p>En liten stillsam by fj\u00e4rran fr\u00e5n kungahus och trender. D\u00e4r sm\u00e5stadslunken somnat in \u00f6ver den skogsbekl\u00e4dda huvudkudden\u2026<\/p><\/blockquote>\n\n\n\n<p><\/p>\n\n\n\n<p><\/p>\n","protected":false},"author":32,"featured_media":0,"parent":0,"menu_order":0,"template":"","class_list":["post-312","portrait","type-portrait","status-publish","hentry"],"acf":[],"lang":"sv","translations":{"sv":312},"pll_sync_post":[],"_links":{"self":[{"href":"https:\/\/www.visitvarmland.com\/hagfors\/wp-json\/wp\/v2\/portrait\/312","targetHints":{"allow":["GET"]}}],"collection":[{"href":"https:\/\/www.visitvarmland.com\/hagfors\/wp-json\/wp\/v2\/portrait"}],"about":[{"href":"https:\/\/www.visitvarmland.com\/hagfors\/wp-json\/wp\/v2\/types\/portrait"}],"author":[{"embeddable":true,"href":"https:\/\/www.visitvarmland.com\/hagfors\/wp-json\/wp\/v2\/users\/32"}],"wp:attachment":[{"href":"https:\/\/www.visitvarmland.com\/hagfors\/wp-json\/wp\/v2\/media?parent=312"}],"curies":[{"name":"wp","href":"https:\/\/api.w.org\/{rel}","templated":true}]}}

<p>Anders Brokvist alias Ismael Ataria (f. 1981); poet, författare och artist som är född och uppvuxen i Hagfors.<br>Ataria turnerar ständigt runt med sina poetiska enmansshower som i media beskrivits som en &#8221;rockkonsert utan musik!&#8221; &#8211; en blandning av komik, humor och allvar.</p>



<p>Ismael Ataria skriver även flitigt för både radio och tidningar och har tilldelats flera kulturpris; bland annat av Hans Väpnargårds kulturpris 2007, Föreningen Värmlandslitteraturs debutantpris, Region Värmlands Litteraturstipendium och senast Landstinget&nbsp;i Värmlands Frödingstipendium 2016. Han har även samarbete med Västanå Teater och tillsammans med Sophia Stinnerbom och henne musik&nbsp;har han turnerat med föreställningen Livs Levande &#8211; en poetisk resa.</p>



<p>Hans artistnamn är en kombination av en spännande karaktär i en Bergman film och en TV-spelstillverkare.</p>



<p>Utgivning av böcker:<br>Allt jag vill för dig och ingen annan, Heidruns Förlag 2009<br>Småstadshjärtan &#8211; unga röster om livet, projektledare &amp; redaktör, Heidruns Förlag 2011<br>Bokstavsängeln &#8211; asfalt, stjärnor och allt däremellan, Heidruns Förlag 2013<br>Längtan till whatever, Heidruns Förlag 2017<br>CD &#8211; Blod, svett, kalorier &amp; korstecken, 2017</p>



<blockquote class="wp-block-quote is-layout-flow wp-block-quote-is-layout-flow"><p>En liten stillsam by fjärran från kungahus och trender. Där småstadslunken somnat in över den skogsbeklädda huvudkudden…</p></blockquote>



<p></p>



<p></p>
