{"id":775,"date":"2023-06-16T11:40:14","date_gmt":"2023-06-16T09:40:14","guid":{"rendered":"https:\/\/www.visitvarmland.com\/hagfors\/?post_type=themepage&#038;p=775"},"modified":"2023-06-28T10:53:25","modified_gmt":"2023-06-28T08:53:25","slug":"christina-haffling-strandberg","status":"publish","type":"themepage","link":"https:\/\/www.visitvarmland.com\/hagfors\/tema-aktiviteter\/christina-haffling-strandberg\/","title":{"rendered":"Elsk\u00e5p nr 4 &amp; 5 &#8211; Christina Haffling Strandberg"},"content":{"rendered":"\n<p>I centrala Hagfors och Eksh\u00e4rad kan du uppleva konst p\u00e5 elsk\u00e5p genom 11 konstverk och fotografier. Bilderna har anknytning till Hagfors kommun p\u00e5 ett eller annat s\u00e4tt. Ta g\u00e4rna en promenad och se om du hittar alla sk\u00e5p. <\/p>\n\n\n\n<p>Christina Haffling Strandberg bor i Uddeholm d\u00e4r hon \u00e4ven har sin atelje. Hon har ritat och m\u00e5lat sedan hon var liten. Inspirationen kommer oftast fr\u00e5n djur och natur och ritar och m\u00e5lar med det som k\u00e4nns b\u00e4st f\u00f6r stunden.&nbsp;Konstverken \u00e4r m\u00e5lade p\u00e5 duk med akryl.<br><a href=\"http:\/\/strandbergart.se\/\" target=\"_blank\" rel=\"noopener\">strandbergart.se<\/a> Facebooksida: <a href=\"https:\/\/www.facebook.com\/strandbergart\" target=\"_blank\" rel=\"noopener\">strandbergArt<\/a><\/p>\n\n\n\n<figure class=\"wp-block-image size-large\"><img loading=\"lazy\" decoding=\"async\" width=\"799\" height=\"1024\" src=\"https:\/\/www.visitvarmland.com\/hagfors\/wp-content\/uploads\/sites\/8\/2023\/06\/AC08C412-6541-4366-A31A-1A57A088EFBA-799x1024.jpeg\" alt=\"Tavla av Christina Haffling Strandberg\"  class=\"wp-image-1004\" srcset=\"https:\/\/www.visitvarmland.com\/app\/uploads\/sites\/8\/2023\/06\/AC08C412-6541-4366-A31A-1A57A088EFBA-799x1024.jpeg 799w, https:\/\/www.visitvarmland.com\/app\/uploads\/sites\/8\/2023\/06\/AC08C412-6541-4366-A31A-1A57A088EFBA-234x300.jpeg 234w, https:\/\/www.visitvarmland.com\/app\/uploads\/sites\/8\/2023\/06\/AC08C412-6541-4366-A31A-1A57A088EFBA-768x984.jpeg 768w, https:\/\/www.visitvarmland.com\/app\/uploads\/sites\/8\/2023\/06\/AC08C412-6541-4366-A31A-1A57A088EFBA-1198x1536.jpeg 1198w, https:\/\/www.visitvarmland.com\/app\/uploads\/sites\/8\/2023\/06\/AC08C412-6541-4366-A31A-1A57A088EFBA-1598x2048.jpeg 1598w, https:\/\/www.visitvarmland.com\/app\/uploads\/sites\/8\/2023\/06\/AC08C412-6541-4366-A31A-1A57A088EFBA-9x12.jpeg 9w, https:\/\/www.visitvarmland.com\/app\/uploads\/sites\/8\/2023\/06\/AC08C412-6541-4366-A31A-1A57A088EFBA-117x150.jpeg 117w, https:\/\/www.visitvarmland.com\/app\/uploads\/sites\/8\/2023\/06\/AC08C412-6541-4366-A31A-1A57A088EFBA-468x600.jpeg 468w, https:\/\/www.visitvarmland.com\/app\/uploads\/sites\/8\/2023\/06\/AC08C412-6541-4366-A31A-1A57A088EFBA-scaled.jpeg 1997w\" sizes=\"auto, (max-width: 799px) 100vw, 799px\" \/><figcaption>Att dr\u00f6mresa tillsammans<\/figcaption><\/figure>\n\n\n\n<p><\/p>\n","protected":false},"author":22,"featured_media":0,"parent":0,"menu_order":0,"template":"","class_list":["post-775","themepage","type-themepage","status-publish","hentry"],"acf":[],"lang":"sv","translations":{"sv":775},"pll_sync_post":[],"_links":{"self":[{"href":"https:\/\/www.visitvarmland.com\/hagfors\/wp-json\/wp\/v2\/themepage\/775","targetHints":{"allow":["GET"]}}],"collection":[{"href":"https:\/\/www.visitvarmland.com\/hagfors\/wp-json\/wp\/v2\/themepage"}],"about":[{"href":"https:\/\/www.visitvarmland.com\/hagfors\/wp-json\/wp\/v2\/types\/themepage"}],"author":[{"embeddable":true,"href":"https:\/\/www.visitvarmland.com\/hagfors\/wp-json\/wp\/v2\/users\/22"}],"wp:attachment":[{"href":"https:\/\/www.visitvarmland.com\/hagfors\/wp-json\/wp\/v2\/media?parent=775"}],"curies":[{"name":"wp","href":"https:\/\/api.w.org\/{rel}","templated":true}]}}

Elskåp nr 4 &amp; 5 &#8211; Christina Haffling Strandberg

<p>I centrala Hagfors och Ekshärad kan du uppleva konst på elskåp genom 11 konstverk och fotografier. Bilderna har anknytning till Hagfors kommun på ett eller annat sätt. Ta gärna en promenad och se om du hittar alla skåp. </p>



<p>Christina Haffling Strandberg bor i Uddeholm där hon även har sin atelje. Hon har ritat och målat sedan hon var liten. Inspirationen kommer oftast från djur och natur och ritar och målar med det som känns bäst för stunden.&nbsp;Konstverken är målade på duk med akryl.<br><a href="http://strandbergart.se/" target="_blank" rel="noopener">strandbergart.se</a> Facebooksida: <a href="https://www.facebook.com/strandbergart" target="_blank" rel="noopener">strandbergArt</a></p>



<figure class="wp-block-image size-large"><img loading="lazy" decoding="async" width="799" height="1024" src="https://www.visitvarmland.com/hagfors/wp-content/uploads/sites/8/2023/06/AC08C412-6541-4366-A31A-1A57A088EFBA-799x1024.jpeg" alt="Tavla av Christina Haffling Strandberg"  class="wp-image-1004" srcset="https://www.visitvarmland.com/app/uploads/sites/8/2023/06/AC08C412-6541-4366-A31A-1A57A088EFBA-799x1024.jpeg 799w, https://www.visitvarmland.com/app/uploads/sites/8/2023/06/AC08C412-6541-4366-A31A-1A57A088EFBA-234x300.jpeg 234w, https://www.visitvarmland.com/app/uploads/sites/8/2023/06/AC08C412-6541-4366-A31A-1A57A088EFBA-768x984.jpeg 768w, https://www.visitvarmland.com/app/uploads/sites/8/2023/06/AC08C412-6541-4366-A31A-1A57A088EFBA-1198x1536.jpeg 1198w, https://www.visitvarmland.com/app/uploads/sites/8/2023/06/AC08C412-6541-4366-A31A-1A57A088EFBA-1598x2048.jpeg 1598w, https://www.visitvarmland.com/app/uploads/sites/8/2023/06/AC08C412-6541-4366-A31A-1A57A088EFBA-9x12.jpeg 9w, https://www.visitvarmland.com/app/uploads/sites/8/2023/06/AC08C412-6541-4366-A31A-1A57A088EFBA-117x150.jpeg 117w, https://www.visitvarmland.com/app/uploads/sites/8/2023/06/AC08C412-6541-4366-A31A-1A57A088EFBA-468x600.jpeg 468w, https://www.visitvarmland.com/app/uploads/sites/8/2023/06/AC08C412-6541-4366-A31A-1A57A088EFBA-scaled.jpeg 1997w" sizes="auto, (max-width: 799px) 100vw, 799px" /><figcaption>Att drömresa tillsammans</figcaption></figure>



<p></p>
