{"id":205,"date":"2021-05-19T16:02:11","date_gmt":"2021-05-19T14:02:11","guid":{"rendered":"https:\/\/www.visitvarmland.com\/hammaro\/?page_id=205"},"modified":"2022-04-11T15:44:23","modified_gmt":"2022-04-11T13:44:23","slug":"resa-hit","status":"publish","type":"page","link":"https:\/\/www.visitvarmland.com\/hammaro\/resa-hit\/","title":{"rendered":"Bes\u00f6ksinformation"},"content":{"rendered":"\n<div class=\"wp-block-atheme-component-cta atheme-wrapper--full\"><div class=\"atheme-components-cta--decoration-right\"><\/div><div class=\"atheme-components-cta--decoration-left\"><\/div><div class=\"atheme-components-cta\" style=\"height:600px;min-height:300px;background-image:url( https:\/\/www.visitvarmland.com\/hammaro\/wp-content\/uploads\/sites\/9\/2021\/05\/G6Q1258.jpg );background-size:cover;background-position:center center;background-attachment:scroll\"><div class=\"atheme-components-cta--overlay\"> <\/div><div class=\"atheme-components-cta--text\"><div><h3>V\u00e4lkommen till Hammar\u00f6<\/h3><p>&nbsp;Allt \u00e4r n\u00e4ra f\u00f6r dig som bor p\u00e5 och bes\u00f6ker Hammar\u00f6!<\/p><div class=\"atheme-components-cta--text-border\"><\/div><\/div><\/div><\/div><\/div>\n\n\n\n<h3 class=\"wp-block-heading\">Hammar\u00f6 \u00e5ret om<\/h3>\n\n\n\n<p>F\u00f6r dig som bes\u00f6kare finns det mycket att se och uppleva p\u00e5 Hammar\u00f6. Det finns m\u00e5nga aktiviteter och evenemang du kan delta i samt m\u00e5nga smultronst\u00e4llen att bes\u00f6ka. Oavsett om du vill ta det lugnt eller motionera s\u00e5 \u00e4r du v\u00e4lkommen till Hammar\u00f6 \u00e5ret om!<\/p>\n\n\n\n<h3 class=\"wp-block-heading\">Bes\u00f6ksserviceplatser<\/h3>\n\n\n\n<p>F\u00f6r att underl\u00e4tta f\u00f6r dig och ditt bes\u00f6k p\u00e5 Hammar\u00f6 har vi turistinformation vid v\u00e5ra bes\u00f6ksserviceplatser runt om i kommunen. Vid v\u00e5ra bes\u00f6ksserviceplatser kan du f\u00e5 information om kommunen samt information om vad som kan utforskas i Karlstadsregionen. H\u00e4r kan du ocks\u00e5 h\u00e4mta kartor och broschyrer.<\/p>\n\n\n\n<p><strong>Kontaktcenter kommunhuset<\/strong><br>Bes\u00f6ksadress: M\u00f6rmov\u00e4gen 5, Skoghall<br>Telefon: 054-51 50 00<br>\u00d6ppettider: m\u00e5ndag-fredag 8.00-16.00&nbsp;<br>V.25-32:&nbsp;<br>M\u00e5ndag-torsdag: 08:00-12:00 och 12:45-16:00<br>Fredagar: 08:00-12:00 och 12:45-15:00<\/p>\n\n\n\n<p><strong>Lill\u00e4ngshamnens Fiskr\u00f6keri<br><\/strong>Bes\u00f6ksadress: Lill\u00e4ngshamnen, Skoghall<br>Telefon<strong>:&nbsp;<\/strong>054-51 72 30 <br>\u00d6ppettider \u00e4r knutna till verksamheten, se hemsida:&nbsp;<br><a rel=\"noreferrer noopener\" href=\"http:\/\/lillangshamnens-fiskrokeri.se\/\" target=\"_blank\">L\u00e4nk till Lill\u00e4ngshamnens fiskr\u00f6keri<\/a><\/p>\n\n\n\n<p><strong>First Camp M\u00f6rudden-Hammar\u00f6<br><\/strong>Bes\u00f6ksadress: M\u00f6ruddsv\u00e4gen 700, Skoghall<br>Telefon: 054- 51 77 11&nbsp;&nbsp;<br>\u00d6ppettider \u00e4r knutna till verksamheten, se hemsida:&nbsp;<br><a rel=\"noreferrer noopener\" href=\"https:\/\/firstcamp.se\/destination\/morudden-hammaro\/?gclid=EAIaIQobChMImYmzhovD7AIV2wCiAx3g9wOJEAAYASAAEgJ-aPD_BwE\" target=\"_blank\">L\u00e4nk till First Camp M\u00f6rudden-Hammar\u00f6<\/a><\/p>\n\n\n\n<p><strong>Fritidsbanken Hammar\u00f6<\/strong><br>Bes\u00f6ksadress: Bj\u00f6rkhagsgatan 6, Skoghall<br>Telefon: 054-51 50 51<br>\u00d6ppettider \u00e4r knutna till verksamheten, se hemsida:&nbsp;<br><a href=\"https:\/\/www.fritidsbanken.se\/fritidsbank\/hammaro\/\" target=\"_blank\" rel=\"noopener\">L\u00e4nk till Fritidsbanken Hammar\u00f6<\/a><\/p>\n\n\n\n<p><\/p>\n\n\n\n<p><\/p>\n","protected":false},"excerpt":{"rendered":"<p>Hammar\u00f6 \u00e5ret om F\u00f6r dig som bes\u00f6kare finns det mycket att se och uppleva p\u00e5 Hammar\u00f6. Det finns m\u00e5nga aktiviteter och evenemang du kan delta i samt m\u00e5nga smultronst\u00e4llen att bes\u00f6ka. Oavsett om du vill ta det lugnt eller motionera s\u00e5 \u00e4r du v\u00e4lkommen till Hammar\u00f6 \u00e5ret om! Bes\u00f6ksserviceplatser F\u00f6r att underl\u00e4tta f\u00f6r dig och [&hellip;]<\/p>\n","protected":false},"author":3,"featured_media":0,"parent":0,"menu_order":0,"comment_status":"closed","ping_status":"open","template":"","meta":{"_acf_changed":false,"footnotes":""},"class_list":["post-205","page","type-page","status-publish","hentry"],"acf":[],"lang":"sv","translations":{"sv":205},"pll_sync_post":[],"_links":{"self":[{"href":"https:\/\/www.visitvarmland.com\/hammaro\/wp-json\/wp\/v2\/pages\/205","targetHints":{"allow":["GET"]}}],"collection":[{"href":"https:\/\/www.visitvarmland.com\/hammaro\/wp-json\/wp\/v2\/pages"}],"about":[{"href":"https:\/\/www.visitvarmland.com\/hammaro\/wp-json\/wp\/v2\/types\/page"}],"author":[{"embeddable":true,"href":"https:\/\/www.visitvarmland.com\/hammaro\/wp-json\/wp\/v2\/users\/3"}],"replies":[{"embeddable":true,"href":"https:\/\/www.visitvarmland.com\/hammaro\/wp-json\/wp\/v2\/comments?post=205"}],"version-history":[{"count":14,"href":"https:\/\/www.visitvarmland.com\/hammaro\/wp-json\/wp\/v2\/pages\/205\/revisions"}],"predecessor-version":[{"id":471,"href":"https:\/\/www.visitvarmland.com\/hammaro\/wp-json\/wp\/v2\/pages\/205\/revisions\/471"}],"wp:attachment":[{"href":"https:\/\/www.visitvarmland.com\/hammaro\/wp-json\/wp\/v2\/media?parent=205"}],"curies":[{"name":"wp","href":"https:\/\/api.w.org\/{rel}","templated":true}]}}