{"id":196,"date":"2021-05-19T14:54:03","date_gmt":"2021-05-19T12:54:03","guid":{"rendered":"https:\/\/www.visitvarmland.com\/karlskoga\/?page_id=196"},"modified":"2024-04-16T15:15:18","modified_gmt":"2024-04-16T13:15:18","slug":"besoksinformation","status":"publish","type":"page","link":"https:\/\/www.visitvarmland.com\/karlskoga\/besoksinformation\/","title":{"rendered":"Bes\u00f6ksinformation"},"content":{"rendered":"<div class=\"wp-block-image\">\n<figure class=\"aligncenter size-large is-resized\"><img loading=\"lazy\" decoding=\"async\" width=\"600\" height=\"600\" src=\"https:\/\/www.visitvarmland.com\/karlskoga\/wp-content\/uploads\/sites\/10\/2023\/03\/Sign-tourist-information-green-600x600-1.jpg\" alt=\"\"  class=\"wp-image-648\" style=\"width:146px;height:auto\" srcset=\"https:\/\/www.visitvarmland.com\/app\/uploads\/sites\/10\/2023\/03\/Sign-tourist-information-green-600x600-1.jpg 600w, https:\/\/www.visitvarmland.com\/app\/uploads\/sites\/10\/2023\/03\/Sign-tourist-information-green-600x600-1-300x300.jpg 300w, https:\/\/www.visitvarmland.com\/app\/uploads\/sites\/10\/2023\/03\/Sign-tourist-information-green-600x600-1-150x150.jpg 150w, https:\/\/www.visitvarmland.com\/app\/uploads\/sites\/10\/2023\/03\/Sign-tourist-information-green-600x600-1-12x12.jpg 12w\" sizes=\"auto, (max-width: 600px) 100vw, 600px\" \/><\/figure><\/div>\n\n\n<p>Beh\u00f6ver du information om lokala sev\u00e4rdheter, aktiviteter eller evenemang? Karlskogas turistinformation \u00e4r h\u00e4r f\u00f6r att g\u00f6ra din vistelse s\u00e5 fantastisk som m\u00f6jligt!<\/p>\n\n\n\n<p>Kom in till oss s\u00e5 ska vi visa dig v\u00e5ra b\u00e4sta smultronst\u00e4llen som Karlskoga har att erbjuda. Du hittar v\u00e5r turistinformation i samma lokal som servicecentret p\u00e5 Katrinedalsgatan 4. H\u00e4r kan du som bes\u00f6kare h\u00e4mta broschyrer och kartor samt f\u00e5 personlig turistinformation. Dessutom erbjuder vi m\u00f6jligheten att s\u00f6ka efter information via v\u00e5r tillg\u00e4ngliga dator.<\/p>\n\n\n\n<p>I Karlskoga finns det \u00e4ven fyra bes\u00f6ksinformationspunkter d\u00e4r du kan h\u00e4mta information.<\/p>\n\n\n\n<ul class=\"wp-block-list\">\n<li>Alfred Nobels Bj\u00f6rkborn &#8211; Bj\u00f6rkbornsv\u00e4gen 10, 691 33 Karlskoga<\/li>\n\n\n\n<li>Boda Borg &#8211; G\u00f6sta Berlings v\u00e4g 51, 691 38 Karlskoga<\/li>\n\n\n\n<li>Hotell Alfred Nobel &#8211; Torget 1, 691 31 Karlskoga<\/li>\n\n\n\n<li>Karlskoga Golfbana &#8211; Golfv\u00e4gen 13, 691 94 Karlskoga<\/li>\n<\/ul>\n\n\n\n<p>V\u00e4lkommen!<\/p>\n\n\n\n<div class=\"wp-block-atheme-component-facts atheme-wrapper\"><div class=\"atheme-facts\"><h3>Karlskoga Servicecenter &amp; Turistinformation<\/h3><p>Katrinedalsgatan 4\u00a0\u00a0\u00a0\u00a0\u00a0\u00a0\u00a0\u00a0\u00a0\u00a0\u00a0\u00a0\u00a0\u00a0\u00a0\u00a0\u00a0\u00a0\u00a0\u00a0\u00a0\u00a0\u00a0\u00a0\u00a0\u00a0\u00a0\u00a0\u00a0\u00a0\u00a0\u00a0\u00a0\u00a0\u00a0\u00a0\u00a0\u00a0\u00a0\u00a0\u00a0\u00a0<strong>\u00a0Opening hours:\u00a0\u00a0<\/strong><br>691 31 Karlskoga\u00a0 \u00a0 \u00a0 \u00a0 \u00a0 \u00a0 \u00a0 \u00a0 \u00a0 \u00a0 \u00a0 \u00a0 \u00a0 \u00a0 \u00a0 \u00a0 \u00a0 \u00a0 \u00a0 \u00a0 \u00a0 \u00a0 m\u00e5n-fre 08.00-16.00\u00a0 \u00a0 \u00a0 \u00a0 \u00a0 \u00a0<br>tel +46 (0)586-610 00<br>info@karlskoga.se\u00a0\u00a0\u00a0\u00a0\u00a0\u00a0\u00a0\u00a0\u00a0\u00a0\u00a0\u00a0\u00a0\u00a0\u00a0\u00a0\u00a0\u00a0\u00a0\u00a0\u00a0\u00a0\u00a0\u00a0\u00a0\u00a0\u00a0\u00a0\u00a0\u00a0\u00a0\u00a0\u00a0\u00a0\u00a0\u00a0\u00a0\u00a0\u00a0\u00a0\u00a0\u00a0\u00a0\u00a0\u00a0\u00a0\u00a0<\/p><\/div><\/div>\n\n\n\n<p>Avvikande \u00f6ppettider kan f\u00f6rekomma vid storhelg.&nbsp;&nbsp;<strong>23\/12 (dag f\u00f6re julafton) st\u00e4nger vi kl. 12:00.&nbsp;30\/12 (dag f\u00f6re ny\u00e5rsafton) st\u00e4nger vi kl. 12:00.5\/1 (trettondagsafton) st\u00e4nger vi kl. 12:00.<\/strong> <\/p>\n","protected":false},"excerpt":{"rendered":"<p>Beh\u00f6ver du information om lokala sev\u00e4rdheter, aktiviteter eller evenemang? Karlskogas turistinformation \u00e4r h\u00e4r f\u00f6r att g\u00f6ra din vistelse s\u00e5 fantastisk som m\u00f6jligt! Kom in till oss s\u00e5 ska vi visa dig v\u00e5ra b\u00e4sta smultronst\u00e4llen som Karlskoga har att erbjuda. Du hittar v\u00e5r turistinformation i samma lokal som servicecentret p\u00e5 Katrinedalsgatan 4. H\u00e4r kan du som [&hellip;]<\/p>\n","protected":false},"author":7,"featured_media":0,"parent":0,"menu_order":0,"comment_status":"closed","ping_status":"open","template":"","meta":{"_acf_changed":false,"footnotes":""},"class_list":["post-196","page","type-page","status-publish","hentry"],"acf":[],"lang":"sv","translations":{"sv":196,"en":604},"pll_sync_post":[],"_links":{"self":[{"href":"https:\/\/www.visitvarmland.com\/karlskoga\/wp-json\/wp\/v2\/pages\/196","targetHints":{"allow":["GET"]}}],"collection":[{"href":"https:\/\/www.visitvarmland.com\/karlskoga\/wp-json\/wp\/v2\/pages"}],"about":[{"href":"https:\/\/www.visitvarmland.com\/karlskoga\/wp-json\/wp\/v2\/types\/page"}],"author":[{"embeddable":true,"href":"https:\/\/www.visitvarmland.com\/karlskoga\/wp-json\/wp\/v2\/users\/7"}],"replies":[{"embeddable":true,"href":"https:\/\/www.visitvarmland.com\/karlskoga\/wp-json\/wp\/v2\/comments?post=196"}],"version-history":[{"count":13,"href":"https:\/\/www.visitvarmland.com\/karlskoga\/wp-json\/wp\/v2\/pages\/196\/revisions"}],"predecessor-version":[{"id":619,"href":"https:\/\/www.visitvarmland.com\/karlskoga\/wp-json\/wp\/v2\/pages\/196\/revisions\/619"}],"wp:attachment":[{"href":"https:\/\/www.visitvarmland.com\/karlskoga\/wp-json\/wp\/v2\/media?parent=196"}],"curies":[{"name":"wp","href":"https:\/\/api.w.org\/{rel}","templated":true}]}}