{"id":659,"date":"2021-10-04T11:41:06","date_gmt":"2021-10-04T09:41:06","guid":{"rendered":"https:\/\/www.visitvarmland.com\/karlstad\/?page_id=659"},"modified":"2024-06-04T20:35:52","modified_gmt":"2024-06-04T18:35:52","slug":"om-visit-karlstad","status":"publish","type":"page","link":"https:\/\/www.visitvarmland.com\/karlstad\/om-visit-karlstad\/","title":{"rendered":"Om Visit Karlstad"},"content":{"rendered":"\n<figure class=\"wp-block-image size-large is-resized\"><img loading=\"lazy\" decoding=\"async\" src=\"https:\/\/www.visitvarmland.com\/karlstad\/wp-content\/uploads\/sites\/11\/2021\/09\/Karlstads-Kommun-Autumn-48-191013-UtskriftsKlar-UtskriftSkarp-Foto-Christine-Holm-1024x683.jpg\" alt=\"\"  class=\"wp-image-2831\" width=\"1024\" height=\"683\" srcset=\"https:\/\/www.visitvarmland.com\/app\/uploads\/sites\/11\/2021\/09\/Karlstads-Kommun-Autumn-48-191013-UtskriftsKlar-UtskriftSkarp-Foto-Christine-Holm-1024x683.jpg 1024w, https:\/\/www.visitvarmland.com\/app\/uploads\/sites\/11\/2021\/09\/Karlstads-Kommun-Autumn-48-191013-UtskriftsKlar-UtskriftSkarp-Foto-Christine-Holm-300x200.jpg 300w, https:\/\/www.visitvarmland.com\/app\/uploads\/sites\/11\/2021\/09\/Karlstads-Kommun-Autumn-48-191013-UtskriftsKlar-UtskriftSkarp-Foto-Christine-Holm-768x512.jpg 768w, https:\/\/www.visitvarmland.com\/app\/uploads\/sites\/11\/2021\/09\/Karlstads-Kommun-Autumn-48-191013-UtskriftsKlar-UtskriftSkarp-Foto-Christine-Holm-1536x1024.jpg 1536w, https:\/\/www.visitvarmland.com\/app\/uploads\/sites\/11\/2021\/09\/Karlstads-Kommun-Autumn-48-191013-UtskriftsKlar-UtskriftSkarp-Foto-Christine-Holm-16x12.jpg 16w, https:\/\/www.visitvarmland.com\/app\/uploads\/sites\/11\/2021\/09\/Karlstads-Kommun-Autumn-48-191013-UtskriftsKlar-UtskriftSkarp-Foto-Christine-Holm-150x100.jpg 150w, https:\/\/www.visitvarmland.com\/app\/uploads\/sites\/11\/2021\/09\/Karlstads-Kommun-Autumn-48-191013-UtskriftsKlar-UtskriftSkarp-Foto-Christine-Holm-600x400.jpg 600w\" sizes=\"auto, (max-width: 1024px) 100vw, 1024px\" \/><\/figure>\n\n\n\n<h2 class=\"wp-block-heading\">Om oss<\/h2>\n\n\n\n<p>Vi som g\u00e5r under namnet Visit Karlstad jobbar p\u00e5 N\u00e4ringslivs- och turismavdelningen som \u00e4r en del av funktionen Utveckling p\u00e5 Karlstads kommun. <\/p>\n\n\n\n<p>Nu har vi flyttat all information som tidigare l\u00e5g h\u00e4r till Karlstads kommuns webbplats. <a href=\"https:\/\/karlstad.se\/naringsliv-och-foretagande\/service-till-foretag\/visit-karlstad\" target=\"_blank\" rel=\"noreferrer noopener\">Du hittar allt om Visit Karlstad h\u00e4r (\u00f6ppnas i ett nytt f\u00f6nster).<\/a><\/p>\n","protected":false},"excerpt":{"rendered":"<p>Om oss Vi som g\u00e5r under namnet Visit Karlstad jobbar p\u00e5 N\u00e4ringslivs- och turismavdelningen som \u00e4r en del av funktionen Utveckling p\u00e5 Karlstads kommun. Nu har vi flyttat all information som tidigare l\u00e5g h\u00e4r till Karlstads kommuns webbplats. Du hittar allt om Visit Karlstad h\u00e4r (\u00f6ppnas i ett nytt f\u00f6nster).<\/p>\n","protected":false},"author":14,"featured_media":0,"parent":0,"menu_order":0,"comment_status":"closed","ping_status":"closed","template":"","meta":{"_acf_changed":false,"footnotes":""},"class_list":["post-659","page","type-page","status-publish","hentry"],"acf":[],"lang":"sv","translations":{"sv":659},"pll_sync_post":[],"_links":{"self":[{"href":"https:\/\/www.visitvarmland.com\/karlstad\/wp-json\/wp\/v2\/pages\/659","targetHints":{"allow":["GET"]}}],"collection":[{"href":"https:\/\/www.visitvarmland.com\/karlstad\/wp-json\/wp\/v2\/pages"}],"about":[{"href":"https:\/\/www.visitvarmland.com\/karlstad\/wp-json\/wp\/v2\/types\/page"}],"author":[{"embeddable":true,"href":"https:\/\/www.visitvarmland.com\/karlstad\/wp-json\/wp\/v2\/users\/14"}],"replies":[{"embeddable":true,"href":"https:\/\/www.visitvarmland.com\/karlstad\/wp-json\/wp\/v2\/comments?post=659"}],"version-history":[{"count":104,"href":"https:\/\/www.visitvarmland.com\/karlstad\/wp-json\/wp\/v2\/pages\/659\/revisions"}],"predecessor-version":[{"id":2997,"href":"https:\/\/www.visitvarmland.com\/karlstad\/wp-json\/wp\/v2\/pages\/659\/revisions\/2997"}],"wp:attachment":[{"href":"https:\/\/www.visitvarmland.com\/karlstad\/wp-json\/wp\/v2\/media?parent=659"}],"curies":[{"name":"wp","href":"https:\/\/api.w.org\/{rel}","templated":true}]}}