{"id":3391,"date":"2023-05-26T13:50:41","date_gmt":"2023-05-26T11:50:41","guid":{"rendered":"https:\/\/www.visitvarmland.com\/kristinehamn\/?page_id=3391"},"modified":"2026-03-27T14:47:01","modified_gmt":"2026-03-27T13:47:01","slug":"laddda_ner_broschyrer","status":"publish","type":"page","link":"https:\/\/www.visitvarmland.com\/kristinehamn\/laddda_ner_broschyrer\/","title":{"rendered":"Ladda ner broschyrer"},"content":{"rendered":"\n<div style=\"height:100px\" aria-hidden=\"true\" class=\"wp-block-spacer\"><\/div>\n\n\n\n<figure class=\"wp-block-gallery has-nested-images columns-default is-cropped wp-block-gallery-1 is-layout-flex wp-block-gallery-is-layout-flex\">\n<figure class=\"wp-block-image size-large\"><img loading=\"lazy\" decoding=\"async\" width=\"800\" height=\"800\" data-id=\"9273\" src=\"https:\/\/www.visitvarmland.com\/app\/uploads\/sites\/13\/2026\/02\/kristinehamn-besoksguide-webb-1.png\" alt=\"\" class=\"wp-image-9273\" srcset=\"https:\/\/www.visitvarmland.com\/app\/uploads\/sites\/13\/2026\/02\/kristinehamn-besoksguide-webb-1.png 800w, https:\/\/www.visitvarmland.com\/app\/uploads\/sites\/13\/2026\/02\/kristinehamn-besoksguide-webb-1-300x300.png 300w, https:\/\/www.visitvarmland.com\/app\/uploads\/sites\/13\/2026\/02\/kristinehamn-besoksguide-webb-1-150x150.png 150w, https:\/\/www.visitvarmland.com\/app\/uploads\/sites\/13\/2026\/02\/kristinehamn-besoksguide-webb-1-768x768.png 768w, https:\/\/www.visitvarmland.com\/app\/uploads\/sites\/13\/2026\/02\/kristinehamn-besoksguide-webb-1-600x600.png 600w\" sizes=\"auto, (max-width: 800px) 100vw, 800px\" \/><\/figure>\n<\/figure>\n\n\n\n<div class=\"wp-block-atheme-component-action-button atheme-wrapper--action-button-single\"><a href=\"https:\/\/www.visitvarmland.com\/app\/uploads\/sites\/13\/2026\/02\/Kristinehamn_2026_2027.pdf\" target=\"_self\" class=\"a-action a-action--arrow\" rel=\"noopener\"><span>Inspireras i Bes\u00f6ksguiden<\/span><\/a><\/div>\n\n\n\n<p>Tips f\u00f6r b\u00e5de puls och paus. \ud83d\udeb2\ud83c\udf3f\u2615<\/p>\n\n\n\n<p>Bes\u00f6ksguiden Kristinehamn \u00e4r klar \u2013 tryckt i tre spr\u00e5k och full av inspiration.<br>Vandra vid horisonten, fika bland tr\u00e4hus, uppt\u00e4ck V\u00e4nerns \u00f6ar eller l\u00e5t barnen hitta sina favoriter.<\/p>\n\n\n\n<p>V\u00e4lkommen att uppt\u00e4cka Kristinehamn<\/p>\n\n\n\n<div class=\"wp-block-buttons is-layout-flex wp-block-buttons-is-layout-flex\">\n<div class=\"wp-block-button has-custom-width wp-block-button__width-100\"><a class=\"wp-block-button__link wp-element-button\" href=\"https:\/\/maps.kartguiden.com\/pdf\/kristinehamn_lo.pdf\" target=\"_blank\" rel=\"noreferrer noopener\">Kristinehamn Karta\/ Map\/ Karte 2026<\/a><\/div>\n<\/div>\n\n\n\n<p class=\"has-text-align-center\">Finns att h\u00e4mta i Kristinehamn<\/p>\n\n\n\n<figure class=\"wp-block-gallery has-nested-images columns-default is-cropped wp-block-gallery-2 is-layout-flex wp-block-gallery-is-layout-flex\">\n<figure class=\"wp-block-image size-large\"><img loading=\"lazy\" decoding=\"async\" width=\"450\" height=\"650\" data-id=\"9701\" src=\"https:\/\/www.visitvarmland.com\/app\/uploads\/sites\/13\/2026\/03\/karta.png\" alt=\"\" class=\"wp-image-9701\" srcset=\"https:\/\/www.visitvarmland.com\/app\/uploads\/sites\/13\/2026\/03\/karta.png 450w, https:\/\/www.visitvarmland.com\/app\/uploads\/sites\/13\/2026\/03\/karta-208x300.png 208w, https:\/\/www.visitvarmland.com\/app\/uploads\/sites\/13\/2026\/03\/karta-104x150.png 104w, https:\/\/www.visitvarmland.com\/app\/uploads\/sites\/13\/2026\/03\/karta-415x600.png 415w\" sizes=\"auto, (max-width: 450px) 100vw, 450px\" \/><\/figure>\n<\/figure>\n\n\n\n<div style=\"height:42px\" aria-hidden=\"true\" class=\"wp-block-spacer\"><\/div>\n\n\n\n<hr class=\"wp-block-separator has-css-opacity\" \/>\n\n\n\n<hr class=\"wp-block-separator has-css-opacity\" \/>\n","protected":false},"excerpt":{"rendered":"<p>Tips f\u00f6r b\u00e5de puls och paus. \ud83d\udeb2\ud83c\udf3f\u2615 Bes\u00f6ksguiden Kristinehamn \u00e4r klar \u2013 tryckt i tre spr\u00e5k och full av inspiration.Vandra vid horisonten, fika bland tr\u00e4hus, uppt\u00e4ck V\u00e4nerns \u00f6ar eller l\u00e5t barnen hitta sina favoriter. V\u00e4lkommen att uppt\u00e4cka Kristinehamn Finns att h\u00e4mta i Kristinehamn<\/p>\n","protected":false},"author":33,"featured_media":0,"parent":0,"menu_order":0,"comment_status":"closed","ping_status":"closed","template":"","meta":{"_acf_changed":false,"footnotes":""},"class_list":["post-3391","page","type-page","status-publish","hentry"],"acf":[],"lang":"sv","translations":{"sv":3391,"en":5748},"pll_sync_post":[],"_links":{"self":[{"href":"https:\/\/www.visitvarmland.com\/kristinehamn\/wp-json\/wp\/v2\/pages\/3391","targetHints":{"allow":["GET"]}}],"collection":[{"href":"https:\/\/www.visitvarmland.com\/kristinehamn\/wp-json\/wp\/v2\/pages"}],"about":[{"href":"https:\/\/www.visitvarmland.com\/kristinehamn\/wp-json\/wp\/v2\/types\/page"}],"author":[{"embeddable":true,"href":"https:\/\/www.visitvarmland.com\/kristinehamn\/wp-json\/wp\/v2\/users\/33"}],"replies":[{"embeddable":true,"href":"https:\/\/www.visitvarmland.com\/kristinehamn\/wp-json\/wp\/v2\/comments?post=3391"}],"version-history":[{"count":9,"href":"https:\/\/www.visitvarmland.com\/kristinehamn\/wp-json\/wp\/v2\/pages\/3391\/revisions"}],"predecessor-version":[{"id":9704,"href":"https:\/\/www.visitvarmland.com\/kristinehamn\/wp-json\/wp\/v2\/pages\/3391\/revisions\/9704"}],"wp:attachment":[{"href":"https:\/\/www.visitvarmland.com\/kristinehamn\/wp-json\/wp\/v2\/media?parent=3391"}],"curies":[{"name":"wp","href":"https:\/\/api.w.org\/{rel}","templated":true}]}}