{"id":5423,"date":"2024-05-10T13:11:44","date_gmt":"2024-05-10T11:11:44","guid":{"rendered":"https:\/\/www.visitvarmland.com\/kristinehamn\/?page_id=5423"},"modified":"2024-07-13T10:38:12","modified_gmt":"2024-07-13T08:38:12","slug":"resa-hit-2","status":"publish","type":"page","link":"https:\/\/www.visitvarmland.com\/kristinehamn\/en\/resa-hit-2\/","title":{"rendered":"How to get here"},"content":{"rendered":"\n<div class=\"wp-block-atheme-component-collage-1 atheme-collage\"><div class=\"atheme-collage--single\"><div class=\"atheme-collage--image\" style=\"background-image:url( https:\/\/www.visitvarmland.com\/kristinehamn\/wp-content\/uploads\/sites\/13\/2022\/08\/FaysVision-1-of-1-10.jpg )\"><div id=\"xGizTPmzvOTGRdUZ\" class=\"atheme-collage--infobox\"><p>Information about how to travel to Kristinehamn.<\/p><\/div><div class=\"atheme-collage--action\"><div class=\"atheme-collage--action-btn\"><i class=\"fal fa-ellipsis-h\"><\/i><\/div><\/div><\/div><\/div><\/div>\n\n\n\n<div class=\"wp-block-columns is-layout-flex wp-container-core-columns-is-layout-9d6595d7 wp-block-columns-is-layout-flex\">\n<div class=\"wp-block-column is-layout-flow wp-block-column-is-layout-flow\" style=\"flex-basis:33.33%\">\n<figure class=\"wp-block-image size-large is-resized is-style-default\"><img loading=\"lazy\" decoding=\"async\" width=\"1024\" height=\"1006\" src=\"https:\/\/www.visitvarmland.com\/kristinehamn\/wp-content\/uploads\/sites\/13\/2021\/05\/car-1024x1006.png\" alt=\"\" class=\"wp-image-208\" style=\"width:127px;height:124px\" srcset=\"https:\/\/www.visitvarmland.com\/app\/uploads\/sites\/13\/2021\/05\/car-1024x1006.png 1024w, https:\/\/www.visitvarmland.com\/app\/uploads\/sites\/13\/2021\/05\/car-300x295.png 300w, https:\/\/www.visitvarmland.com\/app\/uploads\/sites\/13\/2021\/05\/car-768x754.png 768w, https:\/\/www.visitvarmland.com\/app\/uploads\/sites\/13\/2021\/05\/car-1536x1509.png 1536w, https:\/\/www.visitvarmland.com\/app\/uploads\/sites\/13\/2021\/05\/car-150x147.png 150w, https:\/\/www.visitvarmland.com\/app\/uploads\/sites\/13\/2021\/05\/car-600x589.png 600w, https:\/\/www.visitvarmland.com\/app\/uploads\/sites\/13\/2021\/05\/car.png 1735w\" sizes=\"auto, (max-width: 1024px) 100vw, 1024px\" \/><\/figure>\n<\/div>\n\n\n\n<div class=\"wp-block-column is-layout-flow wp-block-column-is-layout-flow\" style=\"flex-basis:66.66%\">\n<h3 class=\"wp-block-heading\">By car<\/h3>\n\n\n\n<p>In Kristinehamn you are almost always close to water and everything seems near. Only 25 km to Stockholm, Gothenburg and Oslo. By car you easily get here via E18 in east-west direction or road 26 in north-south direction. E18 and road 26 cross in Kristinehamn. Where to park? Take a look at&nbsp;<a href=\"https:\/\/khamn.maps.arcgis.com\/apps\/webappviewer\/index.html?appid=876c70fb0d6e4643936e5c7b714ae6fe&amp;extent=1568210.5426%2C8246771.1198%2C1572796.7643%2C8249267.2665%2C102100\" target=\"_blank\" rel=\"noopener\">Parking Map<\/a>&nbsp;available on Kristinehamn municipality website.<\/p>\n<\/div>\n<\/div>\n\n\n\n<div class=\"wp-block-columns is-layout-flex wp-container-core-columns-is-layout-9d6595d7 wp-block-columns-is-layout-flex\">\n<div class=\"wp-block-column is-layout-flow wp-block-column-is-layout-flow\" style=\"flex-basis:33.33%\">\n<figure class=\"wp-block-image size-large is-resized is-style-default\"><img loading=\"lazy\" decoding=\"async\" width=\"1024\" height=\"1006\" src=\"https:\/\/www.visitvarmland.com\/kristinehamn\/wp-content\/uploads\/sites\/13\/2021\/05\/airplane-1024x1006.png\" alt=\"\" class=\"wp-image-209\" style=\"width:132px;height:129px\" srcset=\"https:\/\/www.visitvarmland.com\/app\/uploads\/sites\/13\/2021\/05\/airplane-1024x1006.png 1024w, https:\/\/www.visitvarmland.com\/app\/uploads\/sites\/13\/2021\/05\/airplane-300x295.png 300w, https:\/\/www.visitvarmland.com\/app\/uploads\/sites\/13\/2021\/05\/airplane-768x754.png 768w, https:\/\/www.visitvarmland.com\/app\/uploads\/sites\/13\/2021\/05\/airplane-1536x1509.png 1536w, https:\/\/www.visitvarmland.com\/app\/uploads\/sites\/13\/2021\/05\/airplane-150x147.png 150w, https:\/\/www.visitvarmland.com\/app\/uploads\/sites\/13\/2021\/05\/airplane-600x589.png 600w, https:\/\/www.visitvarmland.com\/app\/uploads\/sites\/13\/2021\/05\/airplane.png 1735w\" sizes=\"auto, (max-width: 1024px) 100vw, 1024px\" \/><\/figure>\n<\/div>\n\n\n\n<div class=\"wp-block-column is-layout-flow wp-block-column-is-layout-flow\" style=\"flex-basis:66.66%\">\n<h3 class=\"wp-block-heading\"><strong>By air<\/strong><\/h3>\n\n\n\n<p>Within 45 minutes you reach two airports. From\u00a0<a href=\"http:\/\/ksdarprt.se\/\" target=\"_blank\" rel=\"noreferrer noopener\">Karlstad Airport<\/a>\u00a0there are regular flights to Stockholm-Arlanda and several charter flights. From\u00a0<a href=\"https:\/\/www.orebroairport.se\/orebroairport.4.74a4e20b16df8c9fbf72086c.html\" target=\"_blank\" rel=\"noreferrer noopener\">\u00d6rebro Airport<\/a>\u00a0offers charter trips to various destinations around the world.<\/p>\n<\/div>\n<\/div>\n\n\n\n<div class=\"wp-block-columns is-layout-flex wp-container-core-columns-is-layout-9d6595d7 wp-block-columns-is-layout-flex\">\n<div class=\"wp-block-column is-layout-flow wp-block-column-is-layout-flow\" style=\"flex-basis:33.33%\">\n<figure class=\"wp-block-image size-large is-resized is-style-default\"><img loading=\"lazy\" decoding=\"async\" width=\"1024\" height=\"1006\" src=\"https:\/\/www.visitvarmland.com\/kristinehamn\/wp-content\/uploads\/sites\/13\/2021\/05\/boat-1024x1006.png\" alt=\"\" class=\"wp-image-210\" style=\"width:124px;height:121px\" srcset=\"https:\/\/www.visitvarmland.com\/app\/uploads\/sites\/13\/2021\/05\/boat-1024x1006.png 1024w, https:\/\/www.visitvarmland.com\/app\/uploads\/sites\/13\/2021\/05\/boat-300x295.png 300w, https:\/\/www.visitvarmland.com\/app\/uploads\/sites\/13\/2021\/05\/boat-768x754.png 768w, https:\/\/www.visitvarmland.com\/app\/uploads\/sites\/13\/2021\/05\/boat-1536x1509.png 1536w, https:\/\/www.visitvarmland.com\/app\/uploads\/sites\/13\/2021\/05\/boat-150x147.png 150w, https:\/\/www.visitvarmland.com\/app\/uploads\/sites\/13\/2021\/05\/boat-600x589.png 600w, https:\/\/www.visitvarmland.com\/app\/uploads\/sites\/13\/2021\/05\/boat.png 1735w\" sizes=\"auto, (max-width: 1024px) 100vw, 1024px\" \/><\/figure>\n<\/div>\n\n\n\n<div class=\"wp-block-column is-layout-flow wp-block-column-is-layout-flow\" style=\"flex-basis:66.66%\">\n<h3 class=\"wp-block-heading\">By boat<\/h3>\n\n\n\n<p>If you come to Kristinehamn by boat, there are two guest harbours, one close to teh city central and one along V\u00e5l\u00f6sundet, as well as many fine natural harbours. In summer there are boat trips that take you to several places in the archipelago. You can also rent a boat or kayak along V\u00e5l\u00f6sundsv\u00e4gen. Read more about the archipelago by clicking\u00a0<a href=\"https:\/\/www.visitvarmland.com\/kristinehamn\/en\/tips-and-guides\/batturer-pa-vanern\/\">here<\/a>.<\/p>\n<\/div>\n<\/div>\n\n\n\n<div class=\"wp-block-columns is-layout-flex wp-container-core-columns-is-layout-9d6595d7 wp-block-columns-is-layout-flex\">\n<div class=\"wp-block-column is-layout-flow wp-block-column-is-layout-flow\" style=\"flex-basis:33.33%\">\n<figure class=\"wp-block-image size-large is-resized is-style-default\"><img loading=\"lazy\" decoding=\"async\" width=\"1024\" height=\"1006\" src=\"https:\/\/www.visitvarmland.com\/kristinehamn\/wp-content\/uploads\/sites\/13\/2021\/05\/bus-1024x1006.png\" alt=\"\" class=\"wp-image-211\" style=\"width:132px;height:129px\" srcset=\"https:\/\/www.visitvarmland.com\/app\/uploads\/sites\/13\/2021\/05\/bus-1024x1006.png 1024w, https:\/\/www.visitvarmland.com\/app\/uploads\/sites\/13\/2021\/05\/bus-300x295.png 300w, https:\/\/www.visitvarmland.com\/app\/uploads\/sites\/13\/2021\/05\/bus-768x754.png 768w, https:\/\/www.visitvarmland.com\/app\/uploads\/sites\/13\/2021\/05\/bus-1536x1509.png 1536w, https:\/\/www.visitvarmland.com\/app\/uploads\/sites\/13\/2021\/05\/bus-150x147.png 150w, https:\/\/www.visitvarmland.com\/app\/uploads\/sites\/13\/2021\/05\/bus-600x589.png 600w, https:\/\/www.visitvarmland.com\/app\/uploads\/sites\/13\/2021\/05\/bus.png 1735w\" sizes=\"auto, (max-width: 1024px) 100vw, 1024px\" \/><\/figure>\n<\/div>\n\n\n\n<div class=\"wp-block-column is-layout-flow wp-block-column-is-layout-flow\" style=\"flex-basis:66.66%\">\n<h3 class=\"wp-block-heading\">By bus<\/h3>\n\n\n\n<p>In Kristinehamn and V\u00e4rmland you travel easy with\u00a0<a href=\"https:\/\/www.varmlandstrafik.se\/varmlandstrafik\/res-med-oss\/in-english\" target=\"_blank\" rel=\"noreferrer noopener\">V\u00e4rmlandstrafik.<\/a>Several bus companies operate in V\u00e4rmland for example\u00a0<a href=\"https:\/\/www.vybuss.com\/#!\/\" target=\"_blank\" rel=\"noreferrer noopener\">Nettbuss\/Bus4You\u00a0<\/a>and\u00a0<a href=\"https:\/\/global.flixbus.com\/\" target=\"_blank\" rel=\"noreferrer noopener\">Flixbus\/Swebuss<\/a>.<br><br>If you want to travel to Kristinehamn as a group and want quotes, visit:\u00a0<a href=\"https:\/\/www.bokabuss.nu\/\" target=\"_blank\" rel=\"noopener\">bokabuss.se<\/a>\u00a0make a request and get several offers where you choose the bus company you think has the best offer for you. If you want to use a local actor from Kristinehamn, you can contact\u00a0<a href=\"https:\/\/vanerbuss.se\/\" target=\"_blank\" rel=\"noopener\">V\u00e4nerbuss<\/a>\u00a0or\u00a0<a href=\"https:\/\/www.charterbuss.se\/\" target=\"_blank\" rel=\"noopener\">Charterbuss<\/a>.<\/p>\n<\/div>\n<\/div>\n\n\n\n<div class=\"wp-block-columns is-layout-flex wp-container-core-columns-is-layout-9d6595d7 wp-block-columns-is-layout-flex\">\n<div class=\"wp-block-column is-layout-flow wp-block-column-is-layout-flow\" style=\"flex-basis:33.33%\">\n<figure class=\"wp-block-image size-large is-resized is-style-default\"><img loading=\"lazy\" decoding=\"async\" width=\"1024\" height=\"1006\" src=\"https:\/\/www.visitvarmland.com\/kristinehamn\/wp-content\/uploads\/sites\/13\/2021\/06\/tag-1024x1006.png\" alt=\"\" class=\"wp-image-425\" style=\"width:128px;height:126px\" srcset=\"https:\/\/www.visitvarmland.com\/app\/uploads\/sites\/13\/2021\/06\/tag-1024x1006.png 1024w, https:\/\/www.visitvarmland.com\/app\/uploads\/sites\/13\/2021\/06\/tag-300x295.png 300w, https:\/\/www.visitvarmland.com\/app\/uploads\/sites\/13\/2021\/06\/tag-768x754.png 768w, https:\/\/www.visitvarmland.com\/app\/uploads\/sites\/13\/2021\/06\/tag-1536x1509.png 1536w, https:\/\/www.visitvarmland.com\/app\/uploads\/sites\/13\/2021\/06\/tag-150x147.png 150w, https:\/\/www.visitvarmland.com\/app\/uploads\/sites\/13\/2021\/06\/tag-600x589.png 600w, https:\/\/www.visitvarmland.com\/app\/uploads\/sites\/13\/2021\/06\/tag.png 1735w\" sizes=\"auto, (max-width: 1024px) 100vw, 1024px\" \/><\/figure>\n<\/div>\n\n\n\n<div class=\"wp-block-column is-layout-flow wp-block-column-is-layout-flow\" style=\"flex-basis:66.66%\">\n<h3 class=\"wp-block-heading\">By train<\/h3>\n\n\n\n<p>The railway station\/travel center is centrally located in Kristinehamn. You can get here by train from Stockholm, Gothenburg and Oslo. The train SJ X2000 takes you from Stockholm to Kristinehamn in a little more than two hours.\u00a0<a href=\"https:\/\/www.tagakeriet.se\/\" target=\"_blank\" rel=\"noreferrer noopener\">T\u00e5gab<\/a>\u00a0from Gothenburg to Kristinehamn in two and a half hours. Within V\u00e4rmland, you travel with\u00a0<a href=\"https:\/\/www.varmlandstrafik.se\/varmlandstrafik\/res-med-oss\/in-english\" target=\"_blank\" rel=\"noopener\">V\u00e4rmlandstrafik.<\/a>. Book your train ticket online at\u00a0<a href=\"https:\/\/www.sj.se\/en\" target=\"_blank\" rel=\"noreferrer noopener\">SJ.se<\/a>. On board V\u00e4rmlandstrafiken&#8217;s train, you can buy your ticket with a card.<\/p>\n<\/div>\n<\/div>\n\n\n\n<div class=\"wp-block-columns is-layout-flex wp-container-core-columns-is-layout-9d6595d7 wp-block-columns-is-layout-flex\">\n<div class=\"wp-block-column is-layout-flow wp-block-column-is-layout-flow\" style=\"flex-basis:33.33%\">\n<figure class=\"wp-block-image size-large is-resized is-style-default\"><img loading=\"lazy\" decoding=\"async\" width=\"1024\" height=\"1006\" src=\"https:\/\/www.visitvarmland.com\/kristinehamn\/wp-content\/uploads\/sites\/13\/2021\/05\/cycle-1024x1006.png\" alt=\"\" class=\"wp-image-212\" style=\"width:131px;height:128px\" srcset=\"https:\/\/www.visitvarmland.com\/app\/uploads\/sites\/13\/2021\/05\/cycle-1024x1006.png 1024w, https:\/\/www.visitvarmland.com\/app\/uploads\/sites\/13\/2021\/05\/cycle-300x295.png 300w, https:\/\/www.visitvarmland.com\/app\/uploads\/sites\/13\/2021\/05\/cycle-768x754.png 768w, https:\/\/www.visitvarmland.com\/app\/uploads\/sites\/13\/2021\/05\/cycle-1536x1509.png 1536w, https:\/\/www.visitvarmland.com\/app\/uploads\/sites\/13\/2021\/05\/cycle-150x147.png 150w, https:\/\/www.visitvarmland.com\/app\/uploads\/sites\/13\/2021\/05\/cycle-600x589.png 600w, https:\/\/www.visitvarmland.com\/app\/uploads\/sites\/13\/2021\/05\/cycle.png 1735w\" sizes=\"auto, (max-width: 1024px) 100vw, 1024px\" \/><\/figure>\n<\/div>\n\n\n\n<div class=\"wp-block-column is-layout-flow wp-block-column-is-layout-flow\" style=\"flex-basis:66.66%\">\n<h3 class=\"wp-block-heading\">By bike<\/h3>\n\n\n\n<p>Cycling to Kristinehamn is perhaps not the most common way to get here, but more and more people are doing it as part of their holiday. There are several campsites here where you can stay in a cabin or bring a tent. Click\u00a0<a href=\"https:\/\/www.visitvarmland.com\/kristinehamn\/en\/accomodation\">here<\/a>\u00a0to read more about about accommodation in Kristinehamn.<\/p>\n\n\n\n<p>Once you are here, there are good opportunities for great experiences from the bicycle saddle. If you want to cycle on asphalt, there are cycle paths and it is especially nice to cycle along the beach to Picasso or \u00d6stervik&#8217;s chapel. The adventurous can try\u00a0<a href=\"https:\/\/www.kristinehamn.se\/kultur-och-fritid\/motion-lek-och-idrott2\/cykelparker-och-cykelleder\/\" target=\"_blank\" rel=\"noreferrer noopener\">MTB- tracks<\/a>\u00a0at Bj\u00f6rkhallen or the long route\u00a0<a href=\"https:\/\/www.lakevanern.se\/en\/cycling\/\" target=\"_blank\" rel=\"noreferrer noopener\">around V\u00e4nern,<\/a> part of the national cycle path V\u00e4nerleden passes through Kristinehamn. Read more about cycling in Kristinehamn\u00a0<a href=\"https:\/\/www.visitvarmland.com\/kristinehamn\/en\/tips-och-guider\/cyklaikristinehamn\/\">here<\/a>.<\/p>\n<\/div>\n<\/div>\n","protected":false},"excerpt":{"rendered":"<p>By car In Kristinehamn you are almost always close to water and everything seems near. Only 25 km to Stockholm, Gothenburg and Oslo. By car you easily get here via E18 in east-west direction or road 26 in north-south direction. E18 and road 26 cross in Kristinehamn. Where to park? Take a look at&nbsp;Parking Map&nbsp;available [&hellip;]<\/p>\n","protected":false},"author":10,"featured_media":0,"parent":0,"menu_order":0,"comment_status":"closed","ping_status":"closed","template":"","meta":{"_acf_changed":false,"footnotes":""},"class_list":["post-5423","page","type-page","status-publish","hentry"],"acf":[],"lang":"en","translations":{"en":5423,"sv":207},"pll_sync_post":[],"_links":{"self":[{"href":"https:\/\/www.visitvarmland.com\/kristinehamn\/wp-json\/wp\/v2\/pages\/5423","targetHints":{"allow":["GET"]}}],"collection":[{"href":"https:\/\/www.visitvarmland.com\/kristinehamn\/wp-json\/wp\/v2\/pages"}],"about":[{"href":"https:\/\/www.visitvarmland.com\/kristinehamn\/wp-json\/wp\/v2\/types\/page"}],"author":[{"embeddable":true,"href":"https:\/\/www.visitvarmland.com\/kristinehamn\/wp-json\/wp\/v2\/users\/10"}],"replies":[{"embeddable":true,"href":"https:\/\/www.visitvarmland.com\/kristinehamn\/wp-json\/wp\/v2\/comments?post=5423"}],"version-history":[{"count":8,"href":"https:\/\/www.visitvarmland.com\/kristinehamn\/wp-json\/wp\/v2\/pages\/5423\/revisions"}],"predecessor-version":[{"id":5906,"href":"https:\/\/www.visitvarmland.com\/kristinehamn\/wp-json\/wp\/v2\/pages\/5423\/revisions\/5906"}],"wp:attachment":[{"href":"https:\/\/www.visitvarmland.com\/kristinehamn\/wp-json\/wp\/v2\/media?parent=5423"}],"curies":[{"name":"wp","href":"https:\/\/api.w.org\/{rel}","templated":true}]}}